{"id":8464,"date":"2016-09-12T23:19:57","date_gmt":"2016-09-12T21:19:57","guid":{"rendered":"http:\/\/limitgamers.com\/index.php\/mobile-suit-gundam-extreme-vs-force\/analisis\/"},"modified":"2016-09-13T23:52:49","modified_gmt":"2016-09-13T21:52:49","slug":"analisis","status":"publish","type":"page","link":"https:\/\/limitgamers.com\/index.php\/mobile-suit-gundam-extreme-vs-force\/analisis\/","title":{"rendered":"An\u00e1lisis"},"content":{"rendered":"<p>La obra de <strong>Yoshiyuki Tomino<\/strong>, lleva desde 1979, dando \u201cguerra\u201d, primero como serie anime y luego debido a su \u00e9xito ha ido expandi\u00e9ndose al resto del universo posible, pasando por OVAs, mangas, novelas, m\u00fasica o videojuegos entre otros, y hoy, hemos venido a hablar de este \u00faltimo, el \u00faltimo trabajo de<strong> Bandai Namco Games<\/strong>, exclusivo de la port\u00e1til de Sony, PS Vita.<\/p>\n\n<div data-mode=\"normal\" data-provider=\"iframe\" id=\"arve-iframe-httpswwwyoutubecomembed_263mefjleg\" style=\"max-width:560px;\" class=\"arve\">\n\t<div class=\"arve-inner\">\n\t\t<div class=\"arve-embed arve-embed--has-aspect-ratio\">\n\t\t\t<div class=\"arve-ar\" style=\"padding-top:56.250000%\"><\/div>\n\t\t\t<iframe allow=\"accelerometer &apos;none&apos;;autoplay &apos;none&apos;;bluetooth &apos;none&apos;;browsing-topics &apos;none&apos;;camera &apos;none&apos;;clipboard-read &apos;none&apos;;clipboard-write;display-capture &apos;none&apos;;encrypted-media &apos;none&apos;;gamepad &apos;none&apos;;geolocation &apos;none&apos;;gyroscope &apos;none&apos;;hid &apos;none&apos;;identity-credentials-get &apos;none&apos;;idle-detection &apos;none&apos;;keyboard-map &apos;none&apos;;local-fonts;magnetometer &apos;none&apos;;microphone &apos;none&apos;;midi &apos;none&apos;;otp-credentials &apos;none&apos;;payment &apos;none&apos;;picture-in-picture;publickey-credentials-create &apos;none&apos;;publickey-credentials-get &apos;none&apos;;screen-wake-lock &apos;none&apos;;serial &apos;none&apos;;summarizer &apos;none&apos;;sync-xhr;usb &apos;none&apos;;web-share;window-management &apos;none&apos;;xr-spatial-tracking &apos;none&apos;;\" allowfullscreen=\"\" class=\"arve-iframe fitvidsignore\" credentialless data-arve=\"arve-iframe-httpswwwyoutubecomembed_263mefjleg\" data-lenis-prevent=\"\" data-src-no-ap=\"https:\/\/www.youtube.com\/embed\/_263mEFJLEg\" frameborder=\"0\" height=\"315\" loading=\"lazy\" name=\"\" referrerpolicy=\"no-referrer\" sandbox=\"allow-scripts allow-same-origin allow-presentation allow-popups allow-popups-to-escape-sandbox\" scrolling=\"no\" src=\"https:\/\/www.youtube.com\/embed\/_263mEFJLEg\" title=\"\" width=\"560\"><\/iframe>\n\t\t\t\n\t\t<\/div>\n\t\t\n\t<\/div>\n\t\n\t\n\t<script type=\"application\/ld+json\">{\"@context\":\"http:\\\/\\\/schema.org\\\/\",\"@id\":\"https:\\\/\\\/limitgamers.com\\\/index.php\\\/mobile-suit-gundam-extreme-vs-force\\\/analisis\\\/#arve-iframe-httpswwwyoutubecomembed_263mefjleg\",\"type\":\"VideoObject\",\"embedURL\":\"https:\\\/\\\/www.youtube.com\\\/embed\\\/_263mEFJLEg\"}<\/script>\n\t\n<\/div>\n<p>Es de los pocos t\u00edtulos de la franquicia que se edita en nuestras tierras, y est\u00e1 disponible para su descarga en la Store de Sony, la versi\u00f3n f\u00edsica no llegara a territorio europeo, una noticia agridulce para los seguidores de la saga. Aunque si eres muy seguidor de la saga ya sabes d\u00f3nde importarlo a buen precio\u2026.<\/p>\n<p><img loading=\"lazy\" decoding=\"async\" class=\"wp-image-8475 aligncenter\" src=\"http:\/\/limitgamers.com\/wp-content\/uploads\/2016\/09\/5_Gundams_GW-300x212.jpg\" alt=\"5_gundams_gw\" width=\"743\" height=\"524\" srcset=\"https:\/\/limitgamers.com\/wp-content\/uploads\/2016\/09\/5_Gundams_GW-300x212.jpg 300w, https:\/\/limitgamers.com\/wp-content\/uploads\/2016\/09\/5_Gundams_GW-150x106.jpg 150w, https:\/\/limitgamers.com\/wp-content\/uploads\/2016\/09\/5_Gundams_GW-1024x723.jpg 1024w\" sizes=\"auto, (max-width: 743px) 100vw, 743px\" \/><\/p>\n<p>Si no tienes la suerte de conocer la historia de esta franquicia, te resumimos muy brevemente su tem\u00e1tica: La Serie Gundam, muestras el enfrentamiento de humanos de diferentes bandos, donde sus armas de guerra son \u201cmechas\u201d controlados por soldados, con tan b\u00e1sico argumento, se ha construido algunas de las historias m\u00e1s fascinantes del mundo anime del pa\u00eds, no en vano es una de las franquicias m\u00e1s cotizadas del pa\u00eds del sol naciente, es tal su \u00e9xito, que algunos aseguran que el mism\u00edsimo Hideo Kojima, creo a Metal Gear inspir\u00e1ndose en esta franquicia\u2026.<br \/>\nMobile Suit Gundam: Extreme VS. Force, nos sumerge en el recuerdo de las batallas, meti\u00e9ndonos en la piel\u2026. O mejor dicho\u2026 en los circuitos de una CPU, donde recrearemos combates, que, a pesar de la abundancia de di\u00e1logos, se hacen poco relevantes y poco profundos en un argumento, que se hace repetitivo a las pocas horas de juego.<\/p>\n<p><img loading=\"lazy\" decoding=\"async\" class=\" wp-image-8476 alignleft\" src=\"http:\/\/limitgamers.com\/wp-content\/uploads\/2016\/09\/GEVF_SS1_1450704620-300x168.jpg\" alt=\"gevf_ss1_1450704620\" width=\"336\" height=\"188\" srcset=\"https:\/\/limitgamers.com\/wp-content\/uploads\/2016\/09\/GEVF_SS1_1450704620-300x168.jpg 300w, https:\/\/limitgamers.com\/wp-content\/uploads\/2016\/09\/GEVF_SS1_1450704620-150x84.jpg 150w, https:\/\/limitgamers.com\/wp-content\/uploads\/2016\/09\/GEVF_SS1_1450704620-1024x575.jpg 1024w, https:\/\/limitgamers.com\/wp-content\/uploads\/2016\/09\/GEVF_SS1_1450704620.jpg 1080w\" sizes=\"auto, (max-width: 336px) 100vw, 336px\" \/>Sus misiones, enfocado al uso de port\u00e1til, cortas y llenas de acci\u00f3n, se repite constantemente a lo largo del t\u00edtulo, y bas\u00e1ndose en dos tipos de misiones: 2 Vs. 2 y batallas por equipos. En las batallas 2 Vs. 2 todo se limita a nuestros ataques que se basan en un par de tipo de disparo, 4 ataques cuerpo a cuerpo y dos especiales, sus escenarios pecan por lo vac\u00edo que est\u00e1n, restando un componente estrat\u00e9gico en los combates donde uno se limita a moverse con rapidez e intentar alcanzar a nuestro enemigo por un costado o espalda cuando est\u00e1n desprevenidos, y recalco intentar, porque alguna fase, se nos resistir\u00e1 por la dificultad que nos conlleva superarlo , tanto por el nivel del dificultad como por unos controles algo justo, sobre todo en el giro de c\u00e1mara. En los combates por equipos tendremos a nuestra disposici\u00f3n dar \u00f3rdenes a nuestro equipo. En relaci\u00f3n con sus misiones, una vez superadas se nos otorgar\u00e1 medallas, hasta un m\u00e1ximo de tres por nivel, e incitan a volver a superar las misiones cumpliendo todos los objetivos adicionales para alcanzar la m\u00e1xima condecoraci\u00f3n para poder desbloquear m\u00e1s \u00e1reas, y seguir avanzando.<\/p>\n<p>&nbsp;<\/p>\n<p>Sus otros modos aparte del modo historia se limitan en duelos contra la maquina<\/p>\n<p>Gr\u00e1ficamente, no es una maravilla, donde escenarios vac\u00edos y poco detallados, contrastan con los dise\u00f1os de los 40 mobile suits disponibles, y sus diferentes versiones, que desbloquearemos a lo largo de nuestras misiones, de los cuales est\u00e1n sacados de la serie, y est\u00e1n fielmente representados a todo detalle.<img loading=\"lazy\" decoding=\"async\" class=\"wp-image-8474 aligncenter\" src=\"http:\/\/limitgamers.com\/wp-content\/uploads\/2016\/09\/2016-09-11-105049-300x170.jpg\" alt=\"2016-09-11-105049\" width=\"697\" height=\"394\" srcset=\"https:\/\/limitgamers.com\/wp-content\/uploads\/2016\/09\/2016-09-11-105049-300x170.jpg 300w, https:\/\/limitgamers.com\/wp-content\/uploads\/2016\/09\/2016-09-11-105049-150x85.jpg 150w, https:\/\/limitgamers.com\/wp-content\/uploads\/2016\/09\/2016-09-11-105049.jpg 960w\" sizes=\"auto, (max-width: 697px) 100vw, 697px\" \/><\/p>\n<p>&nbsp;<\/p>\n<p>El apartado sonoro, cumple con los efectos propios de la serie y sus voces en japon\u00e9s, aunque dispondremos de subt\u00edtulos y men\u00fas en ingl\u00e9s. La BSO, es excepcional, ya que nos deleitar\u00e1 con algunos de los mejores temas de la franquicia.<\/p>\n<blockquote><p>Conclusi\u00f3n<\/p>\n<p>Un t\u00edtulo donde los seguidores de la saga encontraran una excelente biblioteca de contenido relacionado con la saga, pero su componente Jugable se har\u00e1 repetitivo donde su desarrollo se vale de atacar y avanzar en un modo historia muy plano, y modos de juego secundarios escasos, y falta de un modo online donde poder disfrutar con amigos. Un juego para incondicionales de la saga, donde jugadores ajenos a la saga no podr\u00e1n sacar todo el potencial fan que esconde este t\u00edtulo.<\/p><\/blockquote>\n","protected":false},"excerpt":{"rendered":"<p>La obra de Yoshiyuki Tomino, lleva desde 1979, dando \u201cguerra\u201d, primero como serie anime y luego debido a su \u00e9xito ha ido expandi\u00e9ndose al resto del universo posible, pasando por OVAs, mangas, novelas, m\u00fasica o videojuegos entre otros, y hoy, hemos venido a hablar de este \u00faltimo, el \u00faltimo trabajo de Bandai Namco Games, exclusivo de la port\u00e1til de Sony, PS Vita. Es de los pocos t\u00edtulos de la franquicia que se edita en nuestras tierras, y est\u00e1 disponible para su descarga en la Store de Sony, la versi\u00f3n f\u00edsica no llegara a territorio europeo, una noticia agridulce para los seguidores de la saga. Aunque si eres muy seguidor de la saga ya sabes d\u00f3nde importarlo a buen precio\u2026. Si no tienes la suerte de conocer la historia de esta franquicia, te resumimos muy brevemente su tem\u00e1tica: La Serie Gundam, muestras el enfrentamiento de humanos de diferentes bandos, donde sus armas de guerra son \u201cmechas\u201d controlados por soldados, con tan b\u00e1sico argumento, se ha construido algunas de las historias m\u00e1s fascinantes del mundo anime del pa\u00eds, no en vano es una de las franquicias m\u00e1s cotizadas del pa\u00eds del sol naciente, es tal su \u00e9xito, que algunos aseguran que el mism\u00edsimo Hideo Kojima, creo a Metal Gear inspir\u00e1ndose en esta franquicia\u2026. Mobile Suit Gundam: Extreme VS. Force, nos sumerge en el recuerdo de las batallas, meti\u00e9ndonos en la piel\u2026. O mejor dicho\u2026 en los circuitos de una CPU, donde recrearemos combates, que, a pesar de la abundancia de di\u00e1logos, se hacen poco relevantes y poco profundos en un argumento, que se hace repetitivo a las pocas horas de juego. Sus misiones, enfocado al uso de port\u00e1til, cortas y llenas de acci\u00f3n, se repite constantemente a lo largo del t\u00edtulo, y bas\u00e1ndose en dos tipos de misiones: 2 Vs. 2 y batallas por equipos. En las batallas 2 Vs. 2 todo se limita a nuestros ataques que se basan en un par de tipo de disparo, 4 ataques cuerpo a cuerpo y dos especiales, sus escenarios pecan por lo vac\u00edo que est\u00e1n, restando un componente estrat\u00e9gico en los combates donde uno se limita a moverse con rapidez e intentar alcanzar a nuestro enemigo por un costado o espalda cuando est\u00e1n desprevenidos, y recalco intentar, porque alguna fase, se nos resistir\u00e1 por la dificultad que nos conlleva superarlo , tanto por el nivel del dificultad como por unos controles algo justo, sobre todo en el giro de c\u00e1mara. En los combates por equipos tendremos a nuestra disposici\u00f3n dar \u00f3rdenes a nuestro equipo. En relaci\u00f3n con sus misiones, una vez superadas se nos otorgar\u00e1 medallas, hasta un m\u00e1ximo de tres por nivel, e incitan a volver a superar las misiones cumpliendo todos los objetivos adicionales para alcanzar la m\u00e1xima condecoraci\u00f3n para poder desbloquear m\u00e1s \u00e1reas, y seguir avanzando. &nbsp; Sus otros modos aparte del modo historia se limitan en duelos contra la maquina Gr\u00e1ficamente, no es una maravilla, donde escenarios vac\u00edos y poco detallados, contrastan con los dise\u00f1os de los 40 mobile suits disponibles, y sus diferentes versiones, que desbloquearemos a lo largo de nuestras misiones, de los cuales est\u00e1n sacados de la serie, y est\u00e1n fielmente representados a todo detalle. &nbsp; El apartado sonoro, cumple con los efectos propios de la serie y sus voces en japon\u00e9s, aunque dispondremos de subt\u00edtulos y men\u00fas en ingl\u00e9s. La BSO, es excepcional, ya que nos deleitar\u00e1 con algunos de los mejores temas de la franquicia. Conclusi\u00f3n Un t\u00edtulo donde los seguidores de la saga encontraran una excelente biblioteca de contenido relacionado con la saga, pero su componente Jugable se har\u00e1 repetitivo donde su desarrollo se vale de atacar y avanzar en un modo historia muy plano, y modos de juego secundarios escasos, y falta de un modo online donde poder disfrutar con amigos. Un juego para incondicionales de la saga, donde jugadores ajenos a la saga no podr\u00e1n sacar todo el potencial fan que esconde este t\u00edtulo.<\/p>\n","protected":false},"author":1,"featured_media":8470,"parent":8463,"menu_order":0,"comment_status":"open","ping_status":"closed","template":"review-template.php","meta":{"footnotes":""},"tags":[685,692,254],"gp_hubs":[459,65,51],"fecha-lanzamiento":[],"genero":[],"recomendacion-edad":[],"compania":[],"publicado":[],"class_list":{"0":"post-8464","1":"page","2":"type-page","3":"status-publish","4":"has-post-thumbnail","6":"tag-mobile-suit-gundam-extreme-vs-force","7":"tag-namco-bandai","8":"tag-ps-vita","9":"gp_hubs-analisis","10":"gp_hubs-hub-plataformas","11":"gp_hubs-ps-vita"},"yoast_head":"<!-- This site is optimized with the Yoast SEO plugin v26.8 - https:\/\/yoast.com\/product\/yoast-seo-wordpress\/ -->\n<title>AN\u00c1LISIS : Mobile Suit Gundam Extreme VS-Force para PS VITA<\/title>\n<meta name=\"description\" content=\"An\u00e1lisis de Mobile Suit Gundam Extreme VS-Force para PS Vita, el famoso anime de mechas estrena juego en ps vita, y con lanzamineto en europa por primera ve\" \/>\n<meta name=\"robots\" content=\"index, follow, max-snippet:-1, max-image-preview:large, max-video-preview:-1\" \/>\n<link rel=\"canonical\" href=\"https:\/\/limitgamers.com\/index.php\/mobile-suit-gundam-extreme-vs-force\/analisis\/\" \/>\n<meta property=\"og:locale\" content=\"es_ES\" \/>\n<meta property=\"og:type\" content=\"article\" \/>\n<meta property=\"og:title\" content=\"AN\u00c1LISIS : Mobile Suit Gundam Extreme VS-Force para PS VITA\" \/>\n<meta property=\"og:description\" content=\"An\u00e1lisis de Mobile Suit Gundam Extreme VS-Force para PS Vita, el famoso anime de mechas estrena juego en ps vita, y con lanzamineto en europa por primera ve\" \/>\n<meta property=\"og:url\" content=\"https:\/\/limitgamers.com\/index.php\/mobile-suit-gundam-extreme-vs-force\/analisis\/\" \/>\n<meta property=\"og:site_name\" content=\"LIMIT GAMERS\" \/>\n<meta property=\"article:publisher\" content=\"https:\/\/www.facebook.com\/limitgamers\/\" \/>\n<meta property=\"article:modified_time\" content=\"2016-09-13T21:52:49+00:00\" \/>\n<meta property=\"og:image\" content=\"https:\/\/limitgamers.com\/wp-content\/uploads\/2016\/09\/Mobile-Suit-Gundam-Extreme-VS-Force.jpg\" \/>\n\t<meta property=\"og:image:width\" content=\"1920\" \/>\n\t<meta property=\"og:image:height\" content=\"1080\" \/>\n\t<meta property=\"og:image:type\" content=\"image\/jpeg\" \/>\n<meta name=\"twitter:card\" content=\"summary_large_image\" \/>\n<meta name=\"twitter:site\" content=\"@limit_gamers\" \/>\n<meta name=\"twitter:label1\" content=\"Tiempo de lectura\" \/>\n\t<meta name=\"twitter:data1\" content=\"3 minutos\" \/>\n<script type=\"application\/ld+json\" class=\"yoast-schema-graph\">{\"@context\":\"https:\/\/schema.org\",\"@graph\":[{\"@type\":\"WebPage\",\"@id\":\"https:\/\/limitgamers.com\/index.php\/mobile-suit-gundam-extreme-vs-force\/analisis\/\",\"url\":\"https:\/\/limitgamers.com\/index.php\/mobile-suit-gundam-extreme-vs-force\/analisis\/\",\"name\":\"AN\u00c1LISIS : Mobile Suit Gundam Extreme VS-Force para PS VITA\",\"isPartOf\":{\"@id\":\"https:\/\/limitgamers.com\/#website\"},\"primaryImageOfPage\":{\"@id\":\"https:\/\/limitgamers.com\/index.php\/mobile-suit-gundam-extreme-vs-force\/analisis\/#primaryimage\"},\"image\":{\"@id\":\"https:\/\/limitgamers.com\/index.php\/mobile-suit-gundam-extreme-vs-force\/analisis\/#primaryimage\"},\"thumbnailUrl\":\"https:\/\/limitgamers.com\/wp-content\/uploads\/2016\/09\/Mobile-Suit-Gundam-Extreme-VS-Force.jpg\",\"datePublished\":\"2016-09-12T21:19:57+00:00\",\"dateModified\":\"2016-09-13T21:52:49+00:00\",\"description\":\"An\u00e1lisis de Mobile Suit Gundam Extreme VS-Force para PS Vita, el famoso anime de mechas estrena juego en ps vita, y con lanzamineto en europa por primera ve\",\"breadcrumb\":{\"@id\":\"https:\/\/limitgamers.com\/index.php\/mobile-suit-gundam-extreme-vs-force\/analisis\/#breadcrumb\"},\"inLanguage\":\"es\",\"potentialAction\":[{\"@type\":\"ReadAction\",\"target\":[\"https:\/\/limitgamers.com\/index.php\/mobile-suit-gundam-extreme-vs-force\/analisis\/\"]}]},{\"@type\":\"ImageObject\",\"inLanguage\":\"es\",\"@id\":\"https:\/\/limitgamers.com\/index.php\/mobile-suit-gundam-extreme-vs-force\/analisis\/#primaryimage\",\"url\":\"https:\/\/limitgamers.com\/wp-content\/uploads\/2016\/09\/Mobile-Suit-Gundam-Extreme-VS-Force.jpg\",\"contentUrl\":\"https:\/\/limitgamers.com\/wp-content\/uploads\/2016\/09\/Mobile-Suit-Gundam-Extreme-VS-Force.jpg\",\"width\":1920,\"height\":1080},{\"@type\":\"BreadcrumbList\",\"@id\":\"https:\/\/limitgamers.com\/index.php\/mobile-suit-gundam-extreme-vs-force\/analisis\/#breadcrumb\",\"itemListElement\":[{\"@type\":\"ListItem\",\"position\":1,\"name\":\"Portada\",\"item\":\"https:\/\/limitgamers.com\/\"},{\"@type\":\"ListItem\",\"position\":2,\"name\":\"Mobile Suit Gundam Extreme VS-Force\",\"item\":\"https:\/\/limitgamers.com\/index.php\/mobile-suit-gundam-extreme-vs-force\/\"},{\"@type\":\"ListItem\",\"position\":3,\"name\":\"An\u00e1lisis\"}]},{\"@type\":\"WebSite\",\"@id\":\"https:\/\/limitgamers.com\/#website\",\"url\":\"https:\/\/limitgamers.com\/\",\"name\":\"LIMIT GAMERS\",\"description\":\"Bienvenido Gamers!\",\"publisher\":{\"@id\":\"https:\/\/limitgamers.com\/#organization\"},\"potentialAction\":[{\"@type\":\"SearchAction\",\"target\":{\"@type\":\"EntryPoint\",\"urlTemplate\":\"https:\/\/limitgamers.com\/?s={search_term_string}\"},\"query-input\":{\"@type\":\"PropertyValueSpecification\",\"valueRequired\":true,\"valueName\":\"search_term_string\"}}],\"inLanguage\":\"es\"},{\"@type\":\"Organization\",\"@id\":\"https:\/\/limitgamers.com\/#organization\",\"name\":\"Limit Gamers\",\"url\":\"https:\/\/limitgamers.com\/\",\"logo\":{\"@type\":\"ImageObject\",\"inLanguage\":\"es\",\"@id\":\"https:\/\/limitgamers.com\/#\/schema\/logo\/image\/\",\"url\":\"https:\/\/limitgamers.com\/wp-content\/uploads\/2016\/02\/limitgamers.jpg\",\"contentUrl\":\"https:\/\/limitgamers.com\/wp-content\/uploads\/2016\/02\/limitgamers.jpg\",\"width\":1712,\"height\":145,\"caption\":\"Limit Gamers\"},\"image\":{\"@id\":\"https:\/\/limitgamers.com\/#\/schema\/logo\/image\/\"},\"sameAs\":[\"https:\/\/www.facebook.com\/limitgamers\/\",\"https:\/\/x.com\/limit_gamers\",\"https:\/\/www.instagram.com\/limit_gamers\/\",\"http:\/\/www.youtube.com\/c\/Limitgamers\"]}]}<\/script>\n<!-- \/ Yoast SEO plugin. -->","yoast_head_json":{"title":"AN\u00c1LISIS : Mobile Suit Gundam Extreme VS-Force para PS VITA","description":"An\u00e1lisis de Mobile Suit Gundam Extreme VS-Force para PS Vita, el famoso anime de mechas estrena juego en ps vita, y con lanzamineto en europa por primera ve","robots":{"index":"index","follow":"follow","max-snippet":"max-snippet:-1","max-image-preview":"max-image-preview:large","max-video-preview":"max-video-preview:-1"},"canonical":"https:\/\/limitgamers.com\/index.php\/mobile-suit-gundam-extreme-vs-force\/analisis\/","og_locale":"es_ES","og_type":"article","og_title":"AN\u00c1LISIS : Mobile Suit Gundam Extreme VS-Force para PS VITA","og_description":"An\u00e1lisis de Mobile Suit Gundam Extreme VS-Force para PS Vita, el famoso anime de mechas estrena juego en ps vita, y con lanzamineto en europa por primera ve","og_url":"https:\/\/limitgamers.com\/index.php\/mobile-suit-gundam-extreme-vs-force\/analisis\/","og_site_name":"LIMIT GAMERS","article_publisher":"https:\/\/www.facebook.com\/limitgamers\/","article_modified_time":"2016-09-13T21:52:49+00:00","og_image":[{"width":1920,"height":1080,"url":"https:\/\/limitgamers.com\/wp-content\/uploads\/2016\/09\/Mobile-Suit-Gundam-Extreme-VS-Force.jpg","type":"image\/jpeg"}],"twitter_card":"summary_large_image","twitter_site":"@limit_gamers","twitter_misc":{"Tiempo de lectura":"3 minutos"},"schema":{"@context":"https:\/\/schema.org","@graph":[{"@type":"WebPage","@id":"https:\/\/limitgamers.com\/index.php\/mobile-suit-gundam-extreme-vs-force\/analisis\/","url":"https:\/\/limitgamers.com\/index.php\/mobile-suit-gundam-extreme-vs-force\/analisis\/","name":"AN\u00c1LISIS : Mobile Suit Gundam Extreme VS-Force para PS VITA","isPartOf":{"@id":"https:\/\/limitgamers.com\/#website"},"primaryImageOfPage":{"@id":"https:\/\/limitgamers.com\/index.php\/mobile-suit-gundam-extreme-vs-force\/analisis\/#primaryimage"},"image":{"@id":"https:\/\/limitgamers.com\/index.php\/mobile-suit-gundam-extreme-vs-force\/analisis\/#primaryimage"},"thumbnailUrl":"https:\/\/limitgamers.com\/wp-content\/uploads\/2016\/09\/Mobile-Suit-Gundam-Extreme-VS-Force.jpg","datePublished":"2016-09-12T21:19:57+00:00","dateModified":"2016-09-13T21:52:49+00:00","description":"An\u00e1lisis de Mobile Suit Gundam Extreme VS-Force para PS Vita, el famoso anime de mechas estrena juego en ps vita, y con lanzamineto en europa por primera ve","breadcrumb":{"@id":"https:\/\/limitgamers.com\/index.php\/mobile-suit-gundam-extreme-vs-force\/analisis\/#breadcrumb"},"inLanguage":"es","potentialAction":[{"@type":"ReadAction","target":["https:\/\/limitgamers.com\/index.php\/mobile-suit-gundam-extreme-vs-force\/analisis\/"]}]},{"@type":"ImageObject","inLanguage":"es","@id":"https:\/\/limitgamers.com\/index.php\/mobile-suit-gundam-extreme-vs-force\/analisis\/#primaryimage","url":"https:\/\/limitgamers.com\/wp-content\/uploads\/2016\/09\/Mobile-Suit-Gundam-Extreme-VS-Force.jpg","contentUrl":"https:\/\/limitgamers.com\/wp-content\/uploads\/2016\/09\/Mobile-Suit-Gundam-Extreme-VS-Force.jpg","width":1920,"height":1080},{"@type":"BreadcrumbList","@id":"https:\/\/limitgamers.com\/index.php\/mobile-suit-gundam-extreme-vs-force\/analisis\/#breadcrumb","itemListElement":[{"@type":"ListItem","position":1,"name":"Portada","item":"https:\/\/limitgamers.com\/"},{"@type":"ListItem","position":2,"name":"Mobile Suit Gundam Extreme VS-Force","item":"https:\/\/limitgamers.com\/index.php\/mobile-suit-gundam-extreme-vs-force\/"},{"@type":"ListItem","position":3,"name":"An\u00e1lisis"}]},{"@type":"WebSite","@id":"https:\/\/limitgamers.com\/#website","url":"https:\/\/limitgamers.com\/","name":"LIMIT GAMERS","description":"Bienvenido Gamers!","publisher":{"@id":"https:\/\/limitgamers.com\/#organization"},"potentialAction":[{"@type":"SearchAction","target":{"@type":"EntryPoint","urlTemplate":"https:\/\/limitgamers.com\/?s={search_term_string}"},"query-input":{"@type":"PropertyValueSpecification","valueRequired":true,"valueName":"search_term_string"}}],"inLanguage":"es"},{"@type":"Organization","@id":"https:\/\/limitgamers.com\/#organization","name":"Limit Gamers","url":"https:\/\/limitgamers.com\/","logo":{"@type":"ImageObject","inLanguage":"es","@id":"https:\/\/limitgamers.com\/#\/schema\/logo\/image\/","url":"https:\/\/limitgamers.com\/wp-content\/uploads\/2016\/02\/limitgamers.jpg","contentUrl":"https:\/\/limitgamers.com\/wp-content\/uploads\/2016\/02\/limitgamers.jpg","width":1712,"height":145,"caption":"Limit Gamers"},"image":{"@id":"https:\/\/limitgamers.com\/#\/schema\/logo\/image\/"},"sameAs":["https:\/\/www.facebook.com\/limitgamers\/","https:\/\/x.com\/limit_gamers","https:\/\/www.instagram.com\/limit_gamers\/","http:\/\/www.youtube.com\/c\/Limitgamers"]}]}},"_links":{"self":[{"href":"https:\/\/limitgamers.com\/index.php\/wp-json\/wp\/v2\/pages\/8464","targetHints":{"allow":["GET"]}}],"collection":[{"href":"https:\/\/limitgamers.com\/index.php\/wp-json\/wp\/v2\/pages"}],"about":[{"href":"https:\/\/limitgamers.com\/index.php\/wp-json\/wp\/v2\/types\/page"}],"author":[{"embeddable":true,"href":"https:\/\/limitgamers.com\/index.php\/wp-json\/wp\/v2\/users\/1"}],"replies":[{"embeddable":true,"href":"https:\/\/limitgamers.com\/index.php\/wp-json\/wp\/v2\/comments?post=8464"}],"version-history":[{"count":0,"href":"https:\/\/limitgamers.com\/index.php\/wp-json\/wp\/v2\/pages\/8464\/revisions"}],"up":[{"embeddable":true,"href":"https:\/\/limitgamers.com\/index.php\/wp-json\/wp\/v2\/pages\/8463"}],"wp:featuredmedia":[{"embeddable":true,"href":"https:\/\/limitgamers.com\/index.php\/wp-json\/wp\/v2\/media\/8470"}],"wp:attachment":[{"href":"https:\/\/limitgamers.com\/index.php\/wp-json\/wp\/v2\/media?parent=8464"}],"wp:term":[{"taxonomy":"post_tag","embeddable":true,"href":"https:\/\/limitgamers.com\/index.php\/wp-json\/wp\/v2\/tags?post=8464"},{"taxonomy":"gp_hubs","embeddable":true,"href":"https:\/\/limitgamers.com\/index.php\/wp-json\/wp\/v2\/gp_hubs?post=8464"},{"taxonomy":"fecha-lanzamiento","embeddable":true,"href":"https:\/\/limitgamers.com\/index.php\/wp-json\/wp\/v2\/fecha-lanzamiento?post=8464"},{"taxonomy":"genero","embeddable":true,"href":"https:\/\/limitgamers.com\/index.php\/wp-json\/wp\/v2\/genero?post=8464"},{"taxonomy":"recomendacion-edad","embeddable":true,"href":"https:\/\/limitgamers.com\/index.php\/wp-json\/wp\/v2\/recomendacion-edad?post=8464"},{"taxonomy":"compania","embeddable":true,"href":"https:\/\/limitgamers.com\/index.php\/wp-json\/wp\/v2\/compania?post=8464"},{"taxonomy":"publicado","embeddable":true,"href":"https:\/\/limitgamers.com\/index.php\/wp-json\/wp\/v2\/publicado?post=8464"}],"curies":[{"name":"wp","href":"https:\/\/api.w.org\/{rel}","templated":true}]}}