{"id":8101,"date":"2016-07-31T23:55:26","date_gmt":"2016-07-31T21:55:26","guid":{"rendered":"http:\/\/limitgamers.com\/index.php\/life-is-strange\/analisis\/"},"modified":"2016-08-04T15:24:04","modified_gmt":"2016-08-04T13:24:04","slug":"analisis-life-is-strange","status":"publish","type":"page","link":"https:\/\/limitgamers.com\/index.php\/ficha-life-is-strange\/analisis-life-is-strange\/","title":{"rendered":"An\u00e1lisis"},"content":{"rendered":"<p>&nbsp;<\/p>\n<p>&nbsp;<\/p>\n<h2>Un juego peque\u00f1o con gran coraz\u00f3n<\/h2>\n<p>Dontnod Entertainment es un peque\u00f1o estudio franc\u00e9s, que se dieron a conocer gracias a su \u00faltimo t\u00edtulo Remember Me, un juego que ha cosechado buenas cr\u00edticas. Ahora nos presentan Life is Strange, y cabe destacar que, a pesar de ser una Aventura Gr\u00e1fica, su estilo es tan \u00fanico, que ser\u00eda dif\u00edcil compararlo con otro juego, bebe de muchos otros t\u00edtulos, pero su esquema es tan personal e innovador, que solo por eso se merece la atenci\u00f3n del p\u00fablico, que estamos acostumbrados a ver copias de copias de los juegos entre s\u00ed.<\/p>\n<p>Si ves m\u00e1s arriba la definici\u00f3n de arte, analizas este juego y concuerda todo con su significado, Dontnod Entertainment se ha valido de materia, imagen y sonido, para expresar un sentimiento, que adem\u00e1s lo puedes controlar a tu antojo, haci\u00e9ndolo m\u00e1s tuyo que nunca.<\/p>\n<p>&nbsp;<\/p>\n<div id=\"attachment_8110\" style=\"width: 874px\" class=\"wp-caption aligncenter\"><img loading=\"lazy\" decoding=\"async\" aria-describedby=\"caption-attachment-8110\" class=\"wp-image-8110\" src=\"http:\/\/limitgamers.com\/wp-content\/uploads\/2016\/07\/Life-Is-Strange-24_07_2016-23_00_02-300x169.jpg\" alt=\"Life Is Strange 24_07_2016 23_00_02\" width=\"864\" height=\"487\" srcset=\"https:\/\/limitgamers.com\/wp-content\/uploads\/2016\/07\/Life-Is-Strange-24_07_2016-23_00_02-300x169.jpg 300w, https:\/\/limitgamers.com\/wp-content\/uploads\/2016\/07\/Life-Is-Strange-24_07_2016-23_00_02-150x84.jpg 150w, https:\/\/limitgamers.com\/wp-content\/uploads\/2016\/07\/Life-Is-Strange-24_07_2016-23_00_02-1024x576.jpg 1024w, https:\/\/limitgamers.com\/wp-content\/uploads\/2016\/07\/Life-Is-Strange-24_07_2016-23_00_02.jpg 1797w\" sizes=\"auto, (max-width: 864px) 100vw, 864px\" \/><p id=\"caption-attachment-8110\" class=\"wp-caption-text\">El primer episodio ahora es de descarga gratuita<\/p><\/div>\n<h2>La dura vida de una adolescente<\/h2>\n<p><strong>Maxine Caulfield<\/strong>, reside en el condado ficticio de<strong> Arcadia Bay<\/strong>, donde su pasi\u00f3n por la fotograf\u00eda est\u00e1 por encima de todo, esta pasi\u00f3n en los primeros compases del juego le har\u00e1 vivir una situaci\u00f3n irreal, donde descubrir\u00e1 el poder que tiene ella para poder retroceder en el tiempo y cambiar el trascurso del presente, tan solo cambiando sus decisiones, o simplemente interactuando con el entorno para que se genere una cadena de sucesos.<\/p>\n<p>Max es una adolescente cualquiera con unos ideales t\u00edpicos para su edad, donde goza con una nula o insignificante popularidad en la universidad donde estudia, etiquetada por el resto de sus compa\u00f1eras como retro, con unos gustos musicales muy Indie y un estilo de vida muy discreta, esta descripci\u00f3n no concuerda con ninguna hero\u00edna t\u00edpica de un juego, donde sus miedos, preocupaciones est\u00e1n a la orden del d\u00eda, \u201cdefectos\u201d que le har\u00e1n m\u00e1s fuerte durante la aventura, donde sus decisiones afectaran tanto a corto plazo como a largo plazo, algunos de las decisiones tomadas apenas afectaran al transcurso de la aventura, otros podr\u00e1n cambiar el destino de nuestro protagonista o sus allegados.<\/p>\n<p>En parte nos recuerda a otras aventuras como <strong>The Walking Dead<\/strong> de Telltale Games o <strong>Heavy Rain<\/strong>, una de las obras maestras de Quantic Dream, aunque es tan personal, que al poco tiempo de juego nos olvidaremos de los t\u00edtulos antes mencionados\u2026.<\/p>\n<div id=\"attachment_8112\" style=\"width: 1085px\" class=\"wp-caption aligncenter\"><img loading=\"lazy\" decoding=\"async\" aria-describedby=\"caption-attachment-8112\" class=\"wp-image-8112\" src=\"http:\/\/limitgamers.com\/wp-content\/uploads\/2016\/07\/Life-Is-Strange-27_07_2016-1_06_16-300x159.jpg\" alt=\"Life Is Strange 27_07_2016 1_06_16\" width=\"1075\" height=\"570\" srcset=\"https:\/\/limitgamers.com\/wp-content\/uploads\/2016\/07\/Life-Is-Strange-27_07_2016-1_06_16-300x159.jpg 300w, https:\/\/limitgamers.com\/wp-content\/uploads\/2016\/07\/Life-Is-Strange-27_07_2016-1_06_16-150x79.jpg 150w, https:\/\/limitgamers.com\/wp-content\/uploads\/2016\/07\/Life-Is-Strange-27_07_2016-1_06_16-1024x543.jpg 1024w, https:\/\/limitgamers.com\/wp-content\/uploads\/2016\/07\/Life-Is-Strange-27_07_2016-1_06_16.jpg 1908w\" sizes=\"auto, (max-width: 1075px) 100vw, 1075px\" \/><p id=\"caption-attachment-8112\" class=\"wp-caption-text\">Algunas decisiones podr\u00e1n cambiar el desarrollo de la aventura<\/p><\/div>\n<h2>Una Novela Jugable<\/h2>\n<p>La calidad gr\u00e1fica del juego es justa, aunque es cierto que algunos detalles gr\u00e1ficos que resta credibilidad en un principio al conjunto ha sido dise\u00f1ado de esa manera, para crear esa ambientaci\u00f3n con mezcla Indie, arte contempor\u00e1neo y sencillez, dando a lugar unas escenas m\u00e1s en la l\u00ednea de ilustraciones de una novela que de un videojuego, esto me ha enamorado, como su banda sonora, con sus pop Indie, que le sienta como anillo al dedo para el conjunto. Destacar sobre todo la ambientaci\u00f3n como las habitaciones de los adolescentes, acorde con cada personaje.<\/p>\n<div id=\"attachment_8108\" style=\"width: 778px\" class=\"wp-caption aligncenter\"><img loading=\"lazy\" decoding=\"async\" aria-describedby=\"caption-attachment-8108\" class=\"wp-image-8108\" src=\"http:\/\/limitgamers.com\/wp-content\/uploads\/2016\/07\/Life-Is-Strange-27_07_2016-1_54_55-300x159.jpg\" alt=\"Life Is Strange 27_07_2016 1_54_55\" width=\"768\" height=\"407\" srcset=\"https:\/\/limitgamers.com\/wp-content\/uploads\/2016\/07\/Life-Is-Strange-27_07_2016-1_54_55-300x159.jpg 300w, https:\/\/limitgamers.com\/wp-content\/uploads\/2016\/07\/Life-Is-Strange-27_07_2016-1_54_55-150x79.jpg 150w, https:\/\/limitgamers.com\/wp-content\/uploads\/2016\/07\/Life-Is-Strange-27_07_2016-1_54_55-1024x543.jpg 1024w, https:\/\/limitgamers.com\/wp-content\/uploads\/2016\/07\/Life-Is-Strange-27_07_2016-1_54_55.jpg 1908w\" sizes=\"auto, (max-width: 768px) 100vw, 768px\" \/><p id=\"caption-attachment-8108\" class=\"wp-caption-text\">La ambientaci\u00f3n \u00abuniversitaria\u00bb es excepcional<\/p><\/div>\n<h2>Vallamos por partes<\/h2>\n<p><strong>Life Is Strange<\/strong> se divide en 5 cap\u00edtulos cada uno con una duraci\u00f3n media de 3 horas, y por ahora podr\u00e9is probar el primer cap\u00edtulo de manera totalmente gratis, para que conozc\u00e1is esta aventura, una estupenda iniciativa, que esta cogiendo fuerza en las ultimas aventuras graficas del mercado. El titulo no viene doblado al espa\u00f1ol, aunque goza de unos subt\u00edtulos como manda el protocolo, gran tama\u00f1o, traducido bien y de frases cortas para poder leerlo mejor.<\/p>\n<blockquote>\n<div id=\"attachment_8111\" style=\"width: 676px\" class=\"wp-caption aligncenter\"><img loading=\"lazy\" decoding=\"async\" aria-describedby=\"caption-attachment-8111\" class=\"wp-image-8111\" src=\"http:\/\/limitgamers.com\/wp-content\/uploads\/2016\/07\/Life-Is-Strange-24_07_2016-300x158.jpg\" alt=\"Life Is Strange 24_07_2016\" width=\"666\" height=\"351\" srcset=\"https:\/\/limitgamers.com\/wp-content\/uploads\/2016\/07\/Life-Is-Strange-24_07_2016-300x158.jpg 300w, https:\/\/limitgamers.com\/wp-content\/uploads\/2016\/07\/Life-Is-Strange-24_07_2016-150x79.jpg 150w, https:\/\/limitgamers.com\/wp-content\/uploads\/2016\/07\/Life-Is-Strange-24_07_2016-1024x538.jpg 1024w, https:\/\/limitgamers.com\/wp-content\/uploads\/2016\/07\/Life-Is-Strange-24_07_2016.jpg 1200w\" sizes=\"auto, (max-width: 666px) 100vw, 666px\" \/><p id=\"caption-attachment-8111\" class=\"wp-caption-text\">La amistad jugar\u00e1 un papel importante&#8230;<\/p><\/div>\n<h2>Conclusi\u00f3n.<\/h2>\n<p>Al poco tiempo de empezar de jugar, desearas conocer mejor a la protagonista, donde su estilo Indie tanto en desarrollo como en ambientaci\u00f3n te atrapar\u00e1 en su mundo como si de una novela se tratar\u00e1. Aprovecha la oferta actual de poder jugar a su primer episodio gratis, para conocer una de las grandes sorpresas del a\u00f1o. Un \u201cMust Have\u201d en el sector Indie, una verdadera muestra de arte digital.<\/p><\/blockquote>\n<p>&nbsp;<\/p>\n<p>&nbsp;<\/p>\n<p>&nbsp;<\/p>\n","protected":false},"excerpt":{"rendered":"<p>&nbsp; &nbsp; Un juego peque\u00f1o con gran coraz\u00f3n Dontnod Entertainment es un peque\u00f1o estudio franc\u00e9s, que se dieron a conocer gracias a su \u00faltimo t\u00edtulo Remember Me, un juego que ha cosechado buenas cr\u00edticas. Ahora nos presentan Life is Strange, y cabe destacar que, a pesar de ser una Aventura Gr\u00e1fica, su estilo es tan \u00fanico, que ser\u00eda dif\u00edcil compararlo con otro juego, bebe de muchos otros t\u00edtulos, pero su esquema es tan personal e innovador, que solo por eso se merece la atenci\u00f3n del p\u00fablico, que estamos acostumbrados a ver copias de copias de los juegos entre s\u00ed. Si ves m\u00e1s arriba la definici\u00f3n de arte, analizas este juego y concuerda todo con su significado, Dontnod Entertainment se ha valido de materia, imagen y sonido, para expresar un sentimiento, que adem\u00e1s lo puedes controlar a tu antojo, haci\u00e9ndolo m\u00e1s tuyo que nunca. &nbsp; La dura vida de una adolescente Maxine Caulfield, reside en el condado ficticio de Arcadia Bay, donde su pasi\u00f3n por la fotograf\u00eda est\u00e1 por encima de todo, esta pasi\u00f3n en los primeros compases del juego le har\u00e1 vivir una situaci\u00f3n irreal, donde descubrir\u00e1 el poder que tiene ella para poder retroceder en el tiempo y cambiar el trascurso del presente, tan solo cambiando sus decisiones, o simplemente interactuando con el entorno para que se genere una cadena de sucesos. Max es una adolescente cualquiera con unos ideales t\u00edpicos para su edad, donde goza con una nula o insignificante popularidad en la universidad donde estudia, etiquetada por el resto de sus compa\u00f1eras como retro, con unos gustos musicales muy Indie y un estilo de vida muy discreta, esta descripci\u00f3n no concuerda con ninguna hero\u00edna t\u00edpica de un juego, donde sus miedos, preocupaciones est\u00e1n a la orden del d\u00eda, \u201cdefectos\u201d que le har\u00e1n m\u00e1s fuerte durante la aventura, donde sus decisiones afectaran tanto a corto plazo como a largo plazo, algunos de las decisiones tomadas apenas afectaran al transcurso de la aventura, otros podr\u00e1n cambiar el destino de nuestro protagonista o sus allegados. En parte nos recuerda a otras aventuras como The Walking Dead de Telltale Games o Heavy Rain, una de las obras maestras de Quantic Dream, aunque es tan personal, que al poco tiempo de juego nos olvidaremos de los t\u00edtulos antes mencionados\u2026. Una Novela Jugable La calidad gr\u00e1fica del juego es justa, aunque es cierto que algunos detalles gr\u00e1ficos que resta credibilidad en un principio al conjunto ha sido dise\u00f1ado de esa manera, para crear esa ambientaci\u00f3n con mezcla Indie, arte contempor\u00e1neo y sencillez, dando a lugar unas escenas m\u00e1s en la l\u00ednea de ilustraciones de una novela que de un videojuego, esto me ha enamorado, como su banda sonora, con sus pop Indie, que le sienta como anillo al dedo para el conjunto. Destacar sobre todo la ambientaci\u00f3n como las habitaciones de los adolescentes, acorde con cada personaje. Vallamos por partes Life Is Strange se divide en 5 cap\u00edtulos cada uno con una duraci\u00f3n media de 3 horas, y por ahora podr\u00e9is probar el primer cap\u00edtulo de manera totalmente gratis, para que conozc\u00e1is esta aventura, una estupenda iniciativa, que esta cogiendo fuerza en las ultimas aventuras graficas del mercado. El titulo no viene doblado al espa\u00f1ol, aunque goza de unos subt\u00edtulos como manda el protocolo, gran tama\u00f1o, traducido bien y de frases cortas para poder leerlo mejor. Conclusi\u00f3n. Al poco tiempo de empezar de jugar, desearas conocer mejor a la protagonista, donde su estilo Indie tanto en desarrollo como en ambientaci\u00f3n te atrapar\u00e1 en su mundo como si de una novela se tratar\u00e1. Aprovecha la oferta actual de poder jugar a su primer episodio gratis, para conocer una de las grandes sorpresas del a\u00f1o. Un \u201cMust Have\u201d en el sector Indie, una verdadera muestra de arte digital. &nbsp; &nbsp; &nbsp;<\/p>\n","protected":false},"author":1,"featured_media":8107,"parent":8100,"menu_order":0,"comment_status":"open","ping_status":"closed","template":"review-template.php","meta":{"footnotes":""},"tags":[],"gp_hubs":[459,36,65,38,39,48,49],"fecha-lanzamiento":[],"genero":[],"recomendacion-edad":[],"compania":[],"publicado":[],"class_list":{"0":"post-8101","1":"page","2":"type-page","3":"status-publish","4":"has-post-thumbnail","6":"gp_hubs-analisis","7":"gp_hubs-hub-pc","8":"gp_hubs-hub-plataformas","9":"gp_hubs-hub-ps3","10":"gp_hubs-hub-ps4","11":"gp_hubs-hub-xbox-360","12":"gp_hubs-hub-xbox-one"},"yoast_head":"<!-- This site is optimized with the Yoast SEO plugin v26.8 - https:\/\/yoast.com\/product\/yoast-seo-wordpress\/ -->\n<title>An\u00e1lisis Life is Strange, PC,PS4,PS3,X360,XONE EN LIMIT GAMERS<\/title>\n<meta name=\"description\" content=\"An\u00e1lisis Life is Strange: Al poco tiempo de empezar de jugar, desearas conocer mejor a la protagonista, donde su estilo Indie tanto en desarrollo como e\" \/>\n<meta name=\"robots\" content=\"index, follow, max-snippet:-1, max-image-preview:large, max-video-preview:-1\" \/>\n<link rel=\"canonical\" href=\"https:\/\/limitgamers.com\/index.php\/ficha-life-is-strange\/analisis-life-is-strange\/\" \/>\n<meta property=\"og:locale\" content=\"es_ES\" \/>\n<meta property=\"og:type\" content=\"article\" \/>\n<meta property=\"og:title\" content=\"An\u00e1lisis Life is Strange, PC,PS4,PS3,X360,XONE EN LIMIT GAMERS\" \/>\n<meta property=\"og:description\" content=\"An\u00e1lisis Life is Strange: Al poco tiempo de empezar de jugar, desearas conocer mejor a la protagonista, donde su estilo Indie tanto en desarrollo como e\" \/>\n<meta property=\"og:url\" content=\"https:\/\/limitgamers.com\/index.php\/ficha-life-is-strange\/analisis-life-is-strange\/\" \/>\n<meta property=\"og:site_name\" content=\"LIMIT GAMERS\" \/>\n<meta property=\"article:publisher\" content=\"https:\/\/www.facebook.com\/limitgamers\/\" \/>\n<meta property=\"article:modified_time\" content=\"2016-08-04T13:24:04+00:00\" \/>\n<meta property=\"og:image\" content=\"https:\/\/limitgamers.com\/wp-content\/uploads\/2016\/07\/life-is-strange-listing-thumb-01-us-06feb15.png\" \/>\n\t<meta property=\"og:image:width\" content=\"1600\" \/>\n\t<meta property=\"og:image:height\" content=\"900\" \/>\n\t<meta property=\"og:image:type\" content=\"image\/png\" \/>\n<meta name=\"twitter:card\" content=\"summary_large_image\" \/>\n<meta name=\"twitter:site\" content=\"@limit_gamers\" \/>\n<meta name=\"twitter:label1\" content=\"Tiempo de lectura\" \/>\n\t<meta name=\"twitter:data1\" content=\"4 minutos\" \/>\n<script type=\"application\/ld+json\" class=\"yoast-schema-graph\">{\"@context\":\"https:\/\/schema.org\",\"@graph\":[{\"@type\":\"WebPage\",\"@id\":\"https:\/\/limitgamers.com\/index.php\/ficha-life-is-strange\/analisis-life-is-strange\/\",\"url\":\"https:\/\/limitgamers.com\/index.php\/ficha-life-is-strange\/analisis-life-is-strange\/\",\"name\":\"An\u00e1lisis Life is Strange, PC,PS4,PS3,X360,XONE EN LIMIT GAMERS\",\"isPartOf\":{\"@id\":\"https:\/\/limitgamers.com\/#website\"},\"primaryImageOfPage\":{\"@id\":\"https:\/\/limitgamers.com\/index.php\/ficha-life-is-strange\/analisis-life-is-strange\/#primaryimage\"},\"image\":{\"@id\":\"https:\/\/limitgamers.com\/index.php\/ficha-life-is-strange\/analisis-life-is-strange\/#primaryimage\"},\"thumbnailUrl\":\"https:\/\/limitgamers.com\/wp-content\/uploads\/2016\/07\/life-is-strange-listing-thumb-01-us-06feb15.png\",\"datePublished\":\"2016-07-31T21:55:26+00:00\",\"dateModified\":\"2016-08-04T13:24:04+00:00\",\"description\":\"An\u00e1lisis Life is Strange: Al poco tiempo de empezar de jugar, desearas conocer mejor a la protagonista, donde su estilo Indie tanto en desarrollo como e\",\"breadcrumb\":{\"@id\":\"https:\/\/limitgamers.com\/index.php\/ficha-life-is-strange\/analisis-life-is-strange\/#breadcrumb\"},\"inLanguage\":\"es\",\"potentialAction\":[{\"@type\":\"ReadAction\",\"target\":[\"https:\/\/limitgamers.com\/index.php\/ficha-life-is-strange\/analisis-life-is-strange\/\"]}]},{\"@type\":\"ImageObject\",\"inLanguage\":\"es\",\"@id\":\"https:\/\/limitgamers.com\/index.php\/ficha-life-is-strange\/analisis-life-is-strange\/#primaryimage\",\"url\":\"https:\/\/limitgamers.com\/wp-content\/uploads\/2016\/07\/life-is-strange-listing-thumb-01-us-06feb15.png\",\"contentUrl\":\"https:\/\/limitgamers.com\/wp-content\/uploads\/2016\/07\/life-is-strange-listing-thumb-01-us-06feb15.png\",\"width\":1600,\"height\":900},{\"@type\":\"BreadcrumbList\",\"@id\":\"https:\/\/limitgamers.com\/index.php\/ficha-life-is-strange\/analisis-life-is-strange\/#breadcrumb\",\"itemListElement\":[{\"@type\":\"ListItem\",\"position\":1,\"name\":\"Portada\",\"item\":\"https:\/\/limitgamers.com\/\"},{\"@type\":\"ListItem\",\"position\":2,\"name\":\"Life is Strange\",\"item\":\"https:\/\/limitgamers.com\/index.php\/ficha-life-is-strange\/\"},{\"@type\":\"ListItem\",\"position\":3,\"name\":\"An\u00e1lisis\"}]},{\"@type\":\"WebSite\",\"@id\":\"https:\/\/limitgamers.com\/#website\",\"url\":\"https:\/\/limitgamers.com\/\",\"name\":\"LIMIT GAMERS\",\"description\":\"Bienvenido Gamers!\",\"publisher\":{\"@id\":\"https:\/\/limitgamers.com\/#organization\"},\"potentialAction\":[{\"@type\":\"SearchAction\",\"target\":{\"@type\":\"EntryPoint\",\"urlTemplate\":\"https:\/\/limitgamers.com\/?s={search_term_string}\"},\"query-input\":{\"@type\":\"PropertyValueSpecification\",\"valueRequired\":true,\"valueName\":\"search_term_string\"}}],\"inLanguage\":\"es\"},{\"@type\":\"Organization\",\"@id\":\"https:\/\/limitgamers.com\/#organization\",\"name\":\"Limit Gamers\",\"url\":\"https:\/\/limitgamers.com\/\",\"logo\":{\"@type\":\"ImageObject\",\"inLanguage\":\"es\",\"@id\":\"https:\/\/limitgamers.com\/#\/schema\/logo\/image\/\",\"url\":\"https:\/\/limitgamers.com\/wp-content\/uploads\/2016\/02\/limitgamers.jpg\",\"contentUrl\":\"https:\/\/limitgamers.com\/wp-content\/uploads\/2016\/02\/limitgamers.jpg\",\"width\":1712,\"height\":145,\"caption\":\"Limit Gamers\"},\"image\":{\"@id\":\"https:\/\/limitgamers.com\/#\/schema\/logo\/image\/\"},\"sameAs\":[\"https:\/\/www.facebook.com\/limitgamers\/\",\"https:\/\/x.com\/limit_gamers\",\"https:\/\/www.instagram.com\/limit_gamers\/\",\"http:\/\/www.youtube.com\/c\/Limitgamers\"]}]}<\/script>\n<!-- \/ Yoast SEO plugin. -->","yoast_head_json":{"title":"An\u00e1lisis Life is Strange, PC,PS4,PS3,X360,XONE EN LIMIT GAMERS","description":"An\u00e1lisis Life is Strange: Al poco tiempo de empezar de jugar, desearas conocer mejor a la protagonista, donde su estilo Indie tanto en desarrollo como e","robots":{"index":"index","follow":"follow","max-snippet":"max-snippet:-1","max-image-preview":"max-image-preview:large","max-video-preview":"max-video-preview:-1"},"canonical":"https:\/\/limitgamers.com\/index.php\/ficha-life-is-strange\/analisis-life-is-strange\/","og_locale":"es_ES","og_type":"article","og_title":"An\u00e1lisis Life is Strange, PC,PS4,PS3,X360,XONE EN LIMIT GAMERS","og_description":"An\u00e1lisis Life is Strange: Al poco tiempo de empezar de jugar, desearas conocer mejor a la protagonista, donde su estilo Indie tanto en desarrollo como e","og_url":"https:\/\/limitgamers.com\/index.php\/ficha-life-is-strange\/analisis-life-is-strange\/","og_site_name":"LIMIT GAMERS","article_publisher":"https:\/\/www.facebook.com\/limitgamers\/","article_modified_time":"2016-08-04T13:24:04+00:00","og_image":[{"width":1600,"height":900,"url":"https:\/\/limitgamers.com\/wp-content\/uploads\/2016\/07\/life-is-strange-listing-thumb-01-us-06feb15.png","type":"image\/png"}],"twitter_card":"summary_large_image","twitter_site":"@limit_gamers","twitter_misc":{"Tiempo de lectura":"4 minutos"},"schema":{"@context":"https:\/\/schema.org","@graph":[{"@type":"WebPage","@id":"https:\/\/limitgamers.com\/index.php\/ficha-life-is-strange\/analisis-life-is-strange\/","url":"https:\/\/limitgamers.com\/index.php\/ficha-life-is-strange\/analisis-life-is-strange\/","name":"An\u00e1lisis Life is Strange, PC,PS4,PS3,X360,XONE EN LIMIT GAMERS","isPartOf":{"@id":"https:\/\/limitgamers.com\/#website"},"primaryImageOfPage":{"@id":"https:\/\/limitgamers.com\/index.php\/ficha-life-is-strange\/analisis-life-is-strange\/#primaryimage"},"image":{"@id":"https:\/\/limitgamers.com\/index.php\/ficha-life-is-strange\/analisis-life-is-strange\/#primaryimage"},"thumbnailUrl":"https:\/\/limitgamers.com\/wp-content\/uploads\/2016\/07\/life-is-strange-listing-thumb-01-us-06feb15.png","datePublished":"2016-07-31T21:55:26+00:00","dateModified":"2016-08-04T13:24:04+00:00","description":"An\u00e1lisis Life is Strange: Al poco tiempo de empezar de jugar, desearas conocer mejor a la protagonista, donde su estilo Indie tanto en desarrollo como e","breadcrumb":{"@id":"https:\/\/limitgamers.com\/index.php\/ficha-life-is-strange\/analisis-life-is-strange\/#breadcrumb"},"inLanguage":"es","potentialAction":[{"@type":"ReadAction","target":["https:\/\/limitgamers.com\/index.php\/ficha-life-is-strange\/analisis-life-is-strange\/"]}]},{"@type":"ImageObject","inLanguage":"es","@id":"https:\/\/limitgamers.com\/index.php\/ficha-life-is-strange\/analisis-life-is-strange\/#primaryimage","url":"https:\/\/limitgamers.com\/wp-content\/uploads\/2016\/07\/life-is-strange-listing-thumb-01-us-06feb15.png","contentUrl":"https:\/\/limitgamers.com\/wp-content\/uploads\/2016\/07\/life-is-strange-listing-thumb-01-us-06feb15.png","width":1600,"height":900},{"@type":"BreadcrumbList","@id":"https:\/\/limitgamers.com\/index.php\/ficha-life-is-strange\/analisis-life-is-strange\/#breadcrumb","itemListElement":[{"@type":"ListItem","position":1,"name":"Portada","item":"https:\/\/limitgamers.com\/"},{"@type":"ListItem","position":2,"name":"Life is Strange","item":"https:\/\/limitgamers.com\/index.php\/ficha-life-is-strange\/"},{"@type":"ListItem","position":3,"name":"An\u00e1lisis"}]},{"@type":"WebSite","@id":"https:\/\/limitgamers.com\/#website","url":"https:\/\/limitgamers.com\/","name":"LIMIT GAMERS","description":"Bienvenido Gamers!","publisher":{"@id":"https:\/\/limitgamers.com\/#organization"},"potentialAction":[{"@type":"SearchAction","target":{"@type":"EntryPoint","urlTemplate":"https:\/\/limitgamers.com\/?s={search_term_string}"},"query-input":{"@type":"PropertyValueSpecification","valueRequired":true,"valueName":"search_term_string"}}],"inLanguage":"es"},{"@type":"Organization","@id":"https:\/\/limitgamers.com\/#organization","name":"Limit Gamers","url":"https:\/\/limitgamers.com\/","logo":{"@type":"ImageObject","inLanguage":"es","@id":"https:\/\/limitgamers.com\/#\/schema\/logo\/image\/","url":"https:\/\/limitgamers.com\/wp-content\/uploads\/2016\/02\/limitgamers.jpg","contentUrl":"https:\/\/limitgamers.com\/wp-content\/uploads\/2016\/02\/limitgamers.jpg","width":1712,"height":145,"caption":"Limit Gamers"},"image":{"@id":"https:\/\/limitgamers.com\/#\/schema\/logo\/image\/"},"sameAs":["https:\/\/www.facebook.com\/limitgamers\/","https:\/\/x.com\/limit_gamers","https:\/\/www.instagram.com\/limit_gamers\/","http:\/\/www.youtube.com\/c\/Limitgamers"]}]}},"_links":{"self":[{"href":"https:\/\/limitgamers.com\/index.php\/wp-json\/wp\/v2\/pages\/8101","targetHints":{"allow":["GET"]}}],"collection":[{"href":"https:\/\/limitgamers.com\/index.php\/wp-json\/wp\/v2\/pages"}],"about":[{"href":"https:\/\/limitgamers.com\/index.php\/wp-json\/wp\/v2\/types\/page"}],"author":[{"embeddable":true,"href":"https:\/\/limitgamers.com\/index.php\/wp-json\/wp\/v2\/users\/1"}],"replies":[{"embeddable":true,"href":"https:\/\/limitgamers.com\/index.php\/wp-json\/wp\/v2\/comments?post=8101"}],"version-history":[{"count":0,"href":"https:\/\/limitgamers.com\/index.php\/wp-json\/wp\/v2\/pages\/8101\/revisions"}],"up":[{"embeddable":true,"href":"https:\/\/limitgamers.com\/index.php\/wp-json\/wp\/v2\/pages\/8100"}],"wp:featuredmedia":[{"embeddable":true,"href":"https:\/\/limitgamers.com\/index.php\/wp-json\/wp\/v2\/media\/8107"}],"wp:attachment":[{"href":"https:\/\/limitgamers.com\/index.php\/wp-json\/wp\/v2\/media?parent=8101"}],"wp:term":[{"taxonomy":"post_tag","embeddable":true,"href":"https:\/\/limitgamers.com\/index.php\/wp-json\/wp\/v2\/tags?post=8101"},{"taxonomy":"gp_hubs","embeddable":true,"href":"https:\/\/limitgamers.com\/index.php\/wp-json\/wp\/v2\/gp_hubs?post=8101"},{"taxonomy":"fecha-lanzamiento","embeddable":true,"href":"https:\/\/limitgamers.com\/index.php\/wp-json\/wp\/v2\/fecha-lanzamiento?post=8101"},{"taxonomy":"genero","embeddable":true,"href":"https:\/\/limitgamers.com\/index.php\/wp-json\/wp\/v2\/genero?post=8101"},{"taxonomy":"recomendacion-edad","embeddable":true,"href":"https:\/\/limitgamers.com\/index.php\/wp-json\/wp\/v2\/recomendacion-edad?post=8101"},{"taxonomy":"compania","embeddable":true,"href":"https:\/\/limitgamers.com\/index.php\/wp-json\/wp\/v2\/compania?post=8101"},{"taxonomy":"publicado","embeddable":true,"href":"https:\/\/limitgamers.com\/index.php\/wp-json\/wp\/v2\/publicado?post=8101"}],"curies":[{"name":"wp","href":"https:\/\/api.w.org\/{rel}","templated":true}]}}