{"id":5348,"date":"2016-03-27T16:05:17","date_gmt":"2016-03-27T14:05:17","guid":{"rendered":"http:\/\/limitgamers.com\/?page_id=5348"},"modified":"2016-03-31T15:34:25","modified_gmt":"2016-03-31T13:34:25","slug":"la-produccion-grand-theft-auto-6-podria-haber-comenzado","status":"publish","type":"page","link":"https:\/\/limitgamers.com\/index.php\/la-produccion-grand-theft-auto-6-podria-haber-comenzado\/","title":{"rendered":"La producci\u00f3n de Grand Theft Auto 6, podr\u00eda haber comenzado"},"content":{"rendered":"<h1><em>La producci\u00f3n de Grand Theft Auto 6, podr\u00eda haber comenzado<\/em><\/h1>\n<p>&nbsp;<\/p>\n<p>Seg\u00fan hemos podido ver en <a href=\"http:\/\/www.techradar.com\/news\/gaming\/rockstar-came-close-to-making-grand-theft-auto-tokyo-1317622\">TechRadar<\/a>, una fuente cercana a ellos ha se\u00f1alado que la producion del nuevo titulo de Rockstar podr\u00eda haber comenzado, la localizaci\u00f3n del juego no estar\u00eda aun confirmada, pero esta misma fuente a\u00f1ade que varios responsables del juego han viajado anteriormente a Tokio (Jap\u00f3n) para poder observar la ciudad; si mal no recuerdo hace unos cuantos a\u00f1os Rockstar hab\u00eda registrado los t\u00edtulos; GTA: Tokio y GTA: Bogot\u00e1, incluso se hablo hace tiempo en ambientarlo en Londres, y este ultimo no seria muy descabellado ya que ya existe un titulo de la franquicia inspirado en la ciudad londinense.<\/p>\n<p><a href=\"http:\/\/limitgamers.com\/wp-content\/uploads\/2016\/03\/203041-gta_london_del_psx.jpg\" data-rel=\"prettyPhoto\" rel=\"attachment wp-att-5351\"><img loading=\"lazy\" decoding=\"async\" class=\" wp-image-5351 aligncenter\" src=\"http:\/\/limitgamers.com\/wp-content\/uploads\/2016\/03\/203041-gta_london_del_psx-300x295.jpg\" alt=\"203041-gta_london_del_psx\" width=\"415\" height=\"408\" srcset=\"https:\/\/limitgamers.com\/wp-content\/uploads\/2016\/03\/203041-gta_london_del_psx-300x295.jpg 300w, https:\/\/limitgamers.com\/wp-content\/uploads\/2016\/03\/203041-gta_london_del_psx-768x756.jpg 768w, https:\/\/limitgamers.com\/wp-content\/uploads\/2016\/03\/203041-gta_london_del_psx-1024x1008.jpg 1024w, https:\/\/limitgamers.com\/wp-content\/uploads\/2016\/03\/203041-gta_london_del_psx.jpg 1450w\" sizes=\"auto, (max-width: 415px) 100vw, 415px\" \/><\/a><\/p>\n<p>Es muy temprano para ya hacer ilusiones, y\u00a0la compa\u00f1\u00eda no se ha pronunciado al respecto, ademas creo que aunque el juego empezara su producci\u00f3n, no descarto que se lance DLC\u00b4s para el GTA 5 dado sus excelentes ventas, mas de 55 millones de copias vendidas sumando todos los formatos en las que se ha publicado.<\/p>\n<p>Si es cierto que se ha iniciado su producci\u00f3n no contar\u00eda con el hasta m\u00ednimo 2018, siendo mas que optimistas&#8230;<\/p>\n","protected":false},"excerpt":{"rendered":"<p>La producci\u00f3n de Grand Theft Auto 6, podr\u00eda haber comenzado &nbsp; Seg\u00fan hemos podido ver en TechRadar, una fuente cercana a ellos ha se\u00f1alado que la producion del nuevo titulo de Rockstar podr\u00eda haber comenzado, la localizaci\u00f3n del juego no estar\u00eda aun confirmada, pero esta misma fuente a\u00f1ade que varios responsables del juego han viajado anteriormente a Tokio (Jap\u00f3n) para poder observar la ciudad; si mal no recuerdo hace unos cuantos a\u00f1os Rockstar hab\u00eda registrado los t\u00edtulos; GTA: Tokio y GTA: Bogot\u00e1, incluso se hablo hace tiempo en ambientarlo en Londres, y este ultimo no seria muy descabellado ya que ya existe un titulo de la franquicia inspirado en la ciudad londinense. Es muy temprano para ya hacer ilusiones, y\u00a0la compa\u00f1\u00eda no se ha pronunciado al respecto, ademas creo que aunque el juego empezara su producci\u00f3n, no descarto que se lance DLC\u00b4s para el GTA 5 dado sus excelentes ventas, mas de 55 millones de copias vendidas sumando todos los formatos en las que se ha publicado. Si es cierto que se ha iniciado su producci\u00f3n no contar\u00eda con el hasta m\u00ednimo 2018, siendo mas que optimistas&#8230;<\/p>\n","protected":false},"author":1,"featured_media":5352,"parent":0,"menu_order":0,"comment_status":"open","ping_status":"closed","template":"news-template.php","meta":{"footnotes":""},"tags":[],"gp_hubs":[],"fecha-lanzamiento":[],"genero":[],"recomendacion-edad":[],"compania":[],"publicado":[],"class_list":["post-5348","page","type-page","status-publish","has-post-thumbnail"],"yoast_head":"<!-- This site is optimized with the Yoast SEO plugin v26.8 - https:\/\/yoast.com\/product\/yoast-seo-wordpress\/ -->\n<title>La producci\u00f3n de Grand Theft Auto 6, podr\u00eda haber comenzado &#8211; LIMIT GAMERS<\/title>\n<meta name=\"robots\" content=\"index, follow, max-snippet:-1, max-image-preview:large, max-video-preview:-1\" \/>\n<link rel=\"canonical\" href=\"https:\/\/limitgamers.com\/index.php\/la-produccion-grand-theft-auto-6-podria-haber-comenzado\/\" \/>\n<meta property=\"og:locale\" content=\"es_ES\" \/>\n<meta property=\"og:type\" content=\"article\" \/>\n<meta property=\"og:title\" content=\"La producci\u00f3n de Grand Theft Auto 6, podr\u00eda haber comenzado &#8211; LIMIT GAMERS\" \/>\n<meta property=\"og:description\" content=\"La producci\u00f3n de Grand Theft Auto 6, podr\u00eda haber comenzado &nbsp; Seg\u00fan hemos podido ver en TechRadar, una fuente cercana a ellos ha se\u00f1alado que la producion del nuevo titulo de Rockstar podr\u00eda haber comenzado, la localizaci\u00f3n del juego no estar\u00eda aun confirmada, pero esta misma fuente a\u00f1ade que varios responsables del juego han viajado anteriormente a Tokio (Jap\u00f3n) para poder observar la ciudad; si mal no recuerdo hace unos cuantos a\u00f1os Rockstar hab\u00eda registrado los t\u00edtulos; GTA: Tokio y GTA: Bogot\u00e1, incluso se hablo hace tiempo en ambientarlo en Londres, y este ultimo no seria muy descabellado ya que ya existe un titulo de la franquicia inspirado en la ciudad londinense. Es muy temprano para ya hacer ilusiones, y\u00a0la compa\u00f1\u00eda no se ha pronunciado al respecto, ademas creo que aunque el juego empezara su producci\u00f3n, no descarto que se lance DLC\u00b4s para el GTA 5 dado sus excelentes ventas, mas de 55 millones de copias vendidas sumando todos los formatos en las que se ha publicado. Si es cierto que se ha iniciado su producci\u00f3n no contar\u00eda con el hasta m\u00ednimo 2018, siendo mas que optimistas&#8230;\" \/>\n<meta property=\"og:url\" content=\"https:\/\/limitgamers.com\/index.php\/la-produccion-grand-theft-auto-6-podria-haber-comenzado\/\" \/>\n<meta property=\"og:site_name\" content=\"LIMIT GAMERS\" \/>\n<meta property=\"article:publisher\" content=\"https:\/\/www.facebook.com\/limitgamers\/\" \/>\n<meta property=\"article:modified_time\" content=\"2016-03-31T13:34:25+00:00\" \/>\n<meta property=\"og:image\" content=\"https:\/\/limitgamers.com\/wp-content\/uploads\/2016\/03\/GTAVI.png\" \/>\n\t<meta property=\"og:image:width\" content=\"750\" \/>\n\t<meta property=\"og:image:height\" content=\"580\" \/>\n\t<meta property=\"og:image:type\" content=\"image\/png\" \/>\n<meta name=\"twitter:card\" content=\"summary_large_image\" \/>\n<meta name=\"twitter:site\" content=\"@limit_gamers\" \/>\n<meta name=\"twitter:label1\" content=\"Tiempo de lectura\" \/>\n\t<meta name=\"twitter:data1\" content=\"1 minuto\" \/>\n<script type=\"application\/ld+json\" class=\"yoast-schema-graph\">{\"@context\":\"https:\/\/schema.org\",\"@graph\":[{\"@type\":\"WebPage\",\"@id\":\"https:\/\/limitgamers.com\/index.php\/la-produccion-grand-theft-auto-6-podria-haber-comenzado\/\",\"url\":\"https:\/\/limitgamers.com\/index.php\/la-produccion-grand-theft-auto-6-podria-haber-comenzado\/\",\"name\":\"La producci\u00f3n de Grand Theft Auto 6, podr\u00eda haber comenzado &#8211; LIMIT GAMERS\",\"isPartOf\":{\"@id\":\"https:\/\/limitgamers.com\/#website\"},\"primaryImageOfPage\":{\"@id\":\"https:\/\/limitgamers.com\/index.php\/la-produccion-grand-theft-auto-6-podria-haber-comenzado\/#primaryimage\"},\"image\":{\"@id\":\"https:\/\/limitgamers.com\/index.php\/la-produccion-grand-theft-auto-6-podria-haber-comenzado\/#primaryimage\"},\"thumbnailUrl\":\"https:\/\/limitgamers.com\/wp-content\/uploads\/2016\/03\/GTAVI.png\",\"datePublished\":\"2016-03-27T14:05:17+00:00\",\"dateModified\":\"2016-03-31T13:34:25+00:00\",\"breadcrumb\":{\"@id\":\"https:\/\/limitgamers.com\/index.php\/la-produccion-grand-theft-auto-6-podria-haber-comenzado\/#breadcrumb\"},\"inLanguage\":\"es\",\"potentialAction\":[{\"@type\":\"ReadAction\",\"target\":[\"https:\/\/limitgamers.com\/index.php\/la-produccion-grand-theft-auto-6-podria-haber-comenzado\/\"]}]},{\"@type\":\"ImageObject\",\"inLanguage\":\"es\",\"@id\":\"https:\/\/limitgamers.com\/index.php\/la-produccion-grand-theft-auto-6-podria-haber-comenzado\/#primaryimage\",\"url\":\"https:\/\/limitgamers.com\/wp-content\/uploads\/2016\/03\/GTAVI.png\",\"contentUrl\":\"https:\/\/limitgamers.com\/wp-content\/uploads\/2016\/03\/GTAVI.png\",\"width\":750,\"height\":580},{\"@type\":\"BreadcrumbList\",\"@id\":\"https:\/\/limitgamers.com\/index.php\/la-produccion-grand-theft-auto-6-podria-haber-comenzado\/#breadcrumb\",\"itemListElement\":[{\"@type\":\"ListItem\",\"position\":1,\"name\":\"Portada\",\"item\":\"https:\/\/limitgamers.com\/\"},{\"@type\":\"ListItem\",\"position\":2,\"name\":\"La producci\u00f3n de Grand Theft Auto 6, podr\u00eda haber comenzado\"}]},{\"@type\":\"WebSite\",\"@id\":\"https:\/\/limitgamers.com\/#website\",\"url\":\"https:\/\/limitgamers.com\/\",\"name\":\"LIMIT GAMERS\",\"description\":\"Bienvenido Gamers!\",\"publisher\":{\"@id\":\"https:\/\/limitgamers.com\/#organization\"},\"potentialAction\":[{\"@type\":\"SearchAction\",\"target\":{\"@type\":\"EntryPoint\",\"urlTemplate\":\"https:\/\/limitgamers.com\/?s={search_term_string}\"},\"query-input\":{\"@type\":\"PropertyValueSpecification\",\"valueRequired\":true,\"valueName\":\"search_term_string\"}}],\"inLanguage\":\"es\"},{\"@type\":\"Organization\",\"@id\":\"https:\/\/limitgamers.com\/#organization\",\"name\":\"Limit Gamers\",\"url\":\"https:\/\/limitgamers.com\/\",\"logo\":{\"@type\":\"ImageObject\",\"inLanguage\":\"es\",\"@id\":\"https:\/\/limitgamers.com\/#\/schema\/logo\/image\/\",\"url\":\"https:\/\/limitgamers.com\/wp-content\/uploads\/2016\/02\/limitgamers.jpg\",\"contentUrl\":\"https:\/\/limitgamers.com\/wp-content\/uploads\/2016\/02\/limitgamers.jpg\",\"width\":1712,\"height\":145,\"caption\":\"Limit Gamers\"},\"image\":{\"@id\":\"https:\/\/limitgamers.com\/#\/schema\/logo\/image\/\"},\"sameAs\":[\"https:\/\/www.facebook.com\/limitgamers\/\",\"https:\/\/x.com\/limit_gamers\",\"https:\/\/www.instagram.com\/limit_gamers\/\",\"http:\/\/www.youtube.com\/c\/Limitgamers\"]}]}<\/script>\n<!-- \/ Yoast SEO plugin. -->","yoast_head_json":{"title":"La producci\u00f3n de Grand Theft Auto 6, podr\u00eda haber comenzado &#8211; LIMIT GAMERS","robots":{"index":"index","follow":"follow","max-snippet":"max-snippet:-1","max-image-preview":"max-image-preview:large","max-video-preview":"max-video-preview:-1"},"canonical":"https:\/\/limitgamers.com\/index.php\/la-produccion-grand-theft-auto-6-podria-haber-comenzado\/","og_locale":"es_ES","og_type":"article","og_title":"La producci\u00f3n de Grand Theft Auto 6, podr\u00eda haber comenzado &#8211; LIMIT GAMERS","og_description":"La producci\u00f3n de Grand Theft Auto 6, podr\u00eda haber comenzado &nbsp; Seg\u00fan hemos podido ver en TechRadar, una fuente cercana a ellos ha se\u00f1alado que la producion del nuevo titulo de Rockstar podr\u00eda haber comenzado, la localizaci\u00f3n del juego no estar\u00eda aun confirmada, pero esta misma fuente a\u00f1ade que varios responsables del juego han viajado anteriormente a Tokio (Jap\u00f3n) para poder observar la ciudad; si mal no recuerdo hace unos cuantos a\u00f1os Rockstar hab\u00eda registrado los t\u00edtulos; GTA: Tokio y GTA: Bogot\u00e1, incluso se hablo hace tiempo en ambientarlo en Londres, y este ultimo no seria muy descabellado ya que ya existe un titulo de la franquicia inspirado en la ciudad londinense. Es muy temprano para ya hacer ilusiones, y\u00a0la compa\u00f1\u00eda no se ha pronunciado al respecto, ademas creo que aunque el juego empezara su producci\u00f3n, no descarto que se lance DLC\u00b4s para el GTA 5 dado sus excelentes ventas, mas de 55 millones de copias vendidas sumando todos los formatos en las que se ha publicado. Si es cierto que se ha iniciado su producci\u00f3n no contar\u00eda con el hasta m\u00ednimo 2018, siendo mas que optimistas&#8230;","og_url":"https:\/\/limitgamers.com\/index.php\/la-produccion-grand-theft-auto-6-podria-haber-comenzado\/","og_site_name":"LIMIT GAMERS","article_publisher":"https:\/\/www.facebook.com\/limitgamers\/","article_modified_time":"2016-03-31T13:34:25+00:00","og_image":[{"width":750,"height":580,"url":"https:\/\/limitgamers.com\/wp-content\/uploads\/2016\/03\/GTAVI.png","type":"image\/png"}],"twitter_card":"summary_large_image","twitter_site":"@limit_gamers","twitter_misc":{"Tiempo de lectura":"1 minuto"},"schema":{"@context":"https:\/\/schema.org","@graph":[{"@type":"WebPage","@id":"https:\/\/limitgamers.com\/index.php\/la-produccion-grand-theft-auto-6-podria-haber-comenzado\/","url":"https:\/\/limitgamers.com\/index.php\/la-produccion-grand-theft-auto-6-podria-haber-comenzado\/","name":"La producci\u00f3n de Grand Theft Auto 6, podr\u00eda haber comenzado &#8211; LIMIT GAMERS","isPartOf":{"@id":"https:\/\/limitgamers.com\/#website"},"primaryImageOfPage":{"@id":"https:\/\/limitgamers.com\/index.php\/la-produccion-grand-theft-auto-6-podria-haber-comenzado\/#primaryimage"},"image":{"@id":"https:\/\/limitgamers.com\/index.php\/la-produccion-grand-theft-auto-6-podria-haber-comenzado\/#primaryimage"},"thumbnailUrl":"https:\/\/limitgamers.com\/wp-content\/uploads\/2016\/03\/GTAVI.png","datePublished":"2016-03-27T14:05:17+00:00","dateModified":"2016-03-31T13:34:25+00:00","breadcrumb":{"@id":"https:\/\/limitgamers.com\/index.php\/la-produccion-grand-theft-auto-6-podria-haber-comenzado\/#breadcrumb"},"inLanguage":"es","potentialAction":[{"@type":"ReadAction","target":["https:\/\/limitgamers.com\/index.php\/la-produccion-grand-theft-auto-6-podria-haber-comenzado\/"]}]},{"@type":"ImageObject","inLanguage":"es","@id":"https:\/\/limitgamers.com\/index.php\/la-produccion-grand-theft-auto-6-podria-haber-comenzado\/#primaryimage","url":"https:\/\/limitgamers.com\/wp-content\/uploads\/2016\/03\/GTAVI.png","contentUrl":"https:\/\/limitgamers.com\/wp-content\/uploads\/2016\/03\/GTAVI.png","width":750,"height":580},{"@type":"BreadcrumbList","@id":"https:\/\/limitgamers.com\/index.php\/la-produccion-grand-theft-auto-6-podria-haber-comenzado\/#breadcrumb","itemListElement":[{"@type":"ListItem","position":1,"name":"Portada","item":"https:\/\/limitgamers.com\/"},{"@type":"ListItem","position":2,"name":"La producci\u00f3n de Grand Theft Auto 6, podr\u00eda haber comenzado"}]},{"@type":"WebSite","@id":"https:\/\/limitgamers.com\/#website","url":"https:\/\/limitgamers.com\/","name":"LIMIT GAMERS","description":"Bienvenido Gamers!","publisher":{"@id":"https:\/\/limitgamers.com\/#organization"},"potentialAction":[{"@type":"SearchAction","target":{"@type":"EntryPoint","urlTemplate":"https:\/\/limitgamers.com\/?s={search_term_string}"},"query-input":{"@type":"PropertyValueSpecification","valueRequired":true,"valueName":"search_term_string"}}],"inLanguage":"es"},{"@type":"Organization","@id":"https:\/\/limitgamers.com\/#organization","name":"Limit Gamers","url":"https:\/\/limitgamers.com\/","logo":{"@type":"ImageObject","inLanguage":"es","@id":"https:\/\/limitgamers.com\/#\/schema\/logo\/image\/","url":"https:\/\/limitgamers.com\/wp-content\/uploads\/2016\/02\/limitgamers.jpg","contentUrl":"https:\/\/limitgamers.com\/wp-content\/uploads\/2016\/02\/limitgamers.jpg","width":1712,"height":145,"caption":"Limit Gamers"},"image":{"@id":"https:\/\/limitgamers.com\/#\/schema\/logo\/image\/"},"sameAs":["https:\/\/www.facebook.com\/limitgamers\/","https:\/\/x.com\/limit_gamers","https:\/\/www.instagram.com\/limit_gamers\/","http:\/\/www.youtube.com\/c\/Limitgamers"]}]}},"_links":{"self":[{"href":"https:\/\/limitgamers.com\/index.php\/wp-json\/wp\/v2\/pages\/5348","targetHints":{"allow":["GET"]}}],"collection":[{"href":"https:\/\/limitgamers.com\/index.php\/wp-json\/wp\/v2\/pages"}],"about":[{"href":"https:\/\/limitgamers.com\/index.php\/wp-json\/wp\/v2\/types\/page"}],"author":[{"embeddable":true,"href":"https:\/\/limitgamers.com\/index.php\/wp-json\/wp\/v2\/users\/1"}],"replies":[{"embeddable":true,"href":"https:\/\/limitgamers.com\/index.php\/wp-json\/wp\/v2\/comments?post=5348"}],"version-history":[{"count":0,"href":"https:\/\/limitgamers.com\/index.php\/wp-json\/wp\/v2\/pages\/5348\/revisions"}],"wp:featuredmedia":[{"embeddable":true,"href":"https:\/\/limitgamers.com\/index.php\/wp-json\/wp\/v2\/media\/5352"}],"wp:attachment":[{"href":"https:\/\/limitgamers.com\/index.php\/wp-json\/wp\/v2\/media?parent=5348"}],"wp:term":[{"taxonomy":"post_tag","embeddable":true,"href":"https:\/\/limitgamers.com\/index.php\/wp-json\/wp\/v2\/tags?post=5348"},{"taxonomy":"gp_hubs","embeddable":true,"href":"https:\/\/limitgamers.com\/index.php\/wp-json\/wp\/v2\/gp_hubs?post=5348"},{"taxonomy":"fecha-lanzamiento","embeddable":true,"href":"https:\/\/limitgamers.com\/index.php\/wp-json\/wp\/v2\/fecha-lanzamiento?post=5348"},{"taxonomy":"genero","embeddable":true,"href":"https:\/\/limitgamers.com\/index.php\/wp-json\/wp\/v2\/genero?post=5348"},{"taxonomy":"recomendacion-edad","embeddable":true,"href":"https:\/\/limitgamers.com\/index.php\/wp-json\/wp\/v2\/recomendacion-edad?post=5348"},{"taxonomy":"compania","embeddable":true,"href":"https:\/\/limitgamers.com\/index.php\/wp-json\/wp\/v2\/compania?post=5348"},{"taxonomy":"publicado","embeddable":true,"href":"https:\/\/limitgamers.com\/index.php\/wp-json\/wp\/v2\/publicado?post=5348"}],"curies":[{"name":"wp","href":"https:\/\/api.w.org\/{rel}","templated":true}]}}