{"id":14864,"date":"2020-04-09T16:31:39","date_gmt":"2020-04-09T14:31:39","guid":{"rendered":"https:\/\/limitgamers.com\/index.php\/a-plague-tale-innocence\/"},"modified":"2020-04-09T16:45:00","modified_gmt":"2020-04-09T14:45:00","slug":"a-plague-tale-innocence","status":"publish","type":"page","link":"https:\/\/limitgamers.com\/index.php\/a-plague-tale-innocence\/","title":{"rendered":"A Plague Tale: Innocence"},"content":{"rendered":"<p>[vc_row css=\u00bb.vc_custom_1407855744612{margin-bottom: 0px !important;}\u00bb][vc_column width=\u00bb7\/12&#8243; css=\u00bb.vc_custom_1407855616904{margin-bottom: 0px !important;}\u00bb]\t\t\t\t\t\t\t\t\t\n\t\t<div id=\"gp_news_wrapper_1\" class=\"gp-blog-wrapper gp-vc-element gp-blog-standard gp-blog-standard-size \" data-type=\"news\" data-postid=\"14864\" data-hubid=\"\" data-cats=\"\" data-hubfieldslugs=\"\" data-postassociation=\"enabled\" data-posttypes=\"post\" data-format=\"blog-standard\" data-size=\"blog-standard-size\" data-orderby=\"newest\" data-dateposted=\"all\" data-datemodified=\"all\" data-perpage=\"4\" data-menuperpage=\"\" data-offset=\"\"  data-featuredimage=\"enabled\" data-imagewidth=\"140\" data-imageheight=\"140\" data-hardcrop=\"1\" data-imagealignment=\"image-align-left\" data-titleposition=\"title-next-to-thumbnail\" data-contentdisplay=\"excerpt\" data-excerptlength=\"100\" data-metaauthor=\"\" data-metadate=\"\" data-metacommentcount=\"\" data-metaviews=\"\" data-metafollowers=\"\" data-metacats=\"\" data-metatags=\"\" data-metahubcats=\"\" data-metahubfields=\"\" data-metahubaward=\"\" data-hubcatsselected=\"107,116,890,36,38,51,39,85,47,48,49\" data-displaysiterating=\"\" data-displayuserrating=\"\" data-readmorelink=\"enabled\"  data-pagenumbers=\"enabled\" data-authorid=\"\">\n\n\t\t\t\t\t\t\t<div class=\"gp-element-title\">\n\t\t\t\t\t<h3>Noticias<\/h3>\t\t\t\t\t\t\t\t\t\t\t<div class=\"gp-see-all-link\"><a href=\"\">See All News<\/a><\/div>\n\t\t\t\t\t\t\t\t\t\t<div class=\"gp-element-title-line\"><\/div>\n\t\t\t\t<\/div>\n\t\t\t\t\t\t\n\t\t\t\t\t\t\t\t\n\t\t\t\n\t\t\t\t<strong class=\"gp-no-items-found\">No items found.<\/strong>\n\n\t\t\t\t\t\t\n\t\t<\/div>\n\t\t\t\t\n\t\t[vc_empty_space height=\u00bb40px\u00bb][\/vc_column][vc_column width=\u00bb5\/12&#8243;][vc_row_inner][vc_column_inner]\n\t\t<div id=\"gp_images_wrapper_1\" class=\"gp-images-wrapper gp-vc-element \">\n\n\t\t\t\t\t\t\t<div class=\"gp-element-title\">\n\t\t\t\t\t<h3>Ultimas Imagenes<\/h3>\t\t\t\t\t\t\t\t\t\t\t<div class=\"gp-see-all-link\"><a href=\"\">See All Images<\/a><\/div>\n\t\t\t\t\t\t\t\t\t\t<div class=\"gp-element-title-line\"><\/div>\n\t\t\t\t<\/div>\n\t\t\t\t\t\n\t\t\t<div class=\"gp-inner-loop\">\n\t\t\t\n\t\t\t\t\t\t\t\t\t\t\t\t\n\t\t\t\t\t<strong class=\"gp-no-items-found\">No items found.<\/strong>\n\t\t\t\t\n\t\t\t\t\t\t\t\t\n\t\t\t<\/div>\t\n\t\t\t\t\t\t\n\t\t<\/div>\n\t\t\t \t\t\t\t\n\t\t[\/vc_column_inner][\/vc_row_inner][vc_empty_space height=\u00bb40px\u00bb][vc_row_inner css=\u00bb.vc_custom_1407855701457{margin-bottom: 0px !important;}\u00bb][vc_column_inner]\t\t\n\t\t<div id=\"gp_videos_wrapper_1\" class=\"gp-blog-wrapper gp-vc-element gp-blog-standard gp-blog-small-size \" data-type=\"videos\" data-postid=\"14864\" data-hubid=\"\" data-cats=\"\" data-hubfieldslugs=\"\" data-postassociation=\"enabled\" data-posttypes=\"post\" data-format=\"blog-standard\" data-size=\"blog-small-size\" data-orderby=\"newest\" data-dateposted=\"all\" data-datemodified=\"all\" data-perpage=\"5\" data-menuperpage=\"\" data-offset=\"\"  data-featuredimage=\"enabled\" data-imagewidth=\"75\" data-imageheight=\"75\" data-hardcrop=\"1\" data-imagealignment=\"image-align-left\" data-titleposition=\"title-next-to-thumbnail\" data-contentdisplay=\"excerpt\" data-excerptlength=\"0\" data-metaauthor=\"\" data-metadate=\"1\" data-metacommentcount=\"\" data-metaviews=\"\" data-metafollowers=\"\" data-metacats=\"\" data-metatags=\"\" data-metahubcats=\"\" data-metahubfields=\"\" data-metahubaward=\"\" data-hubcatsselected=\"107,116,890,36,38,51,39,85,47,48,49\" data-displaysiterating=\"\" data-displayuserrating=\"\" data-readmorelink=\"enabled\"  data-pagenumbers=\"disabled\" data-authorid=\"\">\n\t\t\n\t\t\t\t\t\t\t<div class=\"gp-element-title\">\n\t\t\t\t\t<h3>\u00daltimos Videos<\/h3>\t\t\t\t\t\t\t\t\t\t\t<div class=\"gp-see-all-link\"><a href=\"\">See All Videos<\/a><\/div>\n\t\t\t\t\t\t\t\t\t\t<div class=\"gp-element-title-line\"><\/div>\n\t\t\t\t<\/div>\n\t\t\t\t\t\t\n\t\t\t\t\t\t\t\t\t\t\t\n\t\t\t\n\t\t\t\t<strong class=\"gp-no-items-found\">No items found.<\/strong>\n\n\t\t\t\n\t\t<\/div>\n\t\t\t\t\t\t\n\t\t[\/vc_column_inner][\/vc_row_inner][\/vc_column][\/vc_row]<\/p>\n","protected":false},"excerpt":{"rendered":"<p>[vc_row css=\u00bb.vc_custom_1407855744612{margin-bottom: 0px !important;}\u00bb][vc_column width=\u00bb7\/12&#8243; css=\u00bb.vc_custom_1407855616904{margin-bottom: 0px !important;}\u00bb][vc_empty_space height=\u00bb40px\u00bb][\/vc_column][vc_column width=\u00bb5\/12&#8243;][vc_row_inner][vc_column_inner][\/vc_column_inner][\/vc_row_inner][vc_empty_space height=\u00bb40px\u00bb][vc_row_inner css=\u00bb.vc_custom_1407855701457{margin-bottom: 0px !important;}\u00bb][vc_column_inner][\/vc_column_inner][\/vc_row_inner][\/vc_column][\/vc_row]<\/p>\n","protected":false},"author":1,"featured_media":14868,"parent":0,"menu_order":0,"comment_status":"closed","ping_status":"closed","template":"hub-template.php","meta":{"footnotes":""},"tags":[],"gp_hubs":[36,39,49],"fecha-lanzamiento":[2755],"genero":[112],"recomendacion-edad":[113],"compania":[2756],"publicado":[2758],"class_list":{"0":"post-14864","1":"page","2":"type-page","3":"status-publish","4":"has-post-thumbnail","6":"gp_hubs-hub-pc","7":"gp_hubs-hub-ps4","8":"gp_hubs-hub-xbox-one","9":"fecha-lanzamiento-14-05-2019","10":"genero-aventura","11":"recomendacion-edad-113","12":"compania-asobo-studio","13":"publicado-focus-home-interactive"},"yoast_head":"<!-- This site is optimized with the Yoast SEO plugin v26.8 - https:\/\/yoast.com\/product\/yoast-seo-wordpress\/ -->\n<title>TODO SOBRE A Plague Tale: Innocence &#8211; LIMIT GAMERS<\/title>\n<meta name=\"description\" content=\"A Plague Tale: Innocence es un videojuego de acci\u00f3n-aventura y de l\u00f3gica desarrollado por la compa\u00f1\u00eda francesa Asobo Studio\" \/>\n<meta name=\"robots\" content=\"index, follow, max-snippet:-1, max-image-preview:large, max-video-preview:-1\" \/>\n<link rel=\"canonical\" href=\"https:\/\/limitgamers.com\/index.php\/a-plague-tale-innocence\/\" \/>\n<meta property=\"og:locale\" content=\"es_ES\" \/>\n<meta property=\"og:type\" content=\"article\" \/>\n<meta property=\"og:title\" content=\"TODO SOBRE A Plague Tale: Innocence &#8211; LIMIT GAMERS\" \/>\n<meta property=\"og:description\" content=\"A Plague Tale: Innocence es un videojuego de acci\u00f3n-aventura y de l\u00f3gica desarrollado por la compa\u00f1\u00eda francesa Asobo Studio\" \/>\n<meta property=\"og:url\" content=\"https:\/\/limitgamers.com\/index.php\/a-plague-tale-innocence\/\" \/>\n<meta property=\"og:site_name\" content=\"LIMIT GAMERS\" \/>\n<meta property=\"article:publisher\" content=\"https:\/\/www.facebook.com\/limitgamers\/\" \/>\n<meta property=\"article:modified_time\" content=\"2020-04-09T14:45:00+00:00\" \/>\n<meta property=\"og:image\" content=\"https:\/\/limitgamers.com\/wp-content\/uploads\/2020\/04\/A-Plague-Tale-Innocence-Review-An\u00e1lisis-e1558178043208.jpg\" \/>\n\t<meta property=\"og:image:width\" content=\"1400\" \/>\n\t<meta property=\"og:image:height\" content=\"600\" \/>\n\t<meta property=\"og:image:type\" content=\"image\/jpeg\" \/>\n<meta name=\"twitter:card\" content=\"summary_large_image\" \/>\n<meta name=\"twitter:site\" content=\"@limit_gamers\" \/>\n<meta name=\"twitter:label1\" content=\"Tiempo de lectura\" \/>\n\t<meta name=\"twitter:data1\" content=\"1 minuto\" \/>\n<script type=\"application\/ld+json\" class=\"yoast-schema-graph\">{\"@context\":\"https:\/\/schema.org\",\"@graph\":[{\"@type\":\"WebPage\",\"@id\":\"https:\/\/limitgamers.com\/index.php\/a-plague-tale-innocence\/\",\"url\":\"https:\/\/limitgamers.com\/index.php\/a-plague-tale-innocence\/\",\"name\":\"TODO SOBRE A Plague Tale: Innocence &#8211; LIMIT GAMERS\",\"isPartOf\":{\"@id\":\"https:\/\/limitgamers.com\/#website\"},\"primaryImageOfPage\":{\"@id\":\"https:\/\/limitgamers.com\/index.php\/a-plague-tale-innocence\/#primaryimage\"},\"image\":{\"@id\":\"https:\/\/limitgamers.com\/index.php\/a-plague-tale-innocence\/#primaryimage\"},\"thumbnailUrl\":\"https:\/\/limitgamers.com\/wp-content\/uploads\/2020\/04\/A-Plague-Tale-Innocence-Review-An\u00e1lisis-e1558178043208.jpg\",\"datePublished\":\"2020-04-09T14:31:39+00:00\",\"dateModified\":\"2020-04-09T14:45:00+00:00\",\"description\":\"A Plague Tale: Innocence es un videojuego de acci\u00f3n-aventura y de l\u00f3gica desarrollado por la compa\u00f1\u00eda francesa Asobo Studio\",\"breadcrumb\":{\"@id\":\"https:\/\/limitgamers.com\/index.php\/a-plague-tale-innocence\/#breadcrumb\"},\"inLanguage\":\"es\",\"potentialAction\":[{\"@type\":\"ReadAction\",\"target\":[\"https:\/\/limitgamers.com\/index.php\/a-plague-tale-innocence\/\"]}]},{\"@type\":\"ImageObject\",\"inLanguage\":\"es\",\"@id\":\"https:\/\/limitgamers.com\/index.php\/a-plague-tale-innocence\/#primaryimage\",\"url\":\"https:\/\/limitgamers.com\/wp-content\/uploads\/2020\/04\/A-Plague-Tale-Innocence-Review-An\u00e1lisis-e1558178043208.jpg\",\"contentUrl\":\"https:\/\/limitgamers.com\/wp-content\/uploads\/2020\/04\/A-Plague-Tale-Innocence-Review-An\u00e1lisis-e1558178043208.jpg\",\"width\":1400,\"height\":600,\"caption\":\"A Plague Tale: Innocence\"},{\"@type\":\"BreadcrumbList\",\"@id\":\"https:\/\/limitgamers.com\/index.php\/a-plague-tale-innocence\/#breadcrumb\",\"itemListElement\":[{\"@type\":\"ListItem\",\"position\":1,\"name\":\"Portada\",\"item\":\"https:\/\/limitgamers.com\/\"},{\"@type\":\"ListItem\",\"position\":2,\"name\":\"A Plague Tale: Innocence\"}]},{\"@type\":\"WebSite\",\"@id\":\"https:\/\/limitgamers.com\/#website\",\"url\":\"https:\/\/limitgamers.com\/\",\"name\":\"LIMIT GAMERS\",\"description\":\"Bienvenido Gamers!\",\"publisher\":{\"@id\":\"https:\/\/limitgamers.com\/#organization\"},\"potentialAction\":[{\"@type\":\"SearchAction\",\"target\":{\"@type\":\"EntryPoint\",\"urlTemplate\":\"https:\/\/limitgamers.com\/?s={search_term_string}\"},\"query-input\":{\"@type\":\"PropertyValueSpecification\",\"valueRequired\":true,\"valueName\":\"search_term_string\"}}],\"inLanguage\":\"es\"},{\"@type\":\"Organization\",\"@id\":\"https:\/\/limitgamers.com\/#organization\",\"name\":\"Limit Gamers\",\"url\":\"https:\/\/limitgamers.com\/\",\"logo\":{\"@type\":\"ImageObject\",\"inLanguage\":\"es\",\"@id\":\"https:\/\/limitgamers.com\/#\/schema\/logo\/image\/\",\"url\":\"https:\/\/limitgamers.com\/wp-content\/uploads\/2016\/02\/limitgamers.jpg\",\"contentUrl\":\"https:\/\/limitgamers.com\/wp-content\/uploads\/2016\/02\/limitgamers.jpg\",\"width\":1712,\"height\":145,\"caption\":\"Limit Gamers\"},\"image\":{\"@id\":\"https:\/\/limitgamers.com\/#\/schema\/logo\/image\/\"},\"sameAs\":[\"https:\/\/www.facebook.com\/limitgamers\/\",\"https:\/\/x.com\/limit_gamers\",\"https:\/\/www.instagram.com\/limit_gamers\/\",\"http:\/\/www.youtube.com\/c\/Limitgamers\"]}]}<\/script>\n<!-- \/ Yoast SEO plugin. -->","yoast_head_json":{"title":"TODO SOBRE A Plague Tale: Innocence &#8211; LIMIT GAMERS","description":"A Plague Tale: Innocence es un videojuego de acci\u00f3n-aventura y de l\u00f3gica desarrollado por la compa\u00f1\u00eda francesa Asobo Studio","robots":{"index":"index","follow":"follow","max-snippet":"max-snippet:-1","max-image-preview":"max-image-preview:large","max-video-preview":"max-video-preview:-1"},"canonical":"https:\/\/limitgamers.com\/index.php\/a-plague-tale-innocence\/","og_locale":"es_ES","og_type":"article","og_title":"TODO SOBRE A Plague Tale: Innocence &#8211; LIMIT GAMERS","og_description":"A Plague Tale: Innocence es un videojuego de acci\u00f3n-aventura y de l\u00f3gica desarrollado por la compa\u00f1\u00eda francesa Asobo Studio","og_url":"https:\/\/limitgamers.com\/index.php\/a-plague-tale-innocence\/","og_site_name":"LIMIT GAMERS","article_publisher":"https:\/\/www.facebook.com\/limitgamers\/","article_modified_time":"2020-04-09T14:45:00+00:00","og_image":[{"width":1400,"height":600,"url":"https:\/\/limitgamers.com\/wp-content\/uploads\/2020\/04\/A-Plague-Tale-Innocence-Review-An\u00e1lisis-e1558178043208.jpg","type":"image\/jpeg"}],"twitter_card":"summary_large_image","twitter_site":"@limit_gamers","twitter_misc":{"Tiempo de lectura":"1 minuto"},"schema":{"@context":"https:\/\/schema.org","@graph":[{"@type":"WebPage","@id":"https:\/\/limitgamers.com\/index.php\/a-plague-tale-innocence\/","url":"https:\/\/limitgamers.com\/index.php\/a-plague-tale-innocence\/","name":"TODO SOBRE A Plague Tale: Innocence &#8211; LIMIT GAMERS","isPartOf":{"@id":"https:\/\/limitgamers.com\/#website"},"primaryImageOfPage":{"@id":"https:\/\/limitgamers.com\/index.php\/a-plague-tale-innocence\/#primaryimage"},"image":{"@id":"https:\/\/limitgamers.com\/index.php\/a-plague-tale-innocence\/#primaryimage"},"thumbnailUrl":"https:\/\/limitgamers.com\/wp-content\/uploads\/2020\/04\/A-Plague-Tale-Innocence-Review-An\u00e1lisis-e1558178043208.jpg","datePublished":"2020-04-09T14:31:39+00:00","dateModified":"2020-04-09T14:45:00+00:00","description":"A Plague Tale: Innocence es un videojuego de acci\u00f3n-aventura y de l\u00f3gica desarrollado por la compa\u00f1\u00eda francesa Asobo Studio","breadcrumb":{"@id":"https:\/\/limitgamers.com\/index.php\/a-plague-tale-innocence\/#breadcrumb"},"inLanguage":"es","potentialAction":[{"@type":"ReadAction","target":["https:\/\/limitgamers.com\/index.php\/a-plague-tale-innocence\/"]}]},{"@type":"ImageObject","inLanguage":"es","@id":"https:\/\/limitgamers.com\/index.php\/a-plague-tale-innocence\/#primaryimage","url":"https:\/\/limitgamers.com\/wp-content\/uploads\/2020\/04\/A-Plague-Tale-Innocence-Review-An\u00e1lisis-e1558178043208.jpg","contentUrl":"https:\/\/limitgamers.com\/wp-content\/uploads\/2020\/04\/A-Plague-Tale-Innocence-Review-An\u00e1lisis-e1558178043208.jpg","width":1400,"height":600,"caption":"A Plague Tale: Innocence"},{"@type":"BreadcrumbList","@id":"https:\/\/limitgamers.com\/index.php\/a-plague-tale-innocence\/#breadcrumb","itemListElement":[{"@type":"ListItem","position":1,"name":"Portada","item":"https:\/\/limitgamers.com\/"},{"@type":"ListItem","position":2,"name":"A Plague Tale: Innocence"}]},{"@type":"WebSite","@id":"https:\/\/limitgamers.com\/#website","url":"https:\/\/limitgamers.com\/","name":"LIMIT GAMERS","description":"Bienvenido Gamers!","publisher":{"@id":"https:\/\/limitgamers.com\/#organization"},"potentialAction":[{"@type":"SearchAction","target":{"@type":"EntryPoint","urlTemplate":"https:\/\/limitgamers.com\/?s={search_term_string}"},"query-input":{"@type":"PropertyValueSpecification","valueRequired":true,"valueName":"search_term_string"}}],"inLanguage":"es"},{"@type":"Organization","@id":"https:\/\/limitgamers.com\/#organization","name":"Limit Gamers","url":"https:\/\/limitgamers.com\/","logo":{"@type":"ImageObject","inLanguage":"es","@id":"https:\/\/limitgamers.com\/#\/schema\/logo\/image\/","url":"https:\/\/limitgamers.com\/wp-content\/uploads\/2016\/02\/limitgamers.jpg","contentUrl":"https:\/\/limitgamers.com\/wp-content\/uploads\/2016\/02\/limitgamers.jpg","width":1712,"height":145,"caption":"Limit Gamers"},"image":{"@id":"https:\/\/limitgamers.com\/#\/schema\/logo\/image\/"},"sameAs":["https:\/\/www.facebook.com\/limitgamers\/","https:\/\/x.com\/limit_gamers","https:\/\/www.instagram.com\/limit_gamers\/","http:\/\/www.youtube.com\/c\/Limitgamers"]}]}},"_links":{"self":[{"href":"https:\/\/limitgamers.com\/index.php\/wp-json\/wp\/v2\/pages\/14864","targetHints":{"allow":["GET"]}}],"collection":[{"href":"https:\/\/limitgamers.com\/index.php\/wp-json\/wp\/v2\/pages"}],"about":[{"href":"https:\/\/limitgamers.com\/index.php\/wp-json\/wp\/v2\/types\/page"}],"author":[{"embeddable":true,"href":"https:\/\/limitgamers.com\/index.php\/wp-json\/wp\/v2\/users\/1"}],"replies":[{"embeddable":true,"href":"https:\/\/limitgamers.com\/index.php\/wp-json\/wp\/v2\/comments?post=14864"}],"version-history":[{"count":0,"href":"https:\/\/limitgamers.com\/index.php\/wp-json\/wp\/v2\/pages\/14864\/revisions"}],"wp:featuredmedia":[{"embeddable":true,"href":"https:\/\/limitgamers.com\/index.php\/wp-json\/wp\/v2\/media\/14868"}],"wp:attachment":[{"href":"https:\/\/limitgamers.com\/index.php\/wp-json\/wp\/v2\/media?parent=14864"}],"wp:term":[{"taxonomy":"post_tag","embeddable":true,"href":"https:\/\/limitgamers.com\/index.php\/wp-json\/wp\/v2\/tags?post=14864"},{"taxonomy":"gp_hubs","embeddable":true,"href":"https:\/\/limitgamers.com\/index.php\/wp-json\/wp\/v2\/gp_hubs?post=14864"},{"taxonomy":"fecha-lanzamiento","embeddable":true,"href":"https:\/\/limitgamers.com\/index.php\/wp-json\/wp\/v2\/fecha-lanzamiento?post=14864"},{"taxonomy":"genero","embeddable":true,"href":"https:\/\/limitgamers.com\/index.php\/wp-json\/wp\/v2\/genero?post=14864"},{"taxonomy":"recomendacion-edad","embeddable":true,"href":"https:\/\/limitgamers.com\/index.php\/wp-json\/wp\/v2\/recomendacion-edad?post=14864"},{"taxonomy":"compania","embeddable":true,"href":"https:\/\/limitgamers.com\/index.php\/wp-json\/wp\/v2\/compania?post=14864"},{"taxonomy":"publicado","embeddable":true,"href":"https:\/\/limitgamers.com\/index.php\/wp-json\/wp\/v2\/publicado?post=14864"}],"curies":[{"name":"wp","href":"https:\/\/api.w.org\/{rel}","templated":true}]}}