{"id":14464,"date":"2018-10-18T00:07:39","date_gmt":"2018-10-17T22:07:39","guid":{"rendered":"https:\/\/limitgamers.com\/?page_id=14464"},"modified":"2018-10-26T00:33:33","modified_gmt":"2018-10-25T22:33:33","slug":"requisitos","status":"publish","type":"page","link":"https:\/\/limitgamers.com\/index.php\/motogp-18\/requisitos\/","title":{"rendered":"Requisitos"},"content":{"rendered":"<table border=\"4\" width=\"1233\">\n<tbody>\n<tr>\n<td>\n<h2>REQUISITOS DEL SISTEMA<\/h2>\n<div class=\"sysreq_contents\"><\/div>\n<\/td>\n<\/tr>\n<tr>\n<td><strong>M\u00cdNIMO:<\/strong><\/td>\n<\/tr>\n<tr>\n<td>\n<ul class=\"bb_ul\">\n<li><strong>SO:<\/strong>\u00a0Windows 7+<\/li>\n<li><strong>Procesador:<\/strong> Intel Core i5-2500,\u00a0 AMD FX-8100<\/li>\n<li><strong>Memoria:<\/strong> 8 GB de RAM<\/li>\n<li><strong>Gr\u00e1ficos:<\/strong> NVIDIA GeForce GTX 760\u00a0 \/ AMD Radeon HD 7950 (2Gb minimo de Vram)<\/li>\n<li><strong>DirectX:<\/strong>\u00a0Versi\u00f3n 11<\/li>\n<li><strong>Almacenamiento:<\/strong> 15 GB de espacio disponible<\/li>\n<li><strong>Tarjeta de sonido:<\/strong>\u00a0Compatible con DirectX<\/li>\n<li><strong>Notas adicionales:<\/strong> tarjetas gr\u00e1ficas integradas de port\u00e1til podr\u00e1n funcionar pero no hay soporte oficial<\/li>\n<\/ul>\n<\/td>\n<\/tr>\n<tr>\n<td><strong>RECOMENDADO:<\/strong><\/td>\n<\/tr>\n<tr>\n<td>\n<ul class=\"bb_ul\">\n<li><strong>SO:<\/strong>\u00a0Windows 7+<\/li>\n<li><strong>Procesador:<\/strong> Intel Core\u00a0i7-2600, \u00a0AMD FX-8350<\/li>\n<li><strong>Memoria:<\/strong> 16 GB de RAM<\/li>\n<li><strong>Gr\u00e1ficos:<\/strong> NVIDIA GeForce GTX 960, AMD Radeon R9 380<\/li>\n<li><strong>DirectX:<\/strong>\u00a0Versi\u00f3n 11<\/li>\n<li><strong>Almacenamiento:<\/strong> 15 GB de espacio disponible<\/li>\n<li><strong>Tarjeta de sonido:<\/strong>\u00a0Compatible con DirectX<\/li>\n<li><strong>Resoluci\u00f3n recomendada: <\/strong>1080p@60fps<\/li>\n<\/ul>\n<\/td>\n<\/tr>\n<tr>\n<td><\/td>\n<\/tr>\n<tr>\n<td>\n<h4><strong>NUESTRO EQUIPO:<\/strong><\/h4>\n<\/td>\n<\/tr>\n<tr>\n<td>\n<ul>\n<li><strong>SO:<\/strong>\u00a0Windows 10 PRO 64bit<\/li>\n<li><strong>Procesador:<\/strong>\u00a0AMD FX8350 Black Edition @4.3Ghz + refrigeraci\u00f3n liquida Corsair H80i<\/li>\n<li><strong>Memoria:<\/strong>\u00a016GB de RAM DDR3<\/li>\n<li><strong>Gr\u00e1ficos:<\/strong>\u00a0NVIDIA GeForce GTX 1060 6Gb Asus Dual OC<\/li>\n<li><strong>DirectX:<\/strong>\u00a0Versi\u00f3n 11<\/li>\n<li><strong>Red:<\/strong>\u00a010Mb\/s<\/li>\n<li><strong>Almacenamiento:<\/strong>\u00a050 GB de espacio disponible<\/li>\n<li><strong>Tarjeta de sonido:<\/strong>\u00a0DirectX\u00ae 11 supported<\/li>\n<\/ul>\n<\/td>\n<\/tr>\n<tr>\n<td>\n<h4>RENDIMIENTO CON NUESTRO EQUIPO<\/h4>\n<p>&nbsp;<\/td>\n<\/tr>\n<tr>\n<td>\n<ul>\n<li><strong>Resoluci\u00f3n:\u00a0<\/strong>1980\u00d71080<\/li>\n<li><strong>Configuraci\u00f3n predeterminada:\u00a0 <\/strong>LA MAS ALTA<\/li>\n<li><strong>Tasa refresco imagen (m\u00ednimo \/ media \/ m\u00e1ximo): 60<\/strong>\/60\/60<\/li>\n<li><strong>Temperatura Ambiente: <\/strong>25\u00ba<\/li>\n<li><strong>Temperatura GPU (Max): <\/strong>60\u00ba<\/li>\n<li><strong>Carga GPU (Max): <\/strong>75%<\/li>\n<li><strong>Temperatura CPU (Max): <\/strong>50\u00ba<\/li>\n<li><strong>Carga CPU (Max): <\/strong>55%<\/li>\n<\/ul>\n<ul>\n<li><strong>Resoluci\u00f3n: <\/strong>3840&#215;2160<\/li>\n<li><strong>Configuraci\u00f3n predeterminada:\u00a0 <\/strong>LA MAS ALTA<\/li>\n<li><strong>Tasa refresco imagen (m\u00ednimo \/ media \/ m\u00e1ximo): 25<\/strong>\/30\/41<\/li>\n<li><strong>Temperatura Ambiente: <\/strong>25\u00ba<\/li>\n<li><strong>Temperatura GPU (Max): <\/strong>60\u00ba<\/li>\n<li><strong>Carga GPU (Max): <\/strong>99%<\/li>\n<li><strong>Temperatura CPU (Max): <\/strong>50\u00ba<\/li>\n<li><strong>Carga CPU (Max): <\/strong>80%<\/li>\n<\/ul>\n<\/td>\n<\/tr>\n<tr>\n<td>\n<h4>COMPATIBILIDAD MANDO<\/h4>\n<\/td>\n<\/tr>\n<tr>\n<td>\n<ul>\n<li><strong>DUAL SHOCK 3:\u00a0<\/strong>Compatible mediante Steam \/ no nativo<\/li>\n<li><strong>DUAL SHOCK 4:\u00a0<\/strong>Compatible mediante Steam \/ no nativo<\/li>\n<li><strong>XBOX ONE:\u00a0<\/strong>Compatibilidad nativa* <strong>RECOMENDADO<\/strong><\/li>\n<li><strong>XBOX 360:\u00a0<\/strong>Compatibilidad nativa*<\/li>\n<li><strong>STEAM CONTROLLER:\u00a0<\/strong>Compatibilidad nativa* (errores de desconexion)<\/li>\n<li><strong>SWITCH PRO CONTROLLER:\u00a0<\/strong>Compatible mediante Steam \/ no nativo<\/li>\n<\/ul>\n<p>&nbsp;<\/p>\n<p>&nbsp;<\/p>\n<p><strong>*Compatibilidad nativa<\/strong>: Controles dise\u00f1ados para el mando, aparecen indicativos de los botones en el juego;\u00a0<strong>Compatible mediante Steam \/ no nativo:\u00a0<\/strong>Posibilidad de controlar en juego mediante la aplicaci\u00f3n de mapeo de Steam, en cambio\u00a0 los controles apareceran los clasicos \u201cABXY\u201d en vez de los propios de Sony;\u00a0<strong>No compatible:\u00a0<\/strong>Su uso no es compatible, en cambio pueden ser usados por programas de terceros no oficiales de Steam, los desarrolladores o el fabricante del mando.<\/p>\n<p><strong>Si tienes dudas o nos quieres hacer llegar comentarios, experiencias propias u otro tema relacionado con su compatibilidad con PC no dudes en dejarnos un mensaje mas abajo en los comentarios<\/strong><\/td>\n<\/tr>\n<\/tbody>\n<\/table>\n","protected":false},"excerpt":{"rendered":"<p>REQUISITOS DEL SISTEMA M\u00cdNIMO: SO:\u00a0Windows 7+ Procesador: Intel Core i5-2500,\u00a0 AMD FX-8100 Memoria: 8 GB de RAM Gr\u00e1ficos: NVIDIA GeForce GTX 760\u00a0 \/ AMD Radeon HD 7950 (2Gb minimo de Vram) DirectX:\u00a0Versi\u00f3n 11 Almacenamiento: 15 GB de espacio disponible Tarjeta de sonido:\u00a0Compatible con DirectX Notas adicionales: tarjetas gr\u00e1ficas integradas de port\u00e1til podr\u00e1n funcionar pero no hay soporte oficial RECOMENDADO: SO:\u00a0Windows 7+ Procesador: Intel Core\u00a0i7-2600, \u00a0AMD FX-8350 Memoria: 16 GB de RAM Gr\u00e1ficos: NVIDIA GeForce GTX 960, AMD Radeon R9 380 DirectX:\u00a0Versi\u00f3n 11 Almacenamiento: 15 GB de espacio disponible Tarjeta de sonido:\u00a0Compatible con DirectX Resoluci\u00f3n recomendada: 1080p@60fps NUESTRO EQUIPO: SO:\u00a0Windows 10 PRO 64bit Procesador:\u00a0AMD FX8350 Black Edition @4.3Ghz + refrigeraci\u00f3n liquida Corsair H80i Memoria:\u00a016GB de RAM DDR3 Gr\u00e1ficos:\u00a0NVIDIA GeForce GTX 1060 6Gb Asus Dual OC DirectX:\u00a0Versi\u00f3n 11 Red:\u00a010Mb\/s Almacenamiento:\u00a050 GB de espacio disponible Tarjeta de sonido:\u00a0DirectX\u00ae 11 supported RENDIMIENTO CON NUESTRO EQUIPO &nbsp; Resoluci\u00f3n:\u00a01980\u00d71080 Configuraci\u00f3n predeterminada:\u00a0 LA MAS ALTA Tasa refresco imagen (m\u00ednimo \/ media \/ m\u00e1ximo): 60\/60\/60 Temperatura Ambiente: 25\u00ba Temperatura GPU (Max): 60\u00ba Carga GPU (Max): 75% Temperatura CPU (Max): 50\u00ba Carga CPU (Max): 55% Resoluci\u00f3n: 3840&#215;2160 Configuraci\u00f3n predeterminada:\u00a0 LA MAS ALTA Tasa refresco imagen (m\u00ednimo \/ media \/ m\u00e1ximo): 25\/30\/41 Temperatura Ambiente: 25\u00ba Temperatura GPU (Max): 60\u00ba Carga GPU (Max): 99% Temperatura CPU (Max): 50\u00ba Carga CPU (Max): 80% COMPATIBILIDAD MANDO DUAL SHOCK 3:\u00a0Compatible mediante Steam \/ no nativo DUAL SHOCK 4:\u00a0Compatible mediante Steam \/ no nativo XBOX ONE:\u00a0Compatibilidad nativa* RECOMENDADO XBOX 360:\u00a0Compatibilidad nativa* STEAM CONTROLLER:\u00a0Compatibilidad nativa* (errores de desconexion) SWITCH PRO CONTROLLER:\u00a0Compatible mediante Steam \/ no nativo &nbsp; &nbsp; *Compatibilidad nativa: Controles dise\u00f1ados para el mando, aparecen indicativos de los botones en el juego;\u00a0Compatible mediante Steam \/ no nativo:\u00a0Posibilidad de controlar en juego mediante la aplicaci\u00f3n de mapeo de Steam, en cambio\u00a0 los controles apareceran los clasicos \u201cABXY\u201d en vez de los propios de Sony;\u00a0No compatible:\u00a0Su uso no es compatible, en cambio pueden ser usados por programas de terceros no oficiales de Steam, los desarrolladores o el fabricante del mando. Si tienes dudas o nos quieres hacer llegar comentarios, experiencias propias u otro tema relacionado con su compatibilidad con PC no dudes en dejarnos un mensaje mas abajo en los comentarios<\/p>\n","protected":false},"author":1,"featured_media":14446,"parent":14439,"menu_order":0,"comment_status":"open","ping_status":"closed","template":"","meta":{"footnotes":""},"tags":[2159,133,710,374],"gp_hubs":[36,1472],"fecha-lanzamiento":[],"genero":[],"recomendacion-edad":[],"compania":[],"publicado":[],"class_list":{"0":"post-14464","1":"page","2":"type-page","3":"status-publish","4":"has-post-thumbnail","6":"tag-motogp-18","7":"tag-pc","8":"tag-requisitos","9":"tag-steam","10":"gp_hubs-hub-pc","11":"gp_hubs-requisitos"},"yoast_head":"<!-- This site is optimized with the Yoast SEO plugin v26.8 - https:\/\/yoast.com\/product\/yoast-seo-wordpress\/ -->\n<title>Requisitos MOTOGP 18 para PC &#8211; LIMIT GAMERS<\/title>\n<meta name=\"description\" content=\"Te ayudamos a ver si tu equipo es compatible con MOTOGP 18 en Steam, los minimo, recomendados y los usados por nosotros en el an\u00e1lisis\" \/>\n<meta name=\"robots\" content=\"index, follow, max-snippet:-1, max-image-preview:large, max-video-preview:-1\" \/>\n<link rel=\"canonical\" href=\"https:\/\/limitgamers.com\/index.php\/motogp-18\/requisitos\/\" \/>\n<meta property=\"og:locale\" content=\"es_ES\" \/>\n<meta property=\"og:type\" content=\"article\" \/>\n<meta property=\"og:title\" content=\"Requisitos MOTOGP 18 para PC &#8211; LIMIT GAMERS\" \/>\n<meta property=\"og:description\" content=\"Te ayudamos a ver si tu equipo es compatible con MOTOGP 18 en Steam, los minimo, recomendados y los usados por nosotros en el an\u00e1lisis\" \/>\n<meta property=\"og:url\" content=\"https:\/\/limitgamers.com\/index.php\/motogp-18\/requisitos\/\" \/>\n<meta property=\"og:site_name\" content=\"LIMIT GAMERS\" \/>\n<meta property=\"article:publisher\" content=\"https:\/\/www.facebook.com\/limitgamers\/\" \/>\n<meta property=\"article:modified_time\" content=\"2018-10-25T22:33:33+00:00\" \/>\n<meta property=\"og:image\" content=\"https:\/\/limitgamers.com\/wp-content\/uploads\/2018\/10\/H2x1_NSwitch_Motogp18_image1600w.jpg\" \/>\n\t<meta property=\"og:image:width\" content=\"1600\" \/>\n\t<meta property=\"og:image:height\" content=\"800\" \/>\n\t<meta property=\"og:image:type\" content=\"image\/jpeg\" \/>\n<meta name=\"twitter:card\" content=\"summary_large_image\" \/>\n<meta name=\"twitter:site\" content=\"@limit_gamers\" \/>\n<meta name=\"twitter:label1\" content=\"Tiempo de lectura\" \/>\n\t<meta name=\"twitter:data1\" content=\"2 minutos\" \/>\n<script type=\"application\/ld+json\" class=\"yoast-schema-graph\">{\"@context\":\"https:\/\/schema.org\",\"@graph\":[{\"@type\":\"WebPage\",\"@id\":\"https:\/\/limitgamers.com\/index.php\/motogp-18\/requisitos\/\",\"url\":\"https:\/\/limitgamers.com\/index.php\/motogp-18\/requisitos\/\",\"name\":\"Requisitos MOTOGP 18 para PC &#8211; LIMIT GAMERS\",\"isPartOf\":{\"@id\":\"https:\/\/limitgamers.com\/#website\"},\"primaryImageOfPage\":{\"@id\":\"https:\/\/limitgamers.com\/index.php\/motogp-18\/requisitos\/#primaryimage\"},\"image\":{\"@id\":\"https:\/\/limitgamers.com\/index.php\/motogp-18\/requisitos\/#primaryimage\"},\"thumbnailUrl\":\"https:\/\/limitgamers.com\/wp-content\/uploads\/2018\/10\/H2x1_NSwitch_Motogp18_image1600w.jpg\",\"datePublished\":\"2018-10-17T22:07:39+00:00\",\"dateModified\":\"2018-10-25T22:33:33+00:00\",\"description\":\"Te ayudamos a ver si tu equipo es compatible con MOTOGP 18 en Steam, los minimo, recomendados y los usados por nosotros en el an\u00e1lisis\",\"breadcrumb\":{\"@id\":\"https:\/\/limitgamers.com\/index.php\/motogp-18\/requisitos\/#breadcrumb\"},\"inLanguage\":\"es\",\"potentialAction\":[{\"@type\":\"ReadAction\",\"target\":[\"https:\/\/limitgamers.com\/index.php\/motogp-18\/requisitos\/\"]}]},{\"@type\":\"ImageObject\",\"inLanguage\":\"es\",\"@id\":\"https:\/\/limitgamers.com\/index.php\/motogp-18\/requisitos\/#primaryimage\",\"url\":\"https:\/\/limitgamers.com\/wp-content\/uploads\/2018\/10\/H2x1_NSwitch_Motogp18_image1600w.jpg\",\"contentUrl\":\"https:\/\/limitgamers.com\/wp-content\/uploads\/2018\/10\/H2x1_NSwitch_Motogp18_image1600w.jpg\",\"width\":1600,\"height\":800,\"caption\":\"motogp 18\"},{\"@type\":\"BreadcrumbList\",\"@id\":\"https:\/\/limitgamers.com\/index.php\/motogp-18\/requisitos\/#breadcrumb\",\"itemListElement\":[{\"@type\":\"ListItem\",\"position\":1,\"name\":\"Portada\",\"item\":\"https:\/\/limitgamers.com\/\"},{\"@type\":\"ListItem\",\"position\":2,\"name\":\"MotoGP 18\",\"item\":\"https:\/\/limitgamers.com\/index.php\/motogp-18\/\"},{\"@type\":\"ListItem\",\"position\":3,\"name\":\"Requisitos\"}]},{\"@type\":\"WebSite\",\"@id\":\"https:\/\/limitgamers.com\/#website\",\"url\":\"https:\/\/limitgamers.com\/\",\"name\":\"LIMIT GAMERS\",\"description\":\"Bienvenido Gamers!\",\"publisher\":{\"@id\":\"https:\/\/limitgamers.com\/#organization\"},\"potentialAction\":[{\"@type\":\"SearchAction\",\"target\":{\"@type\":\"EntryPoint\",\"urlTemplate\":\"https:\/\/limitgamers.com\/?s={search_term_string}\"},\"query-input\":{\"@type\":\"PropertyValueSpecification\",\"valueRequired\":true,\"valueName\":\"search_term_string\"}}],\"inLanguage\":\"es\"},{\"@type\":\"Organization\",\"@id\":\"https:\/\/limitgamers.com\/#organization\",\"name\":\"Limit Gamers\",\"url\":\"https:\/\/limitgamers.com\/\",\"logo\":{\"@type\":\"ImageObject\",\"inLanguage\":\"es\",\"@id\":\"https:\/\/limitgamers.com\/#\/schema\/logo\/image\/\",\"url\":\"https:\/\/limitgamers.com\/wp-content\/uploads\/2016\/02\/limitgamers.jpg\",\"contentUrl\":\"https:\/\/limitgamers.com\/wp-content\/uploads\/2016\/02\/limitgamers.jpg\",\"width\":1712,\"height\":145,\"caption\":\"Limit Gamers\"},\"image\":{\"@id\":\"https:\/\/limitgamers.com\/#\/schema\/logo\/image\/\"},\"sameAs\":[\"https:\/\/www.facebook.com\/limitgamers\/\",\"https:\/\/x.com\/limit_gamers\",\"https:\/\/www.instagram.com\/limit_gamers\/\",\"http:\/\/www.youtube.com\/c\/Limitgamers\"]}]}<\/script>\n<!-- \/ Yoast SEO plugin. -->","yoast_head_json":{"title":"Requisitos MOTOGP 18 para PC &#8211; LIMIT GAMERS","description":"Te ayudamos a ver si tu equipo es compatible con MOTOGP 18 en Steam, los minimo, recomendados y los usados por nosotros en el an\u00e1lisis","robots":{"index":"index","follow":"follow","max-snippet":"max-snippet:-1","max-image-preview":"max-image-preview:large","max-video-preview":"max-video-preview:-1"},"canonical":"https:\/\/limitgamers.com\/index.php\/motogp-18\/requisitos\/","og_locale":"es_ES","og_type":"article","og_title":"Requisitos MOTOGP 18 para PC &#8211; LIMIT GAMERS","og_description":"Te ayudamos a ver si tu equipo es compatible con MOTOGP 18 en Steam, los minimo, recomendados y los usados por nosotros en el an\u00e1lisis","og_url":"https:\/\/limitgamers.com\/index.php\/motogp-18\/requisitos\/","og_site_name":"LIMIT GAMERS","article_publisher":"https:\/\/www.facebook.com\/limitgamers\/","article_modified_time":"2018-10-25T22:33:33+00:00","og_image":[{"width":1600,"height":800,"url":"https:\/\/limitgamers.com\/wp-content\/uploads\/2018\/10\/H2x1_NSwitch_Motogp18_image1600w.jpg","type":"image\/jpeg"}],"twitter_card":"summary_large_image","twitter_site":"@limit_gamers","twitter_misc":{"Tiempo de lectura":"2 minutos"},"schema":{"@context":"https:\/\/schema.org","@graph":[{"@type":"WebPage","@id":"https:\/\/limitgamers.com\/index.php\/motogp-18\/requisitos\/","url":"https:\/\/limitgamers.com\/index.php\/motogp-18\/requisitos\/","name":"Requisitos MOTOGP 18 para PC &#8211; LIMIT GAMERS","isPartOf":{"@id":"https:\/\/limitgamers.com\/#website"},"primaryImageOfPage":{"@id":"https:\/\/limitgamers.com\/index.php\/motogp-18\/requisitos\/#primaryimage"},"image":{"@id":"https:\/\/limitgamers.com\/index.php\/motogp-18\/requisitos\/#primaryimage"},"thumbnailUrl":"https:\/\/limitgamers.com\/wp-content\/uploads\/2018\/10\/H2x1_NSwitch_Motogp18_image1600w.jpg","datePublished":"2018-10-17T22:07:39+00:00","dateModified":"2018-10-25T22:33:33+00:00","description":"Te ayudamos a ver si tu equipo es compatible con MOTOGP 18 en Steam, los minimo, recomendados y los usados por nosotros en el an\u00e1lisis","breadcrumb":{"@id":"https:\/\/limitgamers.com\/index.php\/motogp-18\/requisitos\/#breadcrumb"},"inLanguage":"es","potentialAction":[{"@type":"ReadAction","target":["https:\/\/limitgamers.com\/index.php\/motogp-18\/requisitos\/"]}]},{"@type":"ImageObject","inLanguage":"es","@id":"https:\/\/limitgamers.com\/index.php\/motogp-18\/requisitos\/#primaryimage","url":"https:\/\/limitgamers.com\/wp-content\/uploads\/2018\/10\/H2x1_NSwitch_Motogp18_image1600w.jpg","contentUrl":"https:\/\/limitgamers.com\/wp-content\/uploads\/2018\/10\/H2x1_NSwitch_Motogp18_image1600w.jpg","width":1600,"height":800,"caption":"motogp 18"},{"@type":"BreadcrumbList","@id":"https:\/\/limitgamers.com\/index.php\/motogp-18\/requisitos\/#breadcrumb","itemListElement":[{"@type":"ListItem","position":1,"name":"Portada","item":"https:\/\/limitgamers.com\/"},{"@type":"ListItem","position":2,"name":"MotoGP 18","item":"https:\/\/limitgamers.com\/index.php\/motogp-18\/"},{"@type":"ListItem","position":3,"name":"Requisitos"}]},{"@type":"WebSite","@id":"https:\/\/limitgamers.com\/#website","url":"https:\/\/limitgamers.com\/","name":"LIMIT GAMERS","description":"Bienvenido Gamers!","publisher":{"@id":"https:\/\/limitgamers.com\/#organization"},"potentialAction":[{"@type":"SearchAction","target":{"@type":"EntryPoint","urlTemplate":"https:\/\/limitgamers.com\/?s={search_term_string}"},"query-input":{"@type":"PropertyValueSpecification","valueRequired":true,"valueName":"search_term_string"}}],"inLanguage":"es"},{"@type":"Organization","@id":"https:\/\/limitgamers.com\/#organization","name":"Limit Gamers","url":"https:\/\/limitgamers.com\/","logo":{"@type":"ImageObject","inLanguage":"es","@id":"https:\/\/limitgamers.com\/#\/schema\/logo\/image\/","url":"https:\/\/limitgamers.com\/wp-content\/uploads\/2016\/02\/limitgamers.jpg","contentUrl":"https:\/\/limitgamers.com\/wp-content\/uploads\/2016\/02\/limitgamers.jpg","width":1712,"height":145,"caption":"Limit Gamers"},"image":{"@id":"https:\/\/limitgamers.com\/#\/schema\/logo\/image\/"},"sameAs":["https:\/\/www.facebook.com\/limitgamers\/","https:\/\/x.com\/limit_gamers","https:\/\/www.instagram.com\/limit_gamers\/","http:\/\/www.youtube.com\/c\/Limitgamers"]}]}},"_links":{"self":[{"href":"https:\/\/limitgamers.com\/index.php\/wp-json\/wp\/v2\/pages\/14464","targetHints":{"allow":["GET"]}}],"collection":[{"href":"https:\/\/limitgamers.com\/index.php\/wp-json\/wp\/v2\/pages"}],"about":[{"href":"https:\/\/limitgamers.com\/index.php\/wp-json\/wp\/v2\/types\/page"}],"author":[{"embeddable":true,"href":"https:\/\/limitgamers.com\/index.php\/wp-json\/wp\/v2\/users\/1"}],"replies":[{"embeddable":true,"href":"https:\/\/limitgamers.com\/index.php\/wp-json\/wp\/v2\/comments?post=14464"}],"version-history":[{"count":0,"href":"https:\/\/limitgamers.com\/index.php\/wp-json\/wp\/v2\/pages\/14464\/revisions"}],"up":[{"embeddable":true,"href":"https:\/\/limitgamers.com\/index.php\/wp-json\/wp\/v2\/pages\/14439"}],"wp:featuredmedia":[{"embeddable":true,"href":"https:\/\/limitgamers.com\/index.php\/wp-json\/wp\/v2\/media\/14446"}],"wp:attachment":[{"href":"https:\/\/limitgamers.com\/index.php\/wp-json\/wp\/v2\/media?parent=14464"}],"wp:term":[{"taxonomy":"post_tag","embeddable":true,"href":"https:\/\/limitgamers.com\/index.php\/wp-json\/wp\/v2\/tags?post=14464"},{"taxonomy":"gp_hubs","embeddable":true,"href":"https:\/\/limitgamers.com\/index.php\/wp-json\/wp\/v2\/gp_hubs?post=14464"},{"taxonomy":"fecha-lanzamiento","embeddable":true,"href":"https:\/\/limitgamers.com\/index.php\/wp-json\/wp\/v2\/fecha-lanzamiento?post=14464"},{"taxonomy":"genero","embeddable":true,"href":"https:\/\/limitgamers.com\/index.php\/wp-json\/wp\/v2\/genero?post=14464"},{"taxonomy":"recomendacion-edad","embeddable":true,"href":"https:\/\/limitgamers.com\/index.php\/wp-json\/wp\/v2\/recomendacion-edad?post=14464"},{"taxonomy":"compania","embeddable":true,"href":"https:\/\/limitgamers.com\/index.php\/wp-json\/wp\/v2\/compania?post=14464"},{"taxonomy":"publicado","embeddable":true,"href":"https:\/\/limitgamers.com\/index.php\/wp-json\/wp\/v2\/publicado?post=14464"}],"curies":[{"name":"wp","href":"https:\/\/api.w.org\/{rel}","templated":true}]}}