{"id":14024,"date":"2018-02-18T12:31:35","date_gmt":"2018-02-18T11:31:35","guid":{"rendered":"https:\/\/limitgamers.com\/?page_id=14024"},"modified":"2018-02-18T12:49:00","modified_gmt":"2018-02-18T11:49:00","slug":"criminal-bundle","status":"publish","type":"page","link":"https:\/\/limitgamers.com\/index.php\/criminal-bundle\/","title":{"rendered":"Criminal Bundle"},"content":{"rendered":"<p>Con <strong>Criminal Bundle<\/strong> estrenamos nuestra nueva secci\u00f3n de <strong>An\u00e1lisis Express<\/strong>, donde trataremos de una manera m\u00e1s resumida algunos t\u00edtulos que nos llegan a nuestras manos, intentaremos dar menos rodeos y ser claros con estas pruebas.<\/p>\n<div id=\"attachment_14026\" style=\"width: 1930px\" class=\"wp-caption aligncenter\"><a href=\"https:\/\/limitgamers.com\/wp-content\/uploads\/2018\/02\/20180218112620_1.jpg\" data-rel=\"prettyPhoto\"><img loading=\"lazy\" decoding=\"async\" aria-describedby=\"caption-attachment-14026\" class=\"wp-image-14026 size-full\" src=\"https:\/\/limitgamers.com\/wp-content\/uploads\/2018\/02\/20180218112620_1.jpg\" alt=\"\" width=\"1920\" height=\"1080\" \/><\/a><p id=\"caption-attachment-14026\" class=\"wp-caption-text\">El apartado artistico, guarda similutudes con la franquicia LEGO<\/p><\/div>\n<p>Criminal Bundle es un shooter online de hasta <strong>14 jugadores por partida,<\/strong> el cl\u00e1sico polic\u00edas vs. criminales. Su est\u00e9tica simple y directa centra la atenci\u00f3n en el componente estrat\u00e9gico, donde podremos elegir hasta 3 variantes de equipaci\u00f3n: asalto, m\u00e9dico o francotirador, con un arma principal cada uno: ametralladora, escopeta y rifle. El sistema de juego es cl\u00e1sico, los polic\u00edas tendr\u00e1n que detener a los ladrones, y estos robar el bot\u00edn.<\/p>\n<div id=\"attachment_14025\" style=\"width: 1930px\" class=\"wp-caption aligncenter\"><a href=\"https:\/\/limitgamers.com\/wp-content\/uploads\/2018\/02\/20180218110311_1.jpg\" data-rel=\"prettyPhoto\"><img loading=\"lazy\" decoding=\"async\" aria-describedby=\"caption-attachment-14025\" class=\"wp-image-14025 size-full\" src=\"https:\/\/limitgamers.com\/wp-content\/uploads\/2018\/02\/20180218110311_1.jpg\" alt=\"Criminal-Bundle\" width=\"1920\" height=\"1080\" \/><\/a><p id=\"caption-attachment-14025\" class=\"wp-caption-text\">Las opciones de personalizaci\u00f3n son amplios, sobre todo el bando criminal.<\/p><\/div>\n<p>Cabe mencionar el contenido de personalizaci\u00f3n, eso s\u00ed, m\u00e1s amplio para el bando criminal, donde gozan de una gran selecci\u00f3n de m\u00e1scaras al m\u00e1s puro estilo <strong>Payday<\/strong>. Dos mapas posibles, se nos antoja escaso, pero reconozco que son grandes y detallados, falta m\u00e1s puntos estrat\u00e9gicos y corregir errores de dise\u00f1o como el no poder disparar por cristal o vallas.<\/p>\n<div id=\"attachment_14027\" style=\"width: 1930px\" class=\"wp-caption aligncenter\"><a href=\"https:\/\/limitgamers.com\/wp-content\/uploads\/2018\/02\/20180218112754_1.jpg\" data-rel=\"prettyPhoto\"><img loading=\"lazy\" decoding=\"async\" aria-describedby=\"caption-attachment-14027\" class=\"wp-image-14027 size-full\" src=\"https:\/\/limitgamers.com\/wp-content\/uploads\/2018\/02\/20180218112754_1.jpg\" alt=\"\" width=\"1920\" height=\"1080\" \/><\/a><p id=\"caption-attachment-14027\" class=\"wp-caption-text\">Aqui, tomando el sol&#8230;<\/p><\/div>\n<p>A nivel de controles, son b\u00e1sicos, aunque algo toscos, sobre todo el apuntado, nunca me sent\u00ed c\u00f3modo con \u00e9l. A nivel sonoro, los efectos de las armas est\u00e1n bastante logradas, el de los pasos de nuestro personaje ya no tanto\u2026<\/p>\n<table style=\"height: 82px; border-color: #0d0000; background-color: #7cf782;\" width=\"1313\">\n<tbody>\n<tr>\n<td style=\"width: 1303px;\">CONCLUSI\u00d3N<\/p>\n<p>Los chicos espa\u00f1oles de <strong>Eloquence Entertainment<\/strong> nos propone acci\u00f3n directa y sencilla, para ser su primer trabajo publicado en Steam no est\u00e1 mal, pero no deja de emular lo visto en otro titulos careciendo de una personalidad propia, aun as\u00ed, a su favor han concluido un t\u00edtulo con muy pocos errores t\u00e9cnicos, jugabilidad directa y divertido, veremos si su pr\u00f3ximo trabajo un \u201cFree to Play\u201d llamado <strong>Battle World Playground<\/strong> nos presenta novedades propias y madurez del estudio, intenciones no les falta sin duda.<a href=\"https:\/\/limitgamers.com\/wp-content\/uploads\/2018\/02\/20180218110847_1.jpg\" data-rel=\"prettyPhoto\"><img loading=\"lazy\" decoding=\"async\" class=\"size-full wp-image-14028 aligncenter\" src=\"https:\/\/limitgamers.com\/wp-content\/uploads\/2018\/02\/20180218110847_1.jpg\" alt=\"Criminal Bundle\" width=\"1920\" height=\"1080\" \/><\/a><\/td>\n<\/tr>\n<\/tbody>\n<\/table>\n<p>&nbsp;<\/p>\n<p>&nbsp;<\/p>\n<p style=\"text-align: center;\"><iframe loading=\"lazy\" src=\"http:\/\/store.steampowered.com\/widget\/777040\/\" width=\"646\" height=\"190\" frameborder=\"0\"><\/iframe><\/p>\n<p>&nbsp;<\/p>\n","protected":false},"excerpt":{"rendered":"<p>Con Criminal Bundle estrenamos nuestra nueva secci\u00f3n de An\u00e1lisis Express, donde trataremos de una manera m\u00e1s resumida algunos t\u00edtulos que nos llegan a nuestras manos, intentaremos dar menos rodeos y ser claros con estas pruebas. Criminal Bundle es un shooter online de hasta 14 jugadores por partida, el cl\u00e1sico polic\u00edas vs. criminales. Su est\u00e9tica simple y directa centra la atenci\u00f3n en el componente estrat\u00e9gico, donde podremos elegir hasta 3 variantes de equipaci\u00f3n: asalto, m\u00e9dico o francotirador, con un arma principal cada uno: ametralladora, escopeta y rifle. El sistema de juego es cl\u00e1sico, los polic\u00edas tendr\u00e1n que detener a los ladrones, y estos robar el bot\u00edn. Cabe mencionar el contenido de personalizaci\u00f3n, eso s\u00ed, m\u00e1s amplio para el bando criminal, donde gozan de una gran selecci\u00f3n de m\u00e1scaras al m\u00e1s puro estilo Payday. Dos mapas posibles, se nos antoja escaso, pero reconozco que son grandes y detallados, falta m\u00e1s puntos estrat\u00e9gicos y corregir errores de dise\u00f1o como el no poder disparar por cristal o vallas. A nivel de controles, son b\u00e1sicos, aunque algo toscos, sobre todo el apuntado, nunca me sent\u00ed c\u00f3modo con \u00e9l. A nivel sonoro, los efectos de las armas est\u00e1n bastante logradas, el de los pasos de nuestro personaje ya no tanto\u2026 CONCLUSI\u00d3N Los chicos espa\u00f1oles de Eloquence Entertainment nos propone acci\u00f3n directa y sencilla, para ser su primer trabajo publicado en Steam no est\u00e1 mal, pero no deja de emular lo visto en otro titulos careciendo de una personalidad propia, aun as\u00ed, a su favor han concluido un t\u00edtulo con muy pocos errores t\u00e9cnicos, jugabilidad directa y divertido, veremos si su pr\u00f3ximo trabajo un \u201cFree to Play\u201d llamado Battle World Playground nos presenta novedades propias y madurez del estudio, intenciones no les falta sin duda. &nbsp; &nbsp; &nbsp;<\/p>\n","protected":false},"author":1,"featured_media":14029,"parent":0,"menu_order":0,"comment_status":"open","ping_status":"closed","template":"review-template.php","meta":{"footnotes":""},"tags":[1580,1579,133,374],"gp_hubs":[459,1578],"fecha-lanzamiento":[],"genero":[],"recomendacion-edad":[],"compania":[],"publicado":[],"class_list":{"0":"post-14024","1":"page","2":"type-page","3":"status-publish","4":"has-post-thumbnail","6":"tag-criminal-bundle","7":"tag-eloquence-entertainment","8":"tag-pc","9":"tag-steam","10":"gp_hubs-analisis","11":"gp_hubs-analisis-express"},"yoast_head":"<!-- This site is optimized with the Yoast SEO plugin v26.8 - https:\/\/yoast.com\/product\/yoast-seo-wordpress\/ -->\n<title>AN\u00c1LISIS DE CRIMINAL BUNDLE \u2502PC\u2502ELOQUENCE ENTERTAINMENT<\/title>\n<meta name=\"description\" content=\"aun as\u00ed, a su favor han concluido un t\u00edtulo con muy pocos errores t\u00e9cnicos, jugabilidad directa y divertido, ideal para jugar entre amigos, Criminal Bundle es el primer titulo de los espa\u00f1oles de eloquence entertainment\" \/>\n<meta name=\"robots\" content=\"index, follow, max-snippet:-1, max-image-preview:large, max-video-preview:-1\" \/>\n<link rel=\"canonical\" href=\"https:\/\/limitgamers.com\/index.php\/criminal-bundle\/\" \/>\n<meta property=\"og:locale\" content=\"es_ES\" \/>\n<meta property=\"og:type\" content=\"article\" \/>\n<meta property=\"og:title\" content=\"AN\u00c1LISIS DE CRIMINAL BUNDLE \u2502PC\u2502ELOQUENCE ENTERTAINMENT\" \/>\n<meta property=\"og:description\" content=\"aun as\u00ed, a su favor han concluido un t\u00edtulo con muy pocos errores t\u00e9cnicos, jugabilidad directa y divertido, ideal para jugar entre amigos, Criminal Bundle es el primer titulo de los espa\u00f1oles de eloquence entertainment\" \/>\n<meta property=\"og:url\" content=\"https:\/\/limitgamers.com\/index.php\/criminal-bundle\/\" \/>\n<meta property=\"og:site_name\" content=\"LIMIT GAMERS\" \/>\n<meta property=\"article:publisher\" content=\"https:\/\/www.facebook.com\/limitgamers\/\" \/>\n<meta property=\"article:modified_time\" content=\"2018-02-18T11:49:00+00:00\" \/>\n<meta property=\"og:image\" content=\"https:\/\/limitgamers.com\/wp-content\/uploads\/2018\/02\/Criminal-Bundle-5.jpg\" \/>\n\t<meta property=\"og:image:width\" content=\"1438\" \/>\n\t<meta property=\"og:image:height\" content=\"770\" \/>\n\t<meta property=\"og:image:type\" content=\"image\/jpeg\" \/>\n<meta name=\"twitter:card\" content=\"summary_large_image\" \/>\n<meta name=\"twitter:site\" content=\"@limit_gamers\" \/>\n<meta name=\"twitter:label1\" content=\"Tiempo de lectura\" \/>\n\t<meta name=\"twitter:data1\" content=\"2 minutos\" \/>\n<script type=\"application\/ld+json\" class=\"yoast-schema-graph\">{\"@context\":\"https:\/\/schema.org\",\"@graph\":[{\"@type\":\"WebPage\",\"@id\":\"https:\/\/limitgamers.com\/index.php\/criminal-bundle\/\",\"url\":\"https:\/\/limitgamers.com\/index.php\/criminal-bundle\/\",\"name\":\"AN\u00c1LISIS DE CRIMINAL BUNDLE \u2502PC\u2502ELOQUENCE ENTERTAINMENT\",\"isPartOf\":{\"@id\":\"https:\/\/limitgamers.com\/#website\"},\"primaryImageOfPage\":{\"@id\":\"https:\/\/limitgamers.com\/index.php\/criminal-bundle\/#primaryimage\"},\"image\":{\"@id\":\"https:\/\/limitgamers.com\/index.php\/criminal-bundle\/#primaryimage\"},\"thumbnailUrl\":\"https:\/\/limitgamers.com\/wp-content\/uploads\/2018\/02\/Criminal-Bundle-5.jpg\",\"datePublished\":\"2018-02-18T11:31:35+00:00\",\"dateModified\":\"2018-02-18T11:49:00+00:00\",\"description\":\"aun as\u00ed, a su favor han concluido un t\u00edtulo con muy pocos errores t\u00e9cnicos, jugabilidad directa y divertido, ideal para jugar entre amigos, Criminal Bundle es el primer titulo de los espa\u00f1oles de eloquence entertainment\",\"breadcrumb\":{\"@id\":\"https:\/\/limitgamers.com\/index.php\/criminal-bundle\/#breadcrumb\"},\"inLanguage\":\"es\",\"potentialAction\":[{\"@type\":\"ReadAction\",\"target\":[\"https:\/\/limitgamers.com\/index.php\/criminal-bundle\/\"]}]},{\"@type\":\"ImageObject\",\"inLanguage\":\"es\",\"@id\":\"https:\/\/limitgamers.com\/index.php\/criminal-bundle\/#primaryimage\",\"url\":\"https:\/\/limitgamers.com\/wp-content\/uploads\/2018\/02\/Criminal-Bundle-5.jpg\",\"contentUrl\":\"https:\/\/limitgamers.com\/wp-content\/uploads\/2018\/02\/Criminal-Bundle-5.jpg\",\"width\":1438,\"height\":770,\"caption\":\"Criminal-Bundle\"},{\"@type\":\"BreadcrumbList\",\"@id\":\"https:\/\/limitgamers.com\/index.php\/criminal-bundle\/#breadcrumb\",\"itemListElement\":[{\"@type\":\"ListItem\",\"position\":1,\"name\":\"Portada\",\"item\":\"https:\/\/limitgamers.com\/\"},{\"@type\":\"ListItem\",\"position\":2,\"name\":\"Criminal Bundle\"}]},{\"@type\":\"WebSite\",\"@id\":\"https:\/\/limitgamers.com\/#website\",\"url\":\"https:\/\/limitgamers.com\/\",\"name\":\"LIMIT GAMERS\",\"description\":\"Bienvenido Gamers!\",\"publisher\":{\"@id\":\"https:\/\/limitgamers.com\/#organization\"},\"potentialAction\":[{\"@type\":\"SearchAction\",\"target\":{\"@type\":\"EntryPoint\",\"urlTemplate\":\"https:\/\/limitgamers.com\/?s={search_term_string}\"},\"query-input\":{\"@type\":\"PropertyValueSpecification\",\"valueRequired\":true,\"valueName\":\"search_term_string\"}}],\"inLanguage\":\"es\"},{\"@type\":\"Organization\",\"@id\":\"https:\/\/limitgamers.com\/#organization\",\"name\":\"Limit Gamers\",\"url\":\"https:\/\/limitgamers.com\/\",\"logo\":{\"@type\":\"ImageObject\",\"inLanguage\":\"es\",\"@id\":\"https:\/\/limitgamers.com\/#\/schema\/logo\/image\/\",\"url\":\"https:\/\/limitgamers.com\/wp-content\/uploads\/2016\/02\/limitgamers.jpg\",\"contentUrl\":\"https:\/\/limitgamers.com\/wp-content\/uploads\/2016\/02\/limitgamers.jpg\",\"width\":1712,\"height\":145,\"caption\":\"Limit Gamers\"},\"image\":{\"@id\":\"https:\/\/limitgamers.com\/#\/schema\/logo\/image\/\"},\"sameAs\":[\"https:\/\/www.facebook.com\/limitgamers\/\",\"https:\/\/x.com\/limit_gamers\",\"https:\/\/www.instagram.com\/limit_gamers\/\",\"http:\/\/www.youtube.com\/c\/Limitgamers\"]}]}<\/script>\n<!-- \/ Yoast SEO plugin. -->","yoast_head_json":{"title":"AN\u00c1LISIS DE CRIMINAL BUNDLE \u2502PC\u2502ELOQUENCE ENTERTAINMENT","description":"aun as\u00ed, a su favor han concluido un t\u00edtulo con muy pocos errores t\u00e9cnicos, jugabilidad directa y divertido, ideal para jugar entre amigos, Criminal Bundle es el primer titulo de los espa\u00f1oles de eloquence entertainment","robots":{"index":"index","follow":"follow","max-snippet":"max-snippet:-1","max-image-preview":"max-image-preview:large","max-video-preview":"max-video-preview:-1"},"canonical":"https:\/\/limitgamers.com\/index.php\/criminal-bundle\/","og_locale":"es_ES","og_type":"article","og_title":"AN\u00c1LISIS DE CRIMINAL BUNDLE \u2502PC\u2502ELOQUENCE ENTERTAINMENT","og_description":"aun as\u00ed, a su favor han concluido un t\u00edtulo con muy pocos errores t\u00e9cnicos, jugabilidad directa y divertido, ideal para jugar entre amigos, Criminal Bundle es el primer titulo de los espa\u00f1oles de eloquence entertainment","og_url":"https:\/\/limitgamers.com\/index.php\/criminal-bundle\/","og_site_name":"LIMIT GAMERS","article_publisher":"https:\/\/www.facebook.com\/limitgamers\/","article_modified_time":"2018-02-18T11:49:00+00:00","og_image":[{"width":1438,"height":770,"url":"https:\/\/limitgamers.com\/wp-content\/uploads\/2018\/02\/Criminal-Bundle-5.jpg","type":"image\/jpeg"}],"twitter_card":"summary_large_image","twitter_site":"@limit_gamers","twitter_misc":{"Tiempo de lectura":"2 minutos"},"schema":{"@context":"https:\/\/schema.org","@graph":[{"@type":"WebPage","@id":"https:\/\/limitgamers.com\/index.php\/criminal-bundle\/","url":"https:\/\/limitgamers.com\/index.php\/criminal-bundle\/","name":"AN\u00c1LISIS DE CRIMINAL BUNDLE \u2502PC\u2502ELOQUENCE ENTERTAINMENT","isPartOf":{"@id":"https:\/\/limitgamers.com\/#website"},"primaryImageOfPage":{"@id":"https:\/\/limitgamers.com\/index.php\/criminal-bundle\/#primaryimage"},"image":{"@id":"https:\/\/limitgamers.com\/index.php\/criminal-bundle\/#primaryimage"},"thumbnailUrl":"https:\/\/limitgamers.com\/wp-content\/uploads\/2018\/02\/Criminal-Bundle-5.jpg","datePublished":"2018-02-18T11:31:35+00:00","dateModified":"2018-02-18T11:49:00+00:00","description":"aun as\u00ed, a su favor han concluido un t\u00edtulo con muy pocos errores t\u00e9cnicos, jugabilidad directa y divertido, ideal para jugar entre amigos, Criminal Bundle es el primer titulo de los espa\u00f1oles de eloquence entertainment","breadcrumb":{"@id":"https:\/\/limitgamers.com\/index.php\/criminal-bundle\/#breadcrumb"},"inLanguage":"es","potentialAction":[{"@type":"ReadAction","target":["https:\/\/limitgamers.com\/index.php\/criminal-bundle\/"]}]},{"@type":"ImageObject","inLanguage":"es","@id":"https:\/\/limitgamers.com\/index.php\/criminal-bundle\/#primaryimage","url":"https:\/\/limitgamers.com\/wp-content\/uploads\/2018\/02\/Criminal-Bundle-5.jpg","contentUrl":"https:\/\/limitgamers.com\/wp-content\/uploads\/2018\/02\/Criminal-Bundle-5.jpg","width":1438,"height":770,"caption":"Criminal-Bundle"},{"@type":"BreadcrumbList","@id":"https:\/\/limitgamers.com\/index.php\/criminal-bundle\/#breadcrumb","itemListElement":[{"@type":"ListItem","position":1,"name":"Portada","item":"https:\/\/limitgamers.com\/"},{"@type":"ListItem","position":2,"name":"Criminal Bundle"}]},{"@type":"WebSite","@id":"https:\/\/limitgamers.com\/#website","url":"https:\/\/limitgamers.com\/","name":"LIMIT GAMERS","description":"Bienvenido Gamers!","publisher":{"@id":"https:\/\/limitgamers.com\/#organization"},"potentialAction":[{"@type":"SearchAction","target":{"@type":"EntryPoint","urlTemplate":"https:\/\/limitgamers.com\/?s={search_term_string}"},"query-input":{"@type":"PropertyValueSpecification","valueRequired":true,"valueName":"search_term_string"}}],"inLanguage":"es"},{"@type":"Organization","@id":"https:\/\/limitgamers.com\/#organization","name":"Limit Gamers","url":"https:\/\/limitgamers.com\/","logo":{"@type":"ImageObject","inLanguage":"es","@id":"https:\/\/limitgamers.com\/#\/schema\/logo\/image\/","url":"https:\/\/limitgamers.com\/wp-content\/uploads\/2016\/02\/limitgamers.jpg","contentUrl":"https:\/\/limitgamers.com\/wp-content\/uploads\/2016\/02\/limitgamers.jpg","width":1712,"height":145,"caption":"Limit Gamers"},"image":{"@id":"https:\/\/limitgamers.com\/#\/schema\/logo\/image\/"},"sameAs":["https:\/\/www.facebook.com\/limitgamers\/","https:\/\/x.com\/limit_gamers","https:\/\/www.instagram.com\/limit_gamers\/","http:\/\/www.youtube.com\/c\/Limitgamers"]}]}},"_links":{"self":[{"href":"https:\/\/limitgamers.com\/index.php\/wp-json\/wp\/v2\/pages\/14024","targetHints":{"allow":["GET"]}}],"collection":[{"href":"https:\/\/limitgamers.com\/index.php\/wp-json\/wp\/v2\/pages"}],"about":[{"href":"https:\/\/limitgamers.com\/index.php\/wp-json\/wp\/v2\/types\/page"}],"author":[{"embeddable":true,"href":"https:\/\/limitgamers.com\/index.php\/wp-json\/wp\/v2\/users\/1"}],"replies":[{"embeddable":true,"href":"https:\/\/limitgamers.com\/index.php\/wp-json\/wp\/v2\/comments?post=14024"}],"version-history":[{"count":0,"href":"https:\/\/limitgamers.com\/index.php\/wp-json\/wp\/v2\/pages\/14024\/revisions"}],"wp:featuredmedia":[{"embeddable":true,"href":"https:\/\/limitgamers.com\/index.php\/wp-json\/wp\/v2\/media\/14029"}],"wp:attachment":[{"href":"https:\/\/limitgamers.com\/index.php\/wp-json\/wp\/v2\/media?parent=14024"}],"wp:term":[{"taxonomy":"post_tag","embeddable":true,"href":"https:\/\/limitgamers.com\/index.php\/wp-json\/wp\/v2\/tags?post=14024"},{"taxonomy":"gp_hubs","embeddable":true,"href":"https:\/\/limitgamers.com\/index.php\/wp-json\/wp\/v2\/gp_hubs?post=14024"},{"taxonomy":"fecha-lanzamiento","embeddable":true,"href":"https:\/\/limitgamers.com\/index.php\/wp-json\/wp\/v2\/fecha-lanzamiento?post=14024"},{"taxonomy":"genero","embeddable":true,"href":"https:\/\/limitgamers.com\/index.php\/wp-json\/wp\/v2\/genero?post=14024"},{"taxonomy":"recomendacion-edad","embeddable":true,"href":"https:\/\/limitgamers.com\/index.php\/wp-json\/wp\/v2\/recomendacion-edad?post=14024"},{"taxonomy":"compania","embeddable":true,"href":"https:\/\/limitgamers.com\/index.php\/wp-json\/wp\/v2\/compania?post=14024"},{"taxonomy":"publicado","embeddable":true,"href":"https:\/\/limitgamers.com\/index.php\/wp-json\/wp\/v2\/publicado?post=14024"}],"curies":[{"name":"wp","href":"https:\/\/api.w.org\/{rel}","templated":true}]}}