{"id":11629,"date":"2017-05-06T02:34:39","date_gmt":"2017-05-06T00:34:39","guid":{"rendered":"http:\/\/limitgamers.com\/?page_id=11629"},"modified":"2017-05-06T02:37:28","modified_gmt":"2017-05-06T00:37:28","slug":"requisitos","status":"publish","type":"page","link":"https:\/\/limitgamers.com\/index.php\/bayonetta\/requisitos\/","title":{"rendered":"Requisitos"},"content":{"rendered":"<h4 class=\"game_area_sys_req_leftCol\" style=\"text-align: center;\">Requisitos m\u00ednimos y recomendados para Bayonetta en PC<\/h4>\n<div class=\"game_area_sys_req_leftCol\"><\/div>\n<div class=\"game_area_sys_req_leftCol\"><strong>M\u00cdNIMO:<\/strong><\/p>\n<ul>\n<li style=\"list-style-type: none;\">\n<ul class=\"bb_ul\">\n<li><strong>SO:<\/strong> Microsoft Windows 7 \/ 8 (8.1)\/ 10<\/li>\n<li><strong>Procesador:<\/strong> Core i3 3220<\/li>\n<li><strong>Memoria:<\/strong> 4 GB de RAM<\/li>\n<li><strong>Gr\u00e1ficos:<\/strong> Radeon HD6950 \/ GeForce GTX 570 (VRAM 768MB)<\/li>\n<li><strong>DirectX:<\/strong> Versi\u00f3n 9.0c<\/li>\n<li><strong>Almacenamiento:<\/strong> 20 GB de espacio disponible<\/li>\n<\/ul>\n<\/li>\n<\/ul>\n<\/div>\n<div class=\"game_area_sys_req_rightCol\"><strong>RECOMENDADO:<\/strong><\/p>\n<ul>\n<li style=\"list-style-type: none;\">\n<ul class=\"bb_ul\">\n<li><strong>SO:<\/strong> Windows 7 \/ 8 (8.1)\/ 10<\/li>\n<li><strong>Procesador:<\/strong> Core i5 4460<\/li>\n<li><strong>Memoria:<\/strong> 8 GB de RAM<\/li>\n<li><strong>Gr\u00e1ficos:<\/strong> Radeon HD7870 \/ Geforce GTX 760 or more (VRAM 2GB or more)<\/li>\n<li><strong>DirectX:<\/strong> Versi\u00f3n 9.0c<\/li>\n<li><strong>Almacenamiento:<\/strong> 20 GB de espacio disponible<\/li>\n<\/ul>\n<\/li>\n<\/ul>\n<hr \/>\n<p><strong>NUESTRO EQUIPO:<\/strong><\/p>\n<ul class=\"bb_ul\">\n<li><strong>SO:<\/strong> Windows 10 PRO<\/li>\n<li><strong>Procesador:<\/strong>\u00a0AMD FX-8350 BLACK EDITION<\/li>\n<li><strong>Memoria:<\/strong>\u00a016GB de RAM<\/li>\n<li><strong>Gr\u00e1ficos:<\/strong>\u00a0Geforce GTX1060\u00a06GB (Asus Dual OC)<\/li>\n<li><strong>DirectX:<\/strong> Versi\u00f3n\u00a012<\/li>\n<li><strong>Almacenamiento:<\/strong> 20 GB de espacio disponible<\/li>\n<li><strong>Configuraci\u00f3n gr\u00e1fica:\u00a0<\/strong>Todo ultra, MSXAA x16, HDR, 4K<\/li>\n<\/ul>\n<\/div>\n","protected":false},"excerpt":{"rendered":"<p>Requisitos m\u00ednimos y recomendados para Bayonetta en PC M\u00cdNIMO: SO: Microsoft Windows 7 \/ 8 (8.1)\/ 10 Procesador: Core i3 3220 Memoria: 4 GB de RAM Gr\u00e1ficos: Radeon HD6950 \/ GeForce GTX 570 (VRAM 768MB) DirectX: Versi\u00f3n 9.0c Almacenamiento: 20 GB de espacio disponible RECOMENDADO: SO: Windows 7 \/ 8 (8.1)\/ 10 Procesador: Core i5 4460 Memoria: 8 GB de RAM Gr\u00e1ficos: Radeon HD7870 \/ Geforce GTX 760 or more (VRAM 2GB or more) DirectX: Versi\u00f3n 9.0c Almacenamiento: 20 GB de espacio disponible NUESTRO EQUIPO: SO: Windows 10 PRO Procesador:\u00a0AMD FX-8350 BLACK EDITION Memoria:\u00a016GB de RAM Gr\u00e1ficos:\u00a0Geforce GTX1060\u00a06GB (Asus Dual OC) DirectX: Versi\u00f3n\u00a012 Almacenamiento: 20 GB de espacio disponible Configuraci\u00f3n gr\u00e1fica:\u00a0Todo ultra, MSXAA x16, HDR, 4K<\/p>\n","protected":false},"author":1,"featured_media":11572,"parent":11565,"menu_order":0,"comment_status":"open","ping_status":"closed","template":"","meta":{"footnotes":""},"tags":[1105,133,830,710,209,374],"gp_hubs":[],"fecha-lanzamiento":[],"genero":[],"recomendacion-edad":[],"compania":[],"publicado":[],"class_list":{"0":"post-11629","1":"page","2":"type-page","3":"status-publish","4":"has-post-thumbnail","6":"tag-bayonetta","7":"tag-pc","8":"tag-platinum-games","9":"tag-requisitos","10":"tag-sega","11":"tag-steam"},"yoast_head":"<!-- This site is optimized with the Yoast SEO plugin v26.8 - https:\/\/yoast.com\/product\/yoast-seo-wordpress\/ -->\n<title>Requisitos m\u00ednimos y recomendados para Bayonetta PC- LIMIT GAMERS<\/title>\n<meta name=\"description\" content=\"Conoce los requisitos m\u00ednimos y recomendados para Bayonetta en PC, ademas de contar con la referencia de nuestro equipo usado para su an\u00e1lisis\" \/>\n<meta name=\"robots\" content=\"index, follow, max-snippet:-1, max-image-preview:large, max-video-preview:-1\" \/>\n<link rel=\"canonical\" href=\"https:\/\/limitgamers.com\/index.php\/bayonetta\/requisitos\/\" \/>\n<meta property=\"og:locale\" content=\"es_ES\" \/>\n<meta property=\"og:type\" content=\"article\" \/>\n<meta property=\"og:title\" content=\"Requisitos m\u00ednimos y recomendados para Bayonetta PC- LIMIT GAMERS\" \/>\n<meta property=\"og:description\" content=\"Conoce los requisitos m\u00ednimos y recomendados para Bayonetta en PC, ademas de contar con la referencia de nuestro equipo usado para su an\u00e1lisis\" \/>\n<meta property=\"og:url\" content=\"https:\/\/limitgamers.com\/index.php\/bayonetta\/requisitos\/\" \/>\n<meta property=\"og:site_name\" content=\"LIMIT GAMERS\" \/>\n<meta property=\"article:publisher\" content=\"https:\/\/www.facebook.com\/limitgamers\/\" \/>\n<meta property=\"article:modified_time\" content=\"2017-05-06T00:37:28+00:00\" \/>\n<meta property=\"og:image\" content=\"https:\/\/limitgamers.com\/wp-content\/uploads\/2017\/05\/Bayonetta-De-1927737-1.jpg\" \/>\n\t<meta property=\"og:image:width\" content=\"1920\" \/>\n\t<meta property=\"og:image:height\" content=\"1200\" \/>\n\t<meta property=\"og:image:type\" content=\"image\/jpeg\" \/>\n<meta name=\"twitter:card\" content=\"summary_large_image\" \/>\n<meta name=\"twitter:site\" content=\"@limit_gamers\" \/>\n<meta name=\"twitter:label1\" content=\"Tiempo de lectura\" \/>\n\t<meta name=\"twitter:data1\" content=\"1 minuto\" \/>\n<script type=\"application\/ld+json\" class=\"yoast-schema-graph\">{\"@context\":\"https:\/\/schema.org\",\"@graph\":[{\"@type\":\"WebPage\",\"@id\":\"https:\/\/limitgamers.com\/index.php\/bayonetta\/requisitos\/\",\"url\":\"https:\/\/limitgamers.com\/index.php\/bayonetta\/requisitos\/\",\"name\":\"Requisitos m\u00ednimos y recomendados para Bayonetta PC- LIMIT GAMERS\",\"isPartOf\":{\"@id\":\"https:\/\/limitgamers.com\/#website\"},\"primaryImageOfPage\":{\"@id\":\"https:\/\/limitgamers.com\/index.php\/bayonetta\/requisitos\/#primaryimage\"},\"image\":{\"@id\":\"https:\/\/limitgamers.com\/index.php\/bayonetta\/requisitos\/#primaryimage\"},\"thumbnailUrl\":\"https:\/\/limitgamers.com\/wp-content\/uploads\/2017\/05\/Bayonetta-De-1927737-1.jpg\",\"datePublished\":\"2017-05-06T00:34:39+00:00\",\"dateModified\":\"2017-05-06T00:37:28+00:00\",\"description\":\"Conoce los requisitos m\u00ednimos y recomendados para Bayonetta en PC, ademas de contar con la referencia de nuestro equipo usado para su an\u00e1lisis\",\"breadcrumb\":{\"@id\":\"https:\/\/limitgamers.com\/index.php\/bayonetta\/requisitos\/#breadcrumb\"},\"inLanguage\":\"es\",\"potentialAction\":[{\"@type\":\"ReadAction\",\"target\":[\"https:\/\/limitgamers.com\/index.php\/bayonetta\/requisitos\/\"]}]},{\"@type\":\"ImageObject\",\"inLanguage\":\"es\",\"@id\":\"https:\/\/limitgamers.com\/index.php\/bayonetta\/requisitos\/#primaryimage\",\"url\":\"https:\/\/limitgamers.com\/wp-content\/uploads\/2017\/05\/Bayonetta-De-1927737-1.jpg\",\"contentUrl\":\"https:\/\/limitgamers.com\/wp-content\/uploads\/2017\/05\/Bayonetta-De-1927737-1.jpg\",\"width\":1920,\"height\":1200,\"caption\":\"Bayonetta Steam\"},{\"@type\":\"BreadcrumbList\",\"@id\":\"https:\/\/limitgamers.com\/index.php\/bayonetta\/requisitos\/#breadcrumb\",\"itemListElement\":[{\"@type\":\"ListItem\",\"position\":1,\"name\":\"Portada\",\"item\":\"https:\/\/limitgamers.com\/\"},{\"@type\":\"ListItem\",\"position\":2,\"name\":\"Bayonetta\",\"item\":\"https:\/\/limitgamers.com\/index.php\/bayonetta\/\"},{\"@type\":\"ListItem\",\"position\":3,\"name\":\"Requisitos\"}]},{\"@type\":\"WebSite\",\"@id\":\"https:\/\/limitgamers.com\/#website\",\"url\":\"https:\/\/limitgamers.com\/\",\"name\":\"LIMIT GAMERS\",\"description\":\"Bienvenido Gamers!\",\"publisher\":{\"@id\":\"https:\/\/limitgamers.com\/#organization\"},\"potentialAction\":[{\"@type\":\"SearchAction\",\"target\":{\"@type\":\"EntryPoint\",\"urlTemplate\":\"https:\/\/limitgamers.com\/?s={search_term_string}\"},\"query-input\":{\"@type\":\"PropertyValueSpecification\",\"valueRequired\":true,\"valueName\":\"search_term_string\"}}],\"inLanguage\":\"es\"},{\"@type\":\"Organization\",\"@id\":\"https:\/\/limitgamers.com\/#organization\",\"name\":\"Limit Gamers\",\"url\":\"https:\/\/limitgamers.com\/\",\"logo\":{\"@type\":\"ImageObject\",\"inLanguage\":\"es\",\"@id\":\"https:\/\/limitgamers.com\/#\/schema\/logo\/image\/\",\"url\":\"https:\/\/limitgamers.com\/wp-content\/uploads\/2016\/02\/limitgamers.jpg\",\"contentUrl\":\"https:\/\/limitgamers.com\/wp-content\/uploads\/2016\/02\/limitgamers.jpg\",\"width\":1712,\"height\":145,\"caption\":\"Limit Gamers\"},\"image\":{\"@id\":\"https:\/\/limitgamers.com\/#\/schema\/logo\/image\/\"},\"sameAs\":[\"https:\/\/www.facebook.com\/limitgamers\/\",\"https:\/\/x.com\/limit_gamers\",\"https:\/\/www.instagram.com\/limit_gamers\/\",\"http:\/\/www.youtube.com\/c\/Limitgamers\"]}]}<\/script>\n<!-- \/ Yoast SEO plugin. -->","yoast_head_json":{"title":"Requisitos m\u00ednimos y recomendados para Bayonetta PC- LIMIT GAMERS","description":"Conoce los requisitos m\u00ednimos y recomendados para Bayonetta en PC, ademas de contar con la referencia de nuestro equipo usado para su an\u00e1lisis","robots":{"index":"index","follow":"follow","max-snippet":"max-snippet:-1","max-image-preview":"max-image-preview:large","max-video-preview":"max-video-preview:-1"},"canonical":"https:\/\/limitgamers.com\/index.php\/bayonetta\/requisitos\/","og_locale":"es_ES","og_type":"article","og_title":"Requisitos m\u00ednimos y recomendados para Bayonetta PC- LIMIT GAMERS","og_description":"Conoce los requisitos m\u00ednimos y recomendados para Bayonetta en PC, ademas de contar con la referencia de nuestro equipo usado para su an\u00e1lisis","og_url":"https:\/\/limitgamers.com\/index.php\/bayonetta\/requisitos\/","og_site_name":"LIMIT GAMERS","article_publisher":"https:\/\/www.facebook.com\/limitgamers\/","article_modified_time":"2017-05-06T00:37:28+00:00","og_image":[{"width":1920,"height":1200,"url":"https:\/\/limitgamers.com\/wp-content\/uploads\/2017\/05\/Bayonetta-De-1927737-1.jpg","type":"image\/jpeg"}],"twitter_card":"summary_large_image","twitter_site":"@limit_gamers","twitter_misc":{"Tiempo de lectura":"1 minuto"},"schema":{"@context":"https:\/\/schema.org","@graph":[{"@type":"WebPage","@id":"https:\/\/limitgamers.com\/index.php\/bayonetta\/requisitos\/","url":"https:\/\/limitgamers.com\/index.php\/bayonetta\/requisitos\/","name":"Requisitos m\u00ednimos y recomendados para Bayonetta PC- LIMIT GAMERS","isPartOf":{"@id":"https:\/\/limitgamers.com\/#website"},"primaryImageOfPage":{"@id":"https:\/\/limitgamers.com\/index.php\/bayonetta\/requisitos\/#primaryimage"},"image":{"@id":"https:\/\/limitgamers.com\/index.php\/bayonetta\/requisitos\/#primaryimage"},"thumbnailUrl":"https:\/\/limitgamers.com\/wp-content\/uploads\/2017\/05\/Bayonetta-De-1927737-1.jpg","datePublished":"2017-05-06T00:34:39+00:00","dateModified":"2017-05-06T00:37:28+00:00","description":"Conoce los requisitos m\u00ednimos y recomendados para Bayonetta en PC, ademas de contar con la referencia de nuestro equipo usado para su an\u00e1lisis","breadcrumb":{"@id":"https:\/\/limitgamers.com\/index.php\/bayonetta\/requisitos\/#breadcrumb"},"inLanguage":"es","potentialAction":[{"@type":"ReadAction","target":["https:\/\/limitgamers.com\/index.php\/bayonetta\/requisitos\/"]}]},{"@type":"ImageObject","inLanguage":"es","@id":"https:\/\/limitgamers.com\/index.php\/bayonetta\/requisitos\/#primaryimage","url":"https:\/\/limitgamers.com\/wp-content\/uploads\/2017\/05\/Bayonetta-De-1927737-1.jpg","contentUrl":"https:\/\/limitgamers.com\/wp-content\/uploads\/2017\/05\/Bayonetta-De-1927737-1.jpg","width":1920,"height":1200,"caption":"Bayonetta Steam"},{"@type":"BreadcrumbList","@id":"https:\/\/limitgamers.com\/index.php\/bayonetta\/requisitos\/#breadcrumb","itemListElement":[{"@type":"ListItem","position":1,"name":"Portada","item":"https:\/\/limitgamers.com\/"},{"@type":"ListItem","position":2,"name":"Bayonetta","item":"https:\/\/limitgamers.com\/index.php\/bayonetta\/"},{"@type":"ListItem","position":3,"name":"Requisitos"}]},{"@type":"WebSite","@id":"https:\/\/limitgamers.com\/#website","url":"https:\/\/limitgamers.com\/","name":"LIMIT GAMERS","description":"Bienvenido Gamers!","publisher":{"@id":"https:\/\/limitgamers.com\/#organization"},"potentialAction":[{"@type":"SearchAction","target":{"@type":"EntryPoint","urlTemplate":"https:\/\/limitgamers.com\/?s={search_term_string}"},"query-input":{"@type":"PropertyValueSpecification","valueRequired":true,"valueName":"search_term_string"}}],"inLanguage":"es"},{"@type":"Organization","@id":"https:\/\/limitgamers.com\/#organization","name":"Limit Gamers","url":"https:\/\/limitgamers.com\/","logo":{"@type":"ImageObject","inLanguage":"es","@id":"https:\/\/limitgamers.com\/#\/schema\/logo\/image\/","url":"https:\/\/limitgamers.com\/wp-content\/uploads\/2016\/02\/limitgamers.jpg","contentUrl":"https:\/\/limitgamers.com\/wp-content\/uploads\/2016\/02\/limitgamers.jpg","width":1712,"height":145,"caption":"Limit Gamers"},"image":{"@id":"https:\/\/limitgamers.com\/#\/schema\/logo\/image\/"},"sameAs":["https:\/\/www.facebook.com\/limitgamers\/","https:\/\/x.com\/limit_gamers","https:\/\/www.instagram.com\/limit_gamers\/","http:\/\/www.youtube.com\/c\/Limitgamers"]}]}},"_links":{"self":[{"href":"https:\/\/limitgamers.com\/index.php\/wp-json\/wp\/v2\/pages\/11629","targetHints":{"allow":["GET"]}}],"collection":[{"href":"https:\/\/limitgamers.com\/index.php\/wp-json\/wp\/v2\/pages"}],"about":[{"href":"https:\/\/limitgamers.com\/index.php\/wp-json\/wp\/v2\/types\/page"}],"author":[{"embeddable":true,"href":"https:\/\/limitgamers.com\/index.php\/wp-json\/wp\/v2\/users\/1"}],"replies":[{"embeddable":true,"href":"https:\/\/limitgamers.com\/index.php\/wp-json\/wp\/v2\/comments?post=11629"}],"version-history":[{"count":0,"href":"https:\/\/limitgamers.com\/index.php\/wp-json\/wp\/v2\/pages\/11629\/revisions"}],"up":[{"embeddable":true,"href":"https:\/\/limitgamers.com\/index.php\/wp-json\/wp\/v2\/pages\/11565"}],"wp:featuredmedia":[{"embeddable":true,"href":"https:\/\/limitgamers.com\/index.php\/wp-json\/wp\/v2\/media\/11572"}],"wp:attachment":[{"href":"https:\/\/limitgamers.com\/index.php\/wp-json\/wp\/v2\/media?parent=11629"}],"wp:term":[{"taxonomy":"post_tag","embeddable":true,"href":"https:\/\/limitgamers.com\/index.php\/wp-json\/wp\/v2\/tags?post=11629"},{"taxonomy":"gp_hubs","embeddable":true,"href":"https:\/\/limitgamers.com\/index.php\/wp-json\/wp\/v2\/gp_hubs?post=11629"},{"taxonomy":"fecha-lanzamiento","embeddable":true,"href":"https:\/\/limitgamers.com\/index.php\/wp-json\/wp\/v2\/fecha-lanzamiento?post=11629"},{"taxonomy":"genero","embeddable":true,"href":"https:\/\/limitgamers.com\/index.php\/wp-json\/wp\/v2\/genero?post=11629"},{"taxonomy":"recomendacion-edad","embeddable":true,"href":"https:\/\/limitgamers.com\/index.php\/wp-json\/wp\/v2\/recomendacion-edad?post=11629"},{"taxonomy":"compania","embeddable":true,"href":"https:\/\/limitgamers.com\/index.php\/wp-json\/wp\/v2\/compania?post=11629"},{"taxonomy":"publicado","embeddable":true,"href":"https:\/\/limitgamers.com\/index.php\/wp-json\/wp\/v2\/publicado?post=11629"}],"curies":[{"name":"wp","href":"https:\/\/api.w.org\/{rel}","templated":true}]}}