{"id":11547,"date":"2017-05-02T21:27:56","date_gmt":"2017-05-02T19:27:56","guid":{"rendered":"http:\/\/limitgamers.com\/?page_id=11547"},"modified":"2017-10-05T09:01:31","modified_gmt":"2017-10-05T07:01:31","slug":"avance","status":"publish","type":"page","link":"https:\/\/limitgamers.com\/index.php\/quake-champions\/avance\/","title":{"rendered":"Avance"},"content":{"rendered":"<h5><strong>El pasado E3 varios de esta web nos alegramos ver que la franquicia\u00a0Quake\u00a0volv\u00eda, y en la conferencia nos prometieron que mantendr\u00eda intacta la \u201cfilosof\u00eda\u201d de esta franquicia.<\/strong><\/h5>\n<p>No siempre estas resurrecciones de t\u00edtulos legendarios son buenos, aunque visto lo conseguido por\u00a0<strong>ID Software<\/strong>\u00a0con el reboot de\u00a0<strong>Doom<\/strong>, est\u00e1 claro que esta entrega de Quake se encuentra en muy buenas manos, \u00bfpero llegar\u00e1 a los niveles del brutal\u00a0<strong>Quake III Arena<\/strong>? Sin duda la referencia a seguir en la franquicia, al menos en lo que a multijugador se refiere.\u00a0Este fin de semana tuvimos acceso a la<strong>\u00a0beta cerrada de Quake Championship<\/strong>, yo y mi compa\u00f1ero @Acha pudimos disfrutar de todo lo que nos espera en el pr\u00f3ximo t\u00edtulo de ID Software que se estrenar\u00e1 a lo largo de este a\u00f1o, aunque de momento sin fecha confirmada oficialmente.<a href=\"http:\/\/limitgamers.com\/wp-content\/uploads\/2017\/05\/QCBurialChamber_ShantaksDemise2_1490190835.jpg\" data-rel=\"prettyPhoto\"><img loading=\"lazy\" decoding=\"async\" class=\"size-full wp-image-11556 aligncenter\" src=\"http:\/\/limitgamers.com\/wp-content\/uploads\/2017\/05\/QCBurialChamber_ShantaksDemise2_1490190835.jpg\" alt=\"\" width=\"1400\" height=\"700\" srcset=\"https:\/\/limitgamers.com\/wp-content\/uploads\/2017\/05\/QCBurialChamber_ShantaksDemise2_1490190835.jpg 1400w, https:\/\/limitgamers.com\/wp-content\/uploads\/2017\/05\/QCBurialChamber_ShantaksDemise2_1490190835-30x15.jpg 30w\" sizes=\"auto, (max-width: 1400px) 100vw, 1400px\" \/><\/a><\/p>\n<p>La beta nos daba acceso a tres mapas, tres modalidades, y a algunos h\u00e9roes. Los modos disponibles fueron el todos contra todos (TCT), el Deathmatch por equipos, y el modo duelo, que era necesario tener en tu haber 3 h\u00e9roes desbloqueados para poder disfrutar de \u00e9l.<\/p>\n<p><span style=\"font-size: 24px;\"><strong>Quake en estado puro <\/strong><\/span><\/p>\n<p>Pasillero, armas o habilidades muy ventajosos, cero estrategias, pura velocidad y disparos, sangre, y diversi\u00f3n\u2026 vamos que conserva las bases que hizo grande a esta franquicia. Es cierto que no pudimos probar m\u00e1s en profundidad lo que nos espera en la versi\u00f3n final, pero podemos adelantarte que sus escenarios conservan la ambientaci\u00f3n y la disposici\u00f3n cl\u00e1sica: pasillos, saltos y varios niveles desde donde fulminar a tus enemigos.<a href=\"http:\/\/limitgamers.com\/wp-content\/uploads\/2017\/05\/QuakeChampions_Nyx_Screen1_Mar17_1488982225.png\" data-rel=\"prettyPhoto\"><img loading=\"lazy\" decoding=\"async\" class=\"size-medium wp-image-11555 aligncenter\" src=\"http:\/\/limitgamers.com\/wp-content\/uploads\/2017\/05\/QuakeChampions_Nyx_Screen1_Mar17_1488982225.png\" alt=\"\" width=\"1280\" height=\"720\" srcset=\"https:\/\/limitgamers.com\/wp-content\/uploads\/2017\/05\/QuakeChampions_Nyx_Screen1_Mar17_1488982225.png 1280w, https:\/\/limitgamers.com\/wp-content\/uploads\/2017\/05\/QuakeChampions_Nyx_Screen1_Mar17_1488982225-30x17.png 30w\" sizes=\"auto, (max-width: 1280px) 100vw, 1280px\" \/><\/a><\/p>\n<p>En cuanto a armas, pudimos trastear con unas 7 armas, y como de costumbre la Railgun, hace honores a su fama, siendo el arma m\u00e1s mort\u00edfera en manos de quien la domine. Otros aspectos como \u00edtems de salud o armadura siguen presentes por el escenario. Hemos podido manejar a 3 h\u00e9roes diferentes, el cada cual tiene una habilidad, cuyo beneficio para el combate me deja en dudas, si el resto de heroes no probados tendr\u00e1n alguna habilidad que destaque por encima del resto y veamos partidas con 12 h\u00e9roes id\u00e9nticos.<\/p>\n<h5 style=\"text-align: center;\"><strong><span style=\"color: #ff0000;\">\u00abSi nunca jugasteis a ninguno, esta entrega es id\u00f3nea para empezar, <\/span><\/strong><\/h5>\n<h5 style=\"text-align: center;\"><strong><span style=\"color: #ff0000;\">su modelo de negocio F2P (Free to Play, o sea gratis)<\/span><\/strong><\/h5>\n<h5 style=\"text-align: center;\"><strong><span style=\"color: #ff0000;\"> invita que lo prob\u00e9is una vez este en el mercado para su descarga.\u00bb<\/span><\/strong><\/h5>\n<p><span style=\"font-size: 24px;\"><strong>Morir, morir, morir\u2026.<\/strong><\/span><\/p>\n<p>Aqu\u00ed morir es el pan de cada d\u00eda, en una partida caer muerto varias veces es normal, te mataran por la espalda, en el aire, de frente, en compa\u00f1\u00eda, al nacer\u2026. Vamos en nuestra prueba, nos toc\u00f3 una partida con unas fieras, que nos destrozaron vivos\u2026 y aun as\u00ed es divertido, ver c\u00f3mo nos esparcen nuestras v\u00edsceras por la pantalla, eso s\u00ed, cuando te toca a ti matar, \u00a1es un vicio!, \u00a0\u00a0partidas cortas, acci\u00f3n desde el minuto 0, y vuelta a empezar, as\u00ed es Quake.<\/p>\n<p><span style=\"font-size: 24px;\"><strong>FPS controlados<\/strong><\/span><\/p>\n<p>Desde un principio se prometi\u00f3 que este Quake est\u00e1 orientado a los E-sports, prueba de ello es su lanzamiento de momento exclusivo de PC, y visto los FPS que alcanza en PC, no me extra\u00f1a nada, ser\u00eda pr\u00e1cticamente injugable si lo hubi\u00e9ramos disfrutado con menos FPS. Mi equipo de gama media tiraba con \u00e9l a 60FPS muy estables, y la calidad gr\u00e1fica no es su punto m\u00e1s fuerte, pero esto no es un punto negativo, se ha realizado con la intenci\u00f3n de que m\u00e1s jugadores puedan disfrutar de el sin verse afectado por requisitos al alcance de los mejores Master Race PC.<\/p>\n<p>Si nunca jugasteis a ninguno, esta entrega es id\u00f3nea para empezar, su modelo de negocio F2P (Free to Play, o sea gratis) invita que lo prob\u00e9is una vez este en el mercado para su descarga, y los que quieren un juego m\u00e1s tradicional podr\u00e1n pagara la edici\u00f3n Champions que desde el primer momento tendr\u00e1n acceso a todo los H\u00e9roes.<\/p>\n<h5 style=\"text-align: center;\"><strong><span style=\"color: #ff0000;\">\u00abPasillero, armas o habilidades muy ventajosos, cero estrategias, pura velocidad y disparos, sangre, y diversi\u00f3n\u2026esto es Quake\u00bb<\/span><\/strong><\/h5>\n<p><span style=\"font-size: 24px;\"><strong>Futuro<\/strong><\/span><\/p>\n<p>A falta de pulir alg\u00fan fallito leve, este juego promete, y puede convertirse en unos de los grandes exclusivos del PC de este a\u00f1o, un estilo Old School que ech\u00e1bamos de menos, donde prima la acci\u00f3n a la estrategia. Adem\u00e1s su modelo F2P, llamara a muchos jugadores que no conozcan esta serie, como duda, su versi\u00f3n de pago, que esperemos que no divida a la comunidad que se formara en torno al juego, y otra inc\u00f3gnita son sus modos de juego, si cumplir\u00e1 con los gustos de todos.<\/p>\n<p>&nbsp;<\/p>\n","protected":false},"excerpt":{"rendered":"<p>El pasado E3 varios de esta web nos alegramos ver que la franquicia\u00a0Quake\u00a0volv\u00eda, y en la conferencia nos prometieron que mantendr\u00eda intacta la \u201cfilosof\u00eda\u201d de esta franquicia. No siempre estas resurrecciones de t\u00edtulos legendarios son buenos, aunque visto lo conseguido por\u00a0ID Software\u00a0con el reboot de\u00a0Doom, est\u00e1 claro que esta entrega de Quake se encuentra en muy buenas manos, \u00bfpero llegar\u00e1 a los niveles del brutal\u00a0Quake III Arena? Sin duda la referencia a seguir en la franquicia, al menos en lo que a multijugador se refiere.\u00a0Este fin de semana tuvimos acceso a la\u00a0beta cerrada de Quake Championship, yo y mi compa\u00f1ero @Acha pudimos disfrutar de todo lo que nos espera en el pr\u00f3ximo t\u00edtulo de ID Software que se estrenar\u00e1 a lo largo de este a\u00f1o, aunque de momento sin fecha confirmada oficialmente. La beta nos daba acceso a tres mapas, tres modalidades, y a algunos h\u00e9roes. Los modos disponibles fueron el todos contra todos (TCT), el Deathmatch por equipos, y el modo duelo, que era necesario tener en tu haber 3 h\u00e9roes desbloqueados para poder disfrutar de \u00e9l. Quake en estado puro Pasillero, armas o habilidades muy ventajosos, cero estrategias, pura velocidad y disparos, sangre, y diversi\u00f3n\u2026 vamos que conserva las bases que hizo grande a esta franquicia. Es cierto que no pudimos probar m\u00e1s en profundidad lo que nos espera en la versi\u00f3n final, pero podemos adelantarte que sus escenarios conservan la ambientaci\u00f3n y la disposici\u00f3n cl\u00e1sica: pasillos, saltos y varios niveles desde donde fulminar a tus enemigos. En cuanto a armas, pudimos trastear con unas 7 armas, y como de costumbre la Railgun, hace honores a su fama, siendo el arma m\u00e1s mort\u00edfera en manos de quien la domine. Otros aspectos como \u00edtems de salud o armadura siguen presentes por el escenario. Hemos podido manejar a 3 h\u00e9roes diferentes, el cada cual tiene una habilidad, cuyo beneficio para el combate me deja en dudas, si el resto de heroes no probados tendr\u00e1n alguna habilidad que destaque por encima del resto y veamos partidas con 12 h\u00e9roes id\u00e9nticos. \u00abSi nunca jugasteis a ninguno, esta entrega es id\u00f3nea para empezar, su modelo de negocio F2P (Free to Play, o sea gratis) invita que lo prob\u00e9is una vez este en el mercado para su descarga.\u00bb Morir, morir, morir\u2026. Aqu\u00ed morir es el pan de cada d\u00eda, en una partida caer muerto varias veces es normal, te mataran por la espalda, en el aire, de frente, en compa\u00f1\u00eda, al nacer\u2026. Vamos en nuestra prueba, nos toc\u00f3 una partida con unas fieras, que nos destrozaron vivos\u2026 y aun as\u00ed es divertido, ver c\u00f3mo nos esparcen nuestras v\u00edsceras por la pantalla, eso s\u00ed, cuando te toca a ti matar, \u00a1es un vicio!, \u00a0\u00a0partidas cortas, acci\u00f3n desde el minuto 0, y vuelta a empezar, as\u00ed es Quake. FPS controlados Desde un principio se prometi\u00f3 que este Quake est\u00e1 orientado a los E-sports, prueba de ello es su lanzamiento de momento exclusivo de PC, y visto los FPS que alcanza en PC, no me extra\u00f1a nada, ser\u00eda pr\u00e1cticamente injugable si lo hubi\u00e9ramos disfrutado con menos FPS. Mi equipo de gama media tiraba con \u00e9l a 60FPS muy estables, y la calidad gr\u00e1fica no es su punto m\u00e1s fuerte, pero esto no es un punto negativo, se ha realizado con la intenci\u00f3n de que m\u00e1s jugadores puedan disfrutar de el sin verse afectado por requisitos al alcance de los mejores Master Race PC. Si nunca jugasteis a ninguno, esta entrega es id\u00f3nea para empezar, su modelo de negocio F2P (Free to Play, o sea gratis) invita que lo prob\u00e9is una vez este en el mercado para su descarga, y los que quieren un juego m\u00e1s tradicional podr\u00e1n pagara la edici\u00f3n Champions que desde el primer momento tendr\u00e1n acceso a todo los H\u00e9roes. \u00abPasillero, armas o habilidades muy ventajosos, cero estrategias, pura velocidad y disparos, sangre, y diversi\u00f3n\u2026esto es Quake\u00bb Futuro A falta de pulir alg\u00fan fallito leve, este juego promete, y puede convertirse en unos de los grandes exclusivos del PC de este a\u00f1o, un estilo Old School que ech\u00e1bamos de menos, donde prima la acci\u00f3n a la estrategia. Adem\u00e1s su modelo F2P, llamara a muchos jugadores que no conozcan esta serie, como duda, su versi\u00f3n de pago, que esperemos que no divida a la comunidad que se formara en torno al juego, y otra inc\u00f3gnita son sus modos de juego, si cumplir\u00e1 con los gustos de todos. &nbsp;<\/p>\n","protected":false},"author":1,"featured_media":11553,"parent":11539,"menu_order":-3,"comment_status":"closed","ping_status":"closed","template":"review-template.php","meta":{"footnotes":""},"tags":[346,277,133,1161],"gp_hubs":[659],"fecha-lanzamiento":[],"genero":[],"recomendacion-edad":[],"compania":[],"publicado":[],"class_list":{"0":"post-11547","1":"page","2":"type-page","3":"status-publish","4":"has-post-thumbnail","6":"tag-bethesda","7":"tag-id-software","8":"tag-pc","9":"tag-quake","10":"gp_hubs-visible"},"yoast_head":"<!-- This site is optimized with the Yoast SEO plugin v26.8 - https:\/\/yoast.com\/product\/yoast-seo-wordpress\/ -->\n<title>Avance Quake Champions \u2502 PC \u2502LIMIT GAMERS<\/title>\n<meta name=\"description\" content=\"Pudimos prbar en exclusiva la beta del proximo titulo de Id Software, Quake Campions nos trae de vuelta una de las sagas mas miticas de finales de los 90\" \/>\n<meta name=\"robots\" content=\"index, follow, max-snippet:-1, max-image-preview:large, max-video-preview:-1\" \/>\n<link rel=\"canonical\" href=\"https:\/\/limitgamers.com\/index.php\/quake-champions\/avance\/\" \/>\n<meta property=\"og:locale\" content=\"es_ES\" \/>\n<meta property=\"og:type\" content=\"article\" \/>\n<meta property=\"og:title\" content=\"Avance Quake Champions \u2502 PC \u2502LIMIT GAMERS\" \/>\n<meta property=\"og:description\" content=\"Pudimos prbar en exclusiva la beta del proximo titulo de Id Software, Quake Campions nos trae de vuelta una de las sagas mas miticas de finales de los 90\" \/>\n<meta property=\"og:url\" content=\"https:\/\/limitgamers.com\/index.php\/quake-champions\/avance\/\" \/>\n<meta property=\"og:site_name\" content=\"LIMIT GAMERS\" \/>\n<meta property=\"article:publisher\" content=\"https:\/\/www.facebook.com\/limitgamers\/\" \/>\n<meta property=\"article:modified_time\" content=\"2017-10-05T07:01:31+00:00\" \/>\n<meta property=\"og:image\" content=\"https:\/\/limitgamers.com\/wp-content\/uploads\/2017\/05\/46132.png\" \/>\n\t<meta property=\"og:image:width\" content=\"800\" \/>\n\t<meta property=\"og:image:height\" content=\"800\" \/>\n\t<meta property=\"og:image:type\" content=\"image\/png\" \/>\n<meta name=\"twitter:card\" content=\"summary_large_image\" \/>\n<meta name=\"twitter:site\" content=\"@limit_gamers\" \/>\n<meta name=\"twitter:label1\" content=\"Tiempo de lectura\" \/>\n\t<meta name=\"twitter:data1\" content=\"4 minutos\" \/>\n<script type=\"application\/ld+json\" class=\"yoast-schema-graph\">{\"@context\":\"https:\/\/schema.org\",\"@graph\":[{\"@type\":\"WebPage\",\"@id\":\"https:\/\/limitgamers.com\/index.php\/quake-champions\/avance\/\",\"url\":\"https:\/\/limitgamers.com\/index.php\/quake-champions\/avance\/\",\"name\":\"Avance Quake Champions \u2502 PC \u2502LIMIT GAMERS\",\"isPartOf\":{\"@id\":\"https:\/\/limitgamers.com\/#website\"},\"primaryImageOfPage\":{\"@id\":\"https:\/\/limitgamers.com\/index.php\/quake-champions\/avance\/#primaryimage\"},\"image\":{\"@id\":\"https:\/\/limitgamers.com\/index.php\/quake-champions\/avance\/#primaryimage\"},\"thumbnailUrl\":\"https:\/\/limitgamers.com\/wp-content\/uploads\/2017\/05\/46132.png\",\"datePublished\":\"2017-05-02T19:27:56+00:00\",\"dateModified\":\"2017-10-05T07:01:31+00:00\",\"description\":\"Pudimos prbar en exclusiva la beta del proximo titulo de Id Software, Quake Campions nos trae de vuelta una de las sagas mas miticas de finales de los 90\",\"breadcrumb\":{\"@id\":\"https:\/\/limitgamers.com\/index.php\/quake-champions\/avance\/#breadcrumb\"},\"inLanguage\":\"es\",\"potentialAction\":[{\"@type\":\"ReadAction\",\"target\":[\"https:\/\/limitgamers.com\/index.php\/quake-champions\/avance\/\"]}]},{\"@type\":\"ImageObject\",\"inLanguage\":\"es\",\"@id\":\"https:\/\/limitgamers.com\/index.php\/quake-champions\/avance\/#primaryimage\",\"url\":\"https:\/\/limitgamers.com\/wp-content\/uploads\/2017\/05\/46132.png\",\"contentUrl\":\"https:\/\/limitgamers.com\/wp-content\/uploads\/2017\/05\/46132.png\",\"width\":800,\"height\":800,\"caption\":\"Quake Champions\"},{\"@type\":\"BreadcrumbList\",\"@id\":\"https:\/\/limitgamers.com\/index.php\/quake-champions\/avance\/#breadcrumb\",\"itemListElement\":[{\"@type\":\"ListItem\",\"position\":1,\"name\":\"Portada\",\"item\":\"https:\/\/limitgamers.com\/\"},{\"@type\":\"ListItem\",\"position\":2,\"name\":\"Quake Champions\",\"item\":\"https:\/\/limitgamers.com\/index.php\/quake-champions\/\"},{\"@type\":\"ListItem\",\"position\":3,\"name\":\"Avance\"}]},{\"@type\":\"WebSite\",\"@id\":\"https:\/\/limitgamers.com\/#website\",\"url\":\"https:\/\/limitgamers.com\/\",\"name\":\"LIMIT GAMERS\",\"description\":\"Bienvenido Gamers!\",\"publisher\":{\"@id\":\"https:\/\/limitgamers.com\/#organization\"},\"potentialAction\":[{\"@type\":\"SearchAction\",\"target\":{\"@type\":\"EntryPoint\",\"urlTemplate\":\"https:\/\/limitgamers.com\/?s={search_term_string}\"},\"query-input\":{\"@type\":\"PropertyValueSpecification\",\"valueRequired\":true,\"valueName\":\"search_term_string\"}}],\"inLanguage\":\"es\"},{\"@type\":\"Organization\",\"@id\":\"https:\/\/limitgamers.com\/#organization\",\"name\":\"Limit Gamers\",\"url\":\"https:\/\/limitgamers.com\/\",\"logo\":{\"@type\":\"ImageObject\",\"inLanguage\":\"es\",\"@id\":\"https:\/\/limitgamers.com\/#\/schema\/logo\/image\/\",\"url\":\"https:\/\/limitgamers.com\/wp-content\/uploads\/2016\/02\/limitgamers.jpg\",\"contentUrl\":\"https:\/\/limitgamers.com\/wp-content\/uploads\/2016\/02\/limitgamers.jpg\",\"width\":1712,\"height\":145,\"caption\":\"Limit Gamers\"},\"image\":{\"@id\":\"https:\/\/limitgamers.com\/#\/schema\/logo\/image\/\"},\"sameAs\":[\"https:\/\/www.facebook.com\/limitgamers\/\",\"https:\/\/x.com\/limit_gamers\",\"https:\/\/www.instagram.com\/limit_gamers\/\",\"http:\/\/www.youtube.com\/c\/Limitgamers\"]}]}<\/script>\n<!-- \/ Yoast SEO plugin. -->","yoast_head_json":{"title":"Avance Quake Champions \u2502 PC \u2502LIMIT GAMERS","description":"Pudimos prbar en exclusiva la beta del proximo titulo de Id Software, Quake Campions nos trae de vuelta una de las sagas mas miticas de finales de los 90","robots":{"index":"index","follow":"follow","max-snippet":"max-snippet:-1","max-image-preview":"max-image-preview:large","max-video-preview":"max-video-preview:-1"},"canonical":"https:\/\/limitgamers.com\/index.php\/quake-champions\/avance\/","og_locale":"es_ES","og_type":"article","og_title":"Avance Quake Champions \u2502 PC \u2502LIMIT GAMERS","og_description":"Pudimos prbar en exclusiva la beta del proximo titulo de Id Software, Quake Campions nos trae de vuelta una de las sagas mas miticas de finales de los 90","og_url":"https:\/\/limitgamers.com\/index.php\/quake-champions\/avance\/","og_site_name":"LIMIT GAMERS","article_publisher":"https:\/\/www.facebook.com\/limitgamers\/","article_modified_time":"2017-10-05T07:01:31+00:00","og_image":[{"width":800,"height":800,"url":"https:\/\/limitgamers.com\/wp-content\/uploads\/2017\/05\/46132.png","type":"image\/png"}],"twitter_card":"summary_large_image","twitter_site":"@limit_gamers","twitter_misc":{"Tiempo de lectura":"4 minutos"},"schema":{"@context":"https:\/\/schema.org","@graph":[{"@type":"WebPage","@id":"https:\/\/limitgamers.com\/index.php\/quake-champions\/avance\/","url":"https:\/\/limitgamers.com\/index.php\/quake-champions\/avance\/","name":"Avance Quake Champions \u2502 PC \u2502LIMIT GAMERS","isPartOf":{"@id":"https:\/\/limitgamers.com\/#website"},"primaryImageOfPage":{"@id":"https:\/\/limitgamers.com\/index.php\/quake-champions\/avance\/#primaryimage"},"image":{"@id":"https:\/\/limitgamers.com\/index.php\/quake-champions\/avance\/#primaryimage"},"thumbnailUrl":"https:\/\/limitgamers.com\/wp-content\/uploads\/2017\/05\/46132.png","datePublished":"2017-05-02T19:27:56+00:00","dateModified":"2017-10-05T07:01:31+00:00","description":"Pudimos prbar en exclusiva la beta del proximo titulo de Id Software, Quake Campions nos trae de vuelta una de las sagas mas miticas de finales de los 90","breadcrumb":{"@id":"https:\/\/limitgamers.com\/index.php\/quake-champions\/avance\/#breadcrumb"},"inLanguage":"es","potentialAction":[{"@type":"ReadAction","target":["https:\/\/limitgamers.com\/index.php\/quake-champions\/avance\/"]}]},{"@type":"ImageObject","inLanguage":"es","@id":"https:\/\/limitgamers.com\/index.php\/quake-champions\/avance\/#primaryimage","url":"https:\/\/limitgamers.com\/wp-content\/uploads\/2017\/05\/46132.png","contentUrl":"https:\/\/limitgamers.com\/wp-content\/uploads\/2017\/05\/46132.png","width":800,"height":800,"caption":"Quake Champions"},{"@type":"BreadcrumbList","@id":"https:\/\/limitgamers.com\/index.php\/quake-champions\/avance\/#breadcrumb","itemListElement":[{"@type":"ListItem","position":1,"name":"Portada","item":"https:\/\/limitgamers.com\/"},{"@type":"ListItem","position":2,"name":"Quake Champions","item":"https:\/\/limitgamers.com\/index.php\/quake-champions\/"},{"@type":"ListItem","position":3,"name":"Avance"}]},{"@type":"WebSite","@id":"https:\/\/limitgamers.com\/#website","url":"https:\/\/limitgamers.com\/","name":"LIMIT GAMERS","description":"Bienvenido Gamers!","publisher":{"@id":"https:\/\/limitgamers.com\/#organization"},"potentialAction":[{"@type":"SearchAction","target":{"@type":"EntryPoint","urlTemplate":"https:\/\/limitgamers.com\/?s={search_term_string}"},"query-input":{"@type":"PropertyValueSpecification","valueRequired":true,"valueName":"search_term_string"}}],"inLanguage":"es"},{"@type":"Organization","@id":"https:\/\/limitgamers.com\/#organization","name":"Limit Gamers","url":"https:\/\/limitgamers.com\/","logo":{"@type":"ImageObject","inLanguage":"es","@id":"https:\/\/limitgamers.com\/#\/schema\/logo\/image\/","url":"https:\/\/limitgamers.com\/wp-content\/uploads\/2016\/02\/limitgamers.jpg","contentUrl":"https:\/\/limitgamers.com\/wp-content\/uploads\/2016\/02\/limitgamers.jpg","width":1712,"height":145,"caption":"Limit Gamers"},"image":{"@id":"https:\/\/limitgamers.com\/#\/schema\/logo\/image\/"},"sameAs":["https:\/\/www.facebook.com\/limitgamers\/","https:\/\/x.com\/limit_gamers","https:\/\/www.instagram.com\/limit_gamers\/","http:\/\/www.youtube.com\/c\/Limitgamers"]}]}},"_links":{"self":[{"href":"https:\/\/limitgamers.com\/index.php\/wp-json\/wp\/v2\/pages\/11547","targetHints":{"allow":["GET"]}}],"collection":[{"href":"https:\/\/limitgamers.com\/index.php\/wp-json\/wp\/v2\/pages"}],"about":[{"href":"https:\/\/limitgamers.com\/index.php\/wp-json\/wp\/v2\/types\/page"}],"author":[{"embeddable":true,"href":"https:\/\/limitgamers.com\/index.php\/wp-json\/wp\/v2\/users\/1"}],"replies":[{"embeddable":true,"href":"https:\/\/limitgamers.com\/index.php\/wp-json\/wp\/v2\/comments?post=11547"}],"version-history":[{"count":0,"href":"https:\/\/limitgamers.com\/index.php\/wp-json\/wp\/v2\/pages\/11547\/revisions"}],"up":[{"embeddable":true,"href":"https:\/\/limitgamers.com\/index.php\/wp-json\/wp\/v2\/pages\/11539"}],"wp:featuredmedia":[{"embeddable":true,"href":"https:\/\/limitgamers.com\/index.php\/wp-json\/wp\/v2\/media\/11553"}],"wp:attachment":[{"href":"https:\/\/limitgamers.com\/index.php\/wp-json\/wp\/v2\/media?parent=11547"}],"wp:term":[{"taxonomy":"post_tag","embeddable":true,"href":"https:\/\/limitgamers.com\/index.php\/wp-json\/wp\/v2\/tags?post=11547"},{"taxonomy":"gp_hubs","embeddable":true,"href":"https:\/\/limitgamers.com\/index.php\/wp-json\/wp\/v2\/gp_hubs?post=11547"},{"taxonomy":"fecha-lanzamiento","embeddable":true,"href":"https:\/\/limitgamers.com\/index.php\/wp-json\/wp\/v2\/fecha-lanzamiento?post=11547"},{"taxonomy":"genero","embeddable":true,"href":"https:\/\/limitgamers.com\/index.php\/wp-json\/wp\/v2\/genero?post=11547"},{"taxonomy":"recomendacion-edad","embeddable":true,"href":"https:\/\/limitgamers.com\/index.php\/wp-json\/wp\/v2\/recomendacion-edad?post=11547"},{"taxonomy":"compania","embeddable":true,"href":"https:\/\/limitgamers.com\/index.php\/wp-json\/wp\/v2\/compania?post=11547"},{"taxonomy":"publicado","embeddable":true,"href":"https:\/\/limitgamers.com\/index.php\/wp-json\/wp\/v2\/publicado?post=11547"}],"curies":[{"name":"wp","href":"https:\/\/api.w.org\/{rel}","templated":true}]}}